{"id":8681,"date":"2025-07-19T10:11:42","date_gmt":"2025-07-19T13:11:42","guid":{"rendered":"https:\/\/tomasostore.com.ar\/tienda\/?post_type=product&#038;p=8681"},"modified":"2025-07-29T12:10:19","modified_gmt":"2025-07-29T15:10:19","slug":"cuento-infantil-con-sonidos-varios-personajes","status":"publish","type":"product","link":"https:\/\/tomasostore.com.ar\/tienda\/producto\/cuento-infantil-con-sonidos-varios-personajes\/","title":{"rendered":"Cuento Infantil Con Sonidos Varios Personajes"},"content":{"rendered":"<p>Cuento Infantil Con Sonidos Varios Personajes \u00a1Cuento infantil que despierta todos los sentidos de los m\u00e1s peque\u00f1os de la casa. Desde las hermosas ilustraciones que adornan cada p\u00e1gina hasta los divertidos sonidos que acompa\u00f1an la historia. Con un toque, los ni\u00f1os pueden dar vida a la historia, activando sonidos que hacen que los personajes cobren vida.<\/p>\n","protected":false},"excerpt":{"rendered":"<p>Cuento Infantil Con Sonidos Varios Personajes \u00a1Cuento infantil que despierta todos los sentidos de los m\u00e1s peque\u00f1os de la casa. Desde las hermosas ilustraciones que adornan cada p\u00e1gina hasta los divertidos sonidos que acompa\u00f1an la historia. Con un toque, los ni\u00f1os pueden dar vida a la historia, activando sonidos que hacen que los personajes cobren [&hellip;]<\/p>\n","protected":false},"featured_media":20995,"comment_status":"open","ping_status":"closed","template":"","meta":[],"product_brand":[230],"product_cat":[630],"product_tag":[631],"class_list":{"0":"post-8681","1":"product","2":"type-product","3":"status-publish","4":"has-post-thumbnail","6":"product_brand-rodrigo-zubillaga","7":"product_cat-arte-y-libreria","8":"product_tag-arte-y-libreria","10":"first","11":"instock","12":"sale","13":"shipping-taxable","14":"purchasable","15":"product-type-simple"},"yoast_head":"<!-- This site is optimized with the Yoast SEO plugin v27.4 - https:\/\/yoast.com\/product\/yoast-seo-wordpress\/ -->\n<title>Cuento Infantil Con Sonidos Varios Personajes - Tomaso Store<\/title>\n<meta name=\"robots\" content=\"index, follow, max-snippet:-1, max-image-preview:large, max-video-preview:-1\" \/>\n<link rel=\"canonical\" href=\"https:\/\/tomasostore.com.ar\/tienda\/producto\/cuento-infantil-con-sonidos-varios-personajes\/\" \/>\n<meta property=\"og:locale\" content=\"es_ES\" \/>\n<meta property=\"og:type\" content=\"article\" \/>\n<meta property=\"og:title\" content=\"Cuento Infantil Con Sonidos Varios Personajes - Tomaso Store\" \/>\n<meta property=\"og:description\" content=\"Cuento Infantil Con Sonidos Varios Personajes \u00a1Cuento infantil que despierta todos los sentidos de los m\u00e1s peque\u00f1os de la casa. Desde las hermosas ilustraciones que adornan cada p\u00e1gina hasta los divertidos sonidos que acompa\u00f1an la historia. Con un toque, los ni\u00f1os pueden dar vida a la historia, activando sonidos que hacen que los personajes cobren [&hellip;]\" \/>\n<meta property=\"og:url\" content=\"https:\/\/tomasostore.com.ar\/tienda\/producto\/cuento-infantil-con-sonidos-varios-personajes\/\" \/>\n<meta property=\"og:site_name\" content=\"Tomaso Store\" \/>\n<meta property=\"article:modified_time\" content=\"2025-07-29T15:10:19+00:00\" \/>\n<meta property=\"og:image\" content=\"https:\/\/tomasostore.com.ar\/tienda\/wp-content\/uploads\/2025\/07\/imagen-31-.jpg\" \/>\n\t<meta property=\"og:image:width\" content=\"1080\" \/>\n\t<meta property=\"og:image:height\" content=\"1080\" \/>\n\t<meta property=\"og:image:type\" content=\"image\/jpeg\" \/>\n<meta name=\"twitter:card\" content=\"summary_large_image\" \/>\n<script type=\"application\/ld+json\" class=\"yoast-schema-graph\">{\"@context\":\"https:\\\/\\\/schema.org\",\"@graph\":[{\"@type\":\"WebPage\",\"@id\":\"https:\\\/\\\/tomasostore.com.ar\\\/tienda\\\/producto\\\/cuento-infantil-con-sonidos-varios-personajes\\\/\",\"url\":\"https:\\\/\\\/tomasostore.com.ar\\\/tienda\\\/producto\\\/cuento-infantil-con-sonidos-varios-personajes\\\/\",\"name\":\"Cuento Infantil Con Sonidos Varios Personajes - Tomaso Store\",\"isPartOf\":{\"@id\":\"https:\\\/\\\/tomasostore.com.ar\\\/tienda\\\/#website\"},\"primaryImageOfPage\":{\"@id\":\"https:\\\/\\\/tomasostore.com.ar\\\/tienda\\\/producto\\\/cuento-infantil-con-sonidos-varios-personajes\\\/#primaryimage\"},\"image\":{\"@id\":\"https:\\\/\\\/tomasostore.com.ar\\\/tienda\\\/producto\\\/cuento-infantil-con-sonidos-varios-personajes\\\/#primaryimage\"},\"thumbnailUrl\":\"https:\\\/\\\/tomasostore.com.ar\\\/tienda\\\/wp-content\\\/uploads\\\/2025\\\/07\\\/imagen-31-.jpg\",\"datePublished\":\"2025-07-19T13:11:42+00:00\",\"dateModified\":\"2025-07-29T15:10:19+00:00\",\"breadcrumb\":{\"@id\":\"https:\\\/\\\/tomasostore.com.ar\\\/tienda\\\/producto\\\/cuento-infantil-con-sonidos-varios-personajes\\\/#breadcrumb\"},\"inLanguage\":\"es\",\"potentialAction\":[{\"@type\":\"ReadAction\",\"target\":[\"https:\\\/\\\/tomasostore.com.ar\\\/tienda\\\/producto\\\/cuento-infantil-con-sonidos-varios-personajes\\\/\"]}]},{\"@type\":\"ImageObject\",\"inLanguage\":\"es\",\"@id\":\"https:\\\/\\\/tomasostore.com.ar\\\/tienda\\\/producto\\\/cuento-infantil-con-sonidos-varios-personajes\\\/#primaryimage\",\"url\":\"https:\\\/\\\/tomasostore.com.ar\\\/tienda\\\/wp-content\\\/uploads\\\/2025\\\/07\\\/imagen-31-.jpg\",\"contentUrl\":\"https:\\\/\\\/tomasostore.com.ar\\\/tienda\\\/wp-content\\\/uploads\\\/2025\\\/07\\\/imagen-31-.jpg\",\"width\":1080,\"height\":1080},{\"@type\":\"BreadcrumbList\",\"@id\":\"https:\\\/\\\/tomasostore.com.ar\\\/tienda\\\/producto\\\/cuento-infantil-con-sonidos-varios-personajes\\\/#breadcrumb\",\"itemListElement\":[{\"@type\":\"ListItem\",\"position\":1,\"name\":\"Portada\",\"item\":\"https:\\\/\\\/tomasostore.com.ar\\\/tienda\\\/\"},{\"@type\":\"ListItem\",\"position\":2,\"name\":\"Tienda\",\"item\":\"https:\\\/\\\/tomasostore.com.ar\\\/tienda\\\/tienda\\\/\"},{\"@type\":\"ListItem\",\"position\":3,\"name\":\"Cuento Infantil Con Sonidos Varios Personajes\"}]},{\"@type\":\"WebSite\",\"@id\":\"https:\\\/\\\/tomasostore.com.ar\\\/tienda\\\/#website\",\"url\":\"https:\\\/\\\/tomasostore.com.ar\\\/tienda\\\/\",\"name\":\"Tomaso Store\",\"description\":\"Compr\u00e1s online, recib\u00eds en mano. Desde Hernando, llevando confianza a tu casa. Productos con garant\u00eda.\",\"potentialAction\":[{\"@type\":\"SearchAction\",\"target\":{\"@type\":\"EntryPoint\",\"urlTemplate\":\"https:\\\/\\\/tomasostore.com.ar\\\/tienda\\\/?s={search_term_string}\"},\"query-input\":{\"@type\":\"PropertyValueSpecification\",\"valueRequired\":true,\"valueName\":\"search_term_string\"}}],\"inLanguage\":\"es\"}]}<\/script>\n<!-- \/ Yoast SEO plugin. -->","yoast_head_json":{"title":"Cuento Infantil Con Sonidos Varios Personajes - Tomaso Store","robots":{"index":"index","follow":"follow","max-snippet":"max-snippet:-1","max-image-preview":"max-image-preview:large","max-video-preview":"max-video-preview:-1"},"canonical":"https:\/\/tomasostore.com.ar\/tienda\/producto\/cuento-infantil-con-sonidos-varios-personajes\/","og_locale":"es_ES","og_type":"article","og_title":"Cuento Infantil Con Sonidos Varios Personajes - Tomaso Store","og_description":"Cuento Infantil Con Sonidos Varios Personajes \u00a1Cuento infantil que despierta todos los sentidos de los m\u00e1s peque\u00f1os de la casa. Desde las hermosas ilustraciones que adornan cada p\u00e1gina hasta los divertidos sonidos que acompa\u00f1an la historia. Con un toque, los ni\u00f1os pueden dar vida a la historia, activando sonidos que hacen que los personajes cobren [&hellip;]","og_url":"https:\/\/tomasostore.com.ar\/tienda\/producto\/cuento-infantil-con-sonidos-varios-personajes\/","og_site_name":"Tomaso Store","article_modified_time":"2025-07-29T15:10:19+00:00","og_image":[{"width":1080,"height":1080,"url":"https:\/\/tomasostore.com.ar\/tienda\/wp-content\/uploads\/2025\/07\/imagen-31-.jpg","type":"image\/jpeg"}],"twitter_card":"summary_large_image","schema":{"@context":"https:\/\/schema.org","@graph":[{"@type":"WebPage","@id":"https:\/\/tomasostore.com.ar\/tienda\/producto\/cuento-infantil-con-sonidos-varios-personajes\/","url":"https:\/\/tomasostore.com.ar\/tienda\/producto\/cuento-infantil-con-sonidos-varios-personajes\/","name":"Cuento Infantil Con Sonidos Varios Personajes - Tomaso Store","isPartOf":{"@id":"https:\/\/tomasostore.com.ar\/tienda\/#website"},"primaryImageOfPage":{"@id":"https:\/\/tomasostore.com.ar\/tienda\/producto\/cuento-infantil-con-sonidos-varios-personajes\/#primaryimage"},"image":{"@id":"https:\/\/tomasostore.com.ar\/tienda\/producto\/cuento-infantil-con-sonidos-varios-personajes\/#primaryimage"},"thumbnailUrl":"https:\/\/tomasostore.com.ar\/tienda\/wp-content\/uploads\/2025\/07\/imagen-31-.jpg","datePublished":"2025-07-19T13:11:42+00:00","dateModified":"2025-07-29T15:10:19+00:00","breadcrumb":{"@id":"https:\/\/tomasostore.com.ar\/tienda\/producto\/cuento-infantil-con-sonidos-varios-personajes\/#breadcrumb"},"inLanguage":"es","potentialAction":[{"@type":"ReadAction","target":["https:\/\/tomasostore.com.ar\/tienda\/producto\/cuento-infantil-con-sonidos-varios-personajes\/"]}]},{"@type":"ImageObject","inLanguage":"es","@id":"https:\/\/tomasostore.com.ar\/tienda\/producto\/cuento-infantil-con-sonidos-varios-personajes\/#primaryimage","url":"https:\/\/tomasostore.com.ar\/tienda\/wp-content\/uploads\/2025\/07\/imagen-31-.jpg","contentUrl":"https:\/\/tomasostore.com.ar\/tienda\/wp-content\/uploads\/2025\/07\/imagen-31-.jpg","width":1080,"height":1080},{"@type":"BreadcrumbList","@id":"https:\/\/tomasostore.com.ar\/tienda\/producto\/cuento-infantil-con-sonidos-varios-personajes\/#breadcrumb","itemListElement":[{"@type":"ListItem","position":1,"name":"Portada","item":"https:\/\/tomasostore.com.ar\/tienda\/"},{"@type":"ListItem","position":2,"name":"Tienda","item":"https:\/\/tomasostore.com.ar\/tienda\/tienda\/"},{"@type":"ListItem","position":3,"name":"Cuento Infantil Con Sonidos Varios Personajes"}]},{"@type":"WebSite","@id":"https:\/\/tomasostore.com.ar\/tienda\/#website","url":"https:\/\/tomasostore.com.ar\/tienda\/","name":"Tomaso Store","description":"Compr\u00e1s online, recib\u00eds en mano. Desde Hernando, llevando confianza a tu casa. Productos con garant\u00eda.","potentialAction":[{"@type":"SearchAction","target":{"@type":"EntryPoint","urlTemplate":"https:\/\/tomasostore.com.ar\/tienda\/?s={search_term_string}"},"query-input":{"@type":"PropertyValueSpecification","valueRequired":true,"valueName":"search_term_string"}}],"inLanguage":"es"}]}},"_links":{"self":[{"href":"https:\/\/tomasostore.com.ar\/tienda\/wp-json\/wp\/v2\/product\/8681","targetHints":{"allow":["GET"]}}],"collection":[{"href":"https:\/\/tomasostore.com.ar\/tienda\/wp-json\/wp\/v2\/product"}],"about":[{"href":"https:\/\/tomasostore.com.ar\/tienda\/wp-json\/wp\/v2\/types\/product"}],"replies":[{"embeddable":true,"href":"https:\/\/tomasostore.com.ar\/tienda\/wp-json\/wp\/v2\/comments?post=8681"}],"version-history":[{"count":2,"href":"https:\/\/tomasostore.com.ar\/tienda\/wp-json\/wp\/v2\/product\/8681\/revisions"}],"predecessor-version":[{"id":31169,"href":"https:\/\/tomasostore.com.ar\/tienda\/wp-json\/wp\/v2\/product\/8681\/revisions\/31169"}],"wp:featuredmedia":[{"embeddable":true,"href":"https:\/\/tomasostore.com.ar\/tienda\/wp-json\/wp\/v2\/media\/20995"}],"wp:attachment":[{"href":"https:\/\/tomasostore.com.ar\/tienda\/wp-json\/wp\/v2\/media?parent=8681"}],"wp:term":[{"taxonomy":"product_brand","embeddable":true,"href":"https:\/\/tomasostore.com.ar\/tienda\/wp-json\/wp\/v2\/product_brand?post=8681"},{"taxonomy":"product_cat","embeddable":true,"href":"https:\/\/tomasostore.com.ar\/tienda\/wp-json\/wp\/v2\/product_cat?post=8681"},{"taxonomy":"product_tag","embeddable":true,"href":"https:\/\/tomasostore.com.ar\/tienda\/wp-json\/wp\/v2\/product_tag?post=8681"}],"curies":[{"name":"wp","href":"https:\/\/api.w.org\/{rel}","templated":true}]}}