{"id":5370,"date":"2025-07-19T11:48:17","date_gmt":"2025-07-19T14:48:17","guid":{"rendered":"https:\/\/tomasostore.com.ar\/tienda\/?post_type=product&#038;p=5370"},"modified":"2025-07-29T12:23:12","modified_gmt":"2025-07-29T15:23:12","slug":"mini-maquina-vehiculo-de-construccion-8-cm-cat-varios-modelos-wabro-82282","status":"publish","type":"product","link":"https:\/\/tomasostore.com.ar\/tienda\/producto\/mini-maquina-vehiculo-de-construccion-8-cm-cat-varios-modelos-wabro-82282\/","title":{"rendered":"Mini M\u00e1quina Veh\u00edculo De Construcci\u00f3n 8 Cm Cat Varios Modelos Wabro 82282"},"content":{"rendered":"<p>\u00a1Llegaron las M\u00e1quinas de construcci\u00f3n CAT. \u00a1Ahora los m\u00e1s peque\u00f1os tambi\u00e9n pueden tener su propio Veh\u00edculo CAT.<\/p>\n","protected":false},"excerpt":{"rendered":"<p>\u00a1Llegaron las M\u00e1quinas de construcci\u00f3n CAT. \u00a1Ahora los m\u00e1s peque\u00f1os tambi\u00e9n pueden tener su propio Veh\u00edculo CAT.<\/p>\n","protected":false},"featured_media":29678,"comment_status":"open","ping_status":"closed","template":"","meta":[],"product_brand":[44],"product_cat":[660],"product_tag":[661],"class_list":{"0":"post-5370","1":"product","2":"type-product","3":"status-publish","4":"has-post-thumbnail","6":"product_brand-wabro","7":"product_cat-vehiculos","8":"product_tag-vehiculos","10":"first","11":"instock","12":"sale","13":"shipping-taxable","14":"purchasable","15":"product-type-simple"},"yoast_head":"<!-- This site is optimized with the Yoast SEO plugin v27.3 - https:\/\/yoast.com\/product\/yoast-seo-wordpress\/ -->\n<title>Mini M\u00e1quina Veh\u00edculo De Construcci\u00f3n 8 Cm Cat Varios Modelos Wabro 82282 - Tomaso Store<\/title>\n<meta name=\"robots\" content=\"index, follow, max-snippet:-1, max-image-preview:large, max-video-preview:-1\" \/>\n<link rel=\"canonical\" href=\"https:\/\/tomasostore.com.ar\/tienda\/producto\/mini-maquina-vehiculo-de-construccion-8-cm-cat-varios-modelos-wabro-82282\/\" \/>\n<meta property=\"og:locale\" content=\"es_ES\" \/>\n<meta property=\"og:type\" content=\"article\" \/>\n<meta property=\"og:title\" content=\"Mini M\u00e1quina Veh\u00edculo De Construcci\u00f3n 8 Cm Cat Varios Modelos Wabro 82282 - Tomaso Store\" \/>\n<meta property=\"og:description\" content=\"\u00a1Llegaron las M\u00e1quinas de construcci\u00f3n CAT. \u00a1Ahora los m\u00e1s peque\u00f1os tambi\u00e9n pueden tener su propio Veh\u00edculo CAT.\" \/>\n<meta property=\"og:url\" content=\"https:\/\/tomasostore.com.ar\/tienda\/producto\/mini-maquina-vehiculo-de-construccion-8-cm-cat-varios-modelos-wabro-82282\/\" \/>\n<meta property=\"og:site_name\" content=\"Tomaso Store\" \/>\n<meta property=\"article:modified_time\" content=\"2025-07-29T15:23:12+00:00\" \/>\n<meta property=\"og:image\" content=\"https:\/\/tomasostore.com.ar\/tienda\/wp-content\/uploads\/2025\/07\/dkmfksdmfksdm1-01f2182474938e4f0e16138440684413-1024-1024.jpg\" \/>\n\t<meta property=\"og:image:width\" content=\"500\" \/>\n\t<meta property=\"og:image:height\" content=\"370\" \/>\n\t<meta property=\"og:image:type\" content=\"image\/jpeg\" \/>\n<meta name=\"twitter:card\" content=\"summary_large_image\" \/>\n<script type=\"application\/ld+json\" class=\"yoast-schema-graph\">{\"@context\":\"https:\\\/\\\/schema.org\",\"@graph\":[{\"@type\":\"WebPage\",\"@id\":\"https:\\\/\\\/tomasostore.com.ar\\\/tienda\\\/producto\\\/mini-maquina-vehiculo-de-construccion-8-cm-cat-varios-modelos-wabro-82282\\\/\",\"url\":\"https:\\\/\\\/tomasostore.com.ar\\\/tienda\\\/producto\\\/mini-maquina-vehiculo-de-construccion-8-cm-cat-varios-modelos-wabro-82282\\\/\",\"name\":\"Mini M\u00e1quina Veh\u00edculo De Construcci\u00f3n 8 Cm Cat Varios Modelos Wabro 82282 - Tomaso Store\",\"isPartOf\":{\"@id\":\"https:\\\/\\\/tomasostore.com.ar\\\/tienda\\\/#website\"},\"primaryImageOfPage\":{\"@id\":\"https:\\\/\\\/tomasostore.com.ar\\\/tienda\\\/producto\\\/mini-maquina-vehiculo-de-construccion-8-cm-cat-varios-modelos-wabro-82282\\\/#primaryimage\"},\"image\":{\"@id\":\"https:\\\/\\\/tomasostore.com.ar\\\/tienda\\\/producto\\\/mini-maquina-vehiculo-de-construccion-8-cm-cat-varios-modelos-wabro-82282\\\/#primaryimage\"},\"thumbnailUrl\":\"https:\\\/\\\/tomasostore.com.ar\\\/tienda\\\/wp-content\\\/uploads\\\/2025\\\/07\\\/dkmfksdmfksdm1-01f2182474938e4f0e16138440684413-1024-1024.jpg\",\"datePublished\":\"2025-07-19T14:48:17+00:00\",\"dateModified\":\"2025-07-29T15:23:12+00:00\",\"breadcrumb\":{\"@id\":\"https:\\\/\\\/tomasostore.com.ar\\\/tienda\\\/producto\\\/mini-maquina-vehiculo-de-construccion-8-cm-cat-varios-modelos-wabro-82282\\\/#breadcrumb\"},\"inLanguage\":\"es\",\"potentialAction\":[{\"@type\":\"ReadAction\",\"target\":[\"https:\\\/\\\/tomasostore.com.ar\\\/tienda\\\/producto\\\/mini-maquina-vehiculo-de-construccion-8-cm-cat-varios-modelos-wabro-82282\\\/\"]}]},{\"@type\":\"ImageObject\",\"inLanguage\":\"es\",\"@id\":\"https:\\\/\\\/tomasostore.com.ar\\\/tienda\\\/producto\\\/mini-maquina-vehiculo-de-construccion-8-cm-cat-varios-modelos-wabro-82282\\\/#primaryimage\",\"url\":\"https:\\\/\\\/tomasostore.com.ar\\\/tienda\\\/wp-content\\\/uploads\\\/2025\\\/07\\\/dkmfksdmfksdm1-01f2182474938e4f0e16138440684413-1024-1024.jpg\",\"contentUrl\":\"https:\\\/\\\/tomasostore.com.ar\\\/tienda\\\/wp-content\\\/uploads\\\/2025\\\/07\\\/dkmfksdmfksdm1-01f2182474938e4f0e16138440684413-1024-1024.jpg\",\"width\":500,\"height\":370},{\"@type\":\"BreadcrumbList\",\"@id\":\"https:\\\/\\\/tomasostore.com.ar\\\/tienda\\\/producto\\\/mini-maquina-vehiculo-de-construccion-8-cm-cat-varios-modelos-wabro-82282\\\/#breadcrumb\",\"itemListElement\":[{\"@type\":\"ListItem\",\"position\":1,\"name\":\"Portada\",\"item\":\"https:\\\/\\\/tomasostore.com.ar\\\/tienda\\\/\"},{\"@type\":\"ListItem\",\"position\":2,\"name\":\"Tienda\",\"item\":\"https:\\\/\\\/tomasostore.com.ar\\\/tienda\\\/tienda\\\/\"},{\"@type\":\"ListItem\",\"position\":3,\"name\":\"Mini M\u00e1quina Veh\u00edculo De Construcci\u00f3n 8 Cm Cat Varios Modelos Wabro 82282\"}]},{\"@type\":\"WebSite\",\"@id\":\"https:\\\/\\\/tomasostore.com.ar\\\/tienda\\\/#website\",\"url\":\"https:\\\/\\\/tomasostore.com.ar\\\/tienda\\\/\",\"name\":\"Tomaso Store\",\"description\":\"Compr\u00e1s online, recib\u00eds en mano. Desde Hernando, llevando confianza a tu casa. Productos con garant\u00eda.\",\"potentialAction\":[{\"@type\":\"SearchAction\",\"target\":{\"@type\":\"EntryPoint\",\"urlTemplate\":\"https:\\\/\\\/tomasostore.com.ar\\\/tienda\\\/?s={search_term_string}\"},\"query-input\":{\"@type\":\"PropertyValueSpecification\",\"valueRequired\":true,\"valueName\":\"search_term_string\"}}],\"inLanguage\":\"es\"}]}<\/script>\n<!-- \/ Yoast SEO plugin. -->","yoast_head_json":{"title":"Mini M\u00e1quina Veh\u00edculo De Construcci\u00f3n 8 Cm Cat Varios Modelos Wabro 82282 - Tomaso Store","robots":{"index":"index","follow":"follow","max-snippet":"max-snippet:-1","max-image-preview":"max-image-preview:large","max-video-preview":"max-video-preview:-1"},"canonical":"https:\/\/tomasostore.com.ar\/tienda\/producto\/mini-maquina-vehiculo-de-construccion-8-cm-cat-varios-modelos-wabro-82282\/","og_locale":"es_ES","og_type":"article","og_title":"Mini M\u00e1quina Veh\u00edculo De Construcci\u00f3n 8 Cm Cat Varios Modelos Wabro 82282 - Tomaso Store","og_description":"\u00a1Llegaron las M\u00e1quinas de construcci\u00f3n CAT. \u00a1Ahora los m\u00e1s peque\u00f1os tambi\u00e9n pueden tener su propio Veh\u00edculo CAT.","og_url":"https:\/\/tomasostore.com.ar\/tienda\/producto\/mini-maquina-vehiculo-de-construccion-8-cm-cat-varios-modelos-wabro-82282\/","og_site_name":"Tomaso Store","article_modified_time":"2025-07-29T15:23:12+00:00","og_image":[{"width":500,"height":370,"url":"https:\/\/tomasostore.com.ar\/tienda\/wp-content\/uploads\/2025\/07\/dkmfksdmfksdm1-01f2182474938e4f0e16138440684413-1024-1024.jpg","type":"image\/jpeg"}],"twitter_card":"summary_large_image","schema":{"@context":"https:\/\/schema.org","@graph":[{"@type":"WebPage","@id":"https:\/\/tomasostore.com.ar\/tienda\/producto\/mini-maquina-vehiculo-de-construccion-8-cm-cat-varios-modelos-wabro-82282\/","url":"https:\/\/tomasostore.com.ar\/tienda\/producto\/mini-maquina-vehiculo-de-construccion-8-cm-cat-varios-modelos-wabro-82282\/","name":"Mini M\u00e1quina Veh\u00edculo De Construcci\u00f3n 8 Cm Cat Varios Modelos Wabro 82282 - Tomaso Store","isPartOf":{"@id":"https:\/\/tomasostore.com.ar\/tienda\/#website"},"primaryImageOfPage":{"@id":"https:\/\/tomasostore.com.ar\/tienda\/producto\/mini-maquina-vehiculo-de-construccion-8-cm-cat-varios-modelos-wabro-82282\/#primaryimage"},"image":{"@id":"https:\/\/tomasostore.com.ar\/tienda\/producto\/mini-maquina-vehiculo-de-construccion-8-cm-cat-varios-modelos-wabro-82282\/#primaryimage"},"thumbnailUrl":"https:\/\/tomasostore.com.ar\/tienda\/wp-content\/uploads\/2025\/07\/dkmfksdmfksdm1-01f2182474938e4f0e16138440684413-1024-1024.jpg","datePublished":"2025-07-19T14:48:17+00:00","dateModified":"2025-07-29T15:23:12+00:00","breadcrumb":{"@id":"https:\/\/tomasostore.com.ar\/tienda\/producto\/mini-maquina-vehiculo-de-construccion-8-cm-cat-varios-modelos-wabro-82282\/#breadcrumb"},"inLanguage":"es","potentialAction":[{"@type":"ReadAction","target":["https:\/\/tomasostore.com.ar\/tienda\/producto\/mini-maquina-vehiculo-de-construccion-8-cm-cat-varios-modelos-wabro-82282\/"]}]},{"@type":"ImageObject","inLanguage":"es","@id":"https:\/\/tomasostore.com.ar\/tienda\/producto\/mini-maquina-vehiculo-de-construccion-8-cm-cat-varios-modelos-wabro-82282\/#primaryimage","url":"https:\/\/tomasostore.com.ar\/tienda\/wp-content\/uploads\/2025\/07\/dkmfksdmfksdm1-01f2182474938e4f0e16138440684413-1024-1024.jpg","contentUrl":"https:\/\/tomasostore.com.ar\/tienda\/wp-content\/uploads\/2025\/07\/dkmfksdmfksdm1-01f2182474938e4f0e16138440684413-1024-1024.jpg","width":500,"height":370},{"@type":"BreadcrumbList","@id":"https:\/\/tomasostore.com.ar\/tienda\/producto\/mini-maquina-vehiculo-de-construccion-8-cm-cat-varios-modelos-wabro-82282\/#breadcrumb","itemListElement":[{"@type":"ListItem","position":1,"name":"Portada","item":"https:\/\/tomasostore.com.ar\/tienda\/"},{"@type":"ListItem","position":2,"name":"Tienda","item":"https:\/\/tomasostore.com.ar\/tienda\/tienda\/"},{"@type":"ListItem","position":3,"name":"Mini M\u00e1quina Veh\u00edculo De Construcci\u00f3n 8 Cm Cat Varios Modelos Wabro 82282"}]},{"@type":"WebSite","@id":"https:\/\/tomasostore.com.ar\/tienda\/#website","url":"https:\/\/tomasostore.com.ar\/tienda\/","name":"Tomaso Store","description":"Compr\u00e1s online, recib\u00eds en mano. Desde Hernando, llevando confianza a tu casa. Productos con garant\u00eda.","potentialAction":[{"@type":"SearchAction","target":{"@type":"EntryPoint","urlTemplate":"https:\/\/tomasostore.com.ar\/tienda\/?s={search_term_string}"},"query-input":{"@type":"PropertyValueSpecification","valueRequired":true,"valueName":"search_term_string"}}],"inLanguage":"es"}]}},"_links":{"self":[{"href":"https:\/\/tomasostore.com.ar\/tienda\/wp-json\/wp\/v2\/product\/5370","targetHints":{"allow":["GET"]}}],"collection":[{"href":"https:\/\/tomasostore.com.ar\/tienda\/wp-json\/wp\/v2\/product"}],"about":[{"href":"https:\/\/tomasostore.com.ar\/tienda\/wp-json\/wp\/v2\/types\/product"}],"replies":[{"embeddable":true,"href":"https:\/\/tomasostore.com.ar\/tienda\/wp-json\/wp\/v2\/comments?post=5370"}],"version-history":[{"count":2,"href":"https:\/\/tomasostore.com.ar\/tienda\/wp-json\/wp\/v2\/product\/5370\/revisions"}],"predecessor-version":[{"id":35140,"href":"https:\/\/tomasostore.com.ar\/tienda\/wp-json\/wp\/v2\/product\/5370\/revisions\/35140"}],"wp:featuredmedia":[{"embeddable":true,"href":"https:\/\/tomasostore.com.ar\/tienda\/wp-json\/wp\/v2\/media\/29678"}],"wp:attachment":[{"href":"https:\/\/tomasostore.com.ar\/tienda\/wp-json\/wp\/v2\/media?parent=5370"}],"wp:term":[{"taxonomy":"product_brand","embeddable":true,"href":"https:\/\/tomasostore.com.ar\/tienda\/wp-json\/wp\/v2\/product_brand?post=5370"},{"taxonomy":"product_cat","embeddable":true,"href":"https:\/\/tomasostore.com.ar\/tienda\/wp-json\/wp\/v2\/product_cat?post=5370"},{"taxonomy":"product_tag","embeddable":true,"href":"https:\/\/tomasostore.com.ar\/tienda\/wp-json\/wp\/v2\/product_tag?post=5370"}],"curies":[{"name":"wp","href":"https:\/\/api.w.org\/{rel}","templated":true}]}}