{"id":5176,"date":"2025-07-19T10:28:17","date_gmt":"2025-07-19T13:28:17","guid":{"rendered":"https:\/\/tomasostore.com.ar\/tienda\/?post_type=product&#038;p=5176"},"modified":"2025-07-29T12:46:51","modified_gmt":"2025-07-29T15:46:51","slug":"esfera-con-cascabel-primera-infancia-duravit-669","status":"publish","type":"product","link":"https:\/\/tomasostore.com.ar\/tienda\/producto\/esfera-con-cascabel-primera-infancia-duravit-669\/","title":{"rendered":"Esfera Con Cascabel Primera Infancia Duravit 669"},"content":{"rendered":"<p>Sonajero esfera con cascabel Duravit Con la esfera con cascabel, se incentiva la capacidad visual y auditiva en el ni\u00f1o. En los primeros a\u00f1os de vida nuestros ni\u00f1os necesitan juguetes seguros y creativos para desarrollar sus habilidades de manera natural y espont\u00e1nea. DURAVIT es una f\u00e1brica de juguetes de capital argentino que desde 1966 elabora productos de excelente calidad, apuntando al sano entretenimiento de los ni\u00f1os y brind\u00e1ndoles siempre el cuidado que ellos se merecen.<\/p>\n","protected":false},"excerpt":{"rendered":"<p>Sonajero esfera con cascabel Duravit Con la esfera con cascabel, se incentiva la capacidad visual y auditiva en el ni\u00f1o. En los primeros a\u00f1os de vida nuestros ni\u00f1os necesitan juguetes seguros y creativos para desarrollar sus habilidades de manera natural y espont\u00e1nea. DURAVIT es una f\u00e1brica de juguetes de capital argentino que desde 1966 elabora [&hellip;]<\/p>\n","protected":false},"featured_media":22838,"comment_status":"open","ping_status":"closed","template":"","meta":[],"product_brand":[172],"product_cat":[636],"product_tag":[637,466],"class_list":{"0":"post-5176","1":"product","2":"type-product","3":"status-publish","4":"has-post-thumbnail","6":"product_brand-duravit","7":"product_cat-bebes-didacticos","8":"product_tag-bebes-didacticos","9":"product_tag-regalitos","11":"first","12":"instock","13":"sale","14":"shipping-taxable","15":"purchasable","16":"product-type-simple"},"yoast_head":"<!-- This site is optimized with the Yoast SEO plugin v27.5 - https:\/\/yoast.com\/product\/yoast-seo-wordpress\/ -->\n<title>Esfera Con Cascabel Primera Infancia Duravit 669 - Tomaso Store<\/title>\n<meta name=\"robots\" content=\"index, follow, max-snippet:-1, max-image-preview:large, max-video-preview:-1\" \/>\n<link rel=\"canonical\" href=\"https:\/\/tomasostore.com.ar\/tienda\/producto\/esfera-con-cascabel-primera-infancia-duravit-669\/\" \/>\n<meta property=\"og:locale\" content=\"es_ES\" \/>\n<meta property=\"og:type\" content=\"article\" \/>\n<meta property=\"og:title\" content=\"Esfera Con Cascabel Primera Infancia Duravit 669 - Tomaso Store\" \/>\n<meta property=\"og:description\" content=\"Sonajero esfera con cascabel Duravit Con la esfera con cascabel, se incentiva la capacidad visual y auditiva en el ni\u00f1o. En los primeros a\u00f1os de vida nuestros ni\u00f1os necesitan juguetes seguros y creativos para desarrollar sus habilidades de manera natural y espont\u00e1nea. DURAVIT es una f\u00e1brica de juguetes de capital argentino que desde 1966 elabora [&hellip;]\" \/>\n<meta property=\"og:url\" content=\"https:\/\/tomasostore.com.ar\/tienda\/producto\/esfera-con-cascabel-primera-infancia-duravit-669\/\" \/>\n<meta property=\"og:site_name\" content=\"Tomaso Store\" \/>\n<meta property=\"article:modified_time\" content=\"2025-07-29T15:46:51+00:00\" \/>\n<meta property=\"og:image\" content=\"https:\/\/tomasostore.com.ar\/tienda\/wp-content\/uploads\/2025\/07\/sin-titulo-21-21514a23c5787d569316206472131575-1024-1024.jpg\" \/>\n\t<meta property=\"og:image:width\" content=\"500\" \/>\n\t<meta property=\"og:image:height\" content=\"500\" \/>\n\t<meta property=\"og:image:type\" content=\"image\/jpeg\" \/>\n<meta name=\"twitter:card\" content=\"summary_large_image\" \/>\n<script type=\"application\/ld+json\" class=\"yoast-schema-graph\">{\"@context\":\"https:\\\/\\\/schema.org\",\"@graph\":[{\"@type\":\"WebPage\",\"@id\":\"https:\\\/\\\/tomasostore.com.ar\\\/tienda\\\/producto\\\/esfera-con-cascabel-primera-infancia-duravit-669\\\/\",\"url\":\"https:\\\/\\\/tomasostore.com.ar\\\/tienda\\\/producto\\\/esfera-con-cascabel-primera-infancia-duravit-669\\\/\",\"name\":\"Esfera Con Cascabel Primera Infancia Duravit 669 - Tomaso Store\",\"isPartOf\":{\"@id\":\"https:\\\/\\\/tomasostore.com.ar\\\/tienda\\\/#website\"},\"primaryImageOfPage\":{\"@id\":\"https:\\\/\\\/tomasostore.com.ar\\\/tienda\\\/producto\\\/esfera-con-cascabel-primera-infancia-duravit-669\\\/#primaryimage\"},\"image\":{\"@id\":\"https:\\\/\\\/tomasostore.com.ar\\\/tienda\\\/producto\\\/esfera-con-cascabel-primera-infancia-duravit-669\\\/#primaryimage\"},\"thumbnailUrl\":\"https:\\\/\\\/tomasostore.com.ar\\\/tienda\\\/wp-content\\\/uploads\\\/2025\\\/07\\\/sin-titulo-21-21514a23c5787d569316206472131575-1024-1024.jpg\",\"datePublished\":\"2025-07-19T13:28:17+00:00\",\"dateModified\":\"2025-07-29T15:46:51+00:00\",\"breadcrumb\":{\"@id\":\"https:\\\/\\\/tomasostore.com.ar\\\/tienda\\\/producto\\\/esfera-con-cascabel-primera-infancia-duravit-669\\\/#breadcrumb\"},\"inLanguage\":\"es\",\"potentialAction\":[{\"@type\":\"ReadAction\",\"target\":[\"https:\\\/\\\/tomasostore.com.ar\\\/tienda\\\/producto\\\/esfera-con-cascabel-primera-infancia-duravit-669\\\/\"]}]},{\"@type\":\"ImageObject\",\"inLanguage\":\"es\",\"@id\":\"https:\\\/\\\/tomasostore.com.ar\\\/tienda\\\/producto\\\/esfera-con-cascabel-primera-infancia-duravit-669\\\/#primaryimage\",\"url\":\"https:\\\/\\\/tomasostore.com.ar\\\/tienda\\\/wp-content\\\/uploads\\\/2025\\\/07\\\/sin-titulo-21-21514a23c5787d569316206472131575-1024-1024.jpg\",\"contentUrl\":\"https:\\\/\\\/tomasostore.com.ar\\\/tienda\\\/wp-content\\\/uploads\\\/2025\\\/07\\\/sin-titulo-21-21514a23c5787d569316206472131575-1024-1024.jpg\",\"width\":500,\"height\":500},{\"@type\":\"BreadcrumbList\",\"@id\":\"https:\\\/\\\/tomasostore.com.ar\\\/tienda\\\/producto\\\/esfera-con-cascabel-primera-infancia-duravit-669\\\/#breadcrumb\",\"itemListElement\":[{\"@type\":\"ListItem\",\"position\":1,\"name\":\"Portada\",\"item\":\"https:\\\/\\\/tomasostore.com.ar\\\/tienda\\\/\"},{\"@type\":\"ListItem\",\"position\":2,\"name\":\"Tienda\",\"item\":\"https:\\\/\\\/tomasostore.com.ar\\\/tienda\\\/tienda\\\/\"},{\"@type\":\"ListItem\",\"position\":3,\"name\":\"Esfera Con Cascabel Primera Infancia Duravit 669\"}]},{\"@type\":\"WebSite\",\"@id\":\"https:\\\/\\\/tomasostore.com.ar\\\/tienda\\\/#website\",\"url\":\"https:\\\/\\\/tomasostore.com.ar\\\/tienda\\\/\",\"name\":\"Tomaso Store\",\"description\":\"Compr\u00e1s online, recib\u00eds en mano. Desde Hernando, llevando confianza a tu casa. Productos con garant\u00eda.\",\"potentialAction\":[{\"@type\":\"SearchAction\",\"target\":{\"@type\":\"EntryPoint\",\"urlTemplate\":\"https:\\\/\\\/tomasostore.com.ar\\\/tienda\\\/?s={search_term_string}\"},\"query-input\":{\"@type\":\"PropertyValueSpecification\",\"valueRequired\":true,\"valueName\":\"search_term_string\"}}],\"inLanguage\":\"es\"}]}<\/script>\n<!-- \/ Yoast SEO plugin. -->","yoast_head_json":{"title":"Esfera Con Cascabel Primera Infancia Duravit 669 - Tomaso Store","robots":{"index":"index","follow":"follow","max-snippet":"max-snippet:-1","max-image-preview":"max-image-preview:large","max-video-preview":"max-video-preview:-1"},"canonical":"https:\/\/tomasostore.com.ar\/tienda\/producto\/esfera-con-cascabel-primera-infancia-duravit-669\/","og_locale":"es_ES","og_type":"article","og_title":"Esfera Con Cascabel Primera Infancia Duravit 669 - Tomaso Store","og_description":"Sonajero esfera con cascabel Duravit Con la esfera con cascabel, se incentiva la capacidad visual y auditiva en el ni\u00f1o. En los primeros a\u00f1os de vida nuestros ni\u00f1os necesitan juguetes seguros y creativos para desarrollar sus habilidades de manera natural y espont\u00e1nea. DURAVIT es una f\u00e1brica de juguetes de capital argentino que desde 1966 elabora [&hellip;]","og_url":"https:\/\/tomasostore.com.ar\/tienda\/producto\/esfera-con-cascabel-primera-infancia-duravit-669\/","og_site_name":"Tomaso Store","article_modified_time":"2025-07-29T15:46:51+00:00","og_image":[{"width":500,"height":500,"url":"https:\/\/tomasostore.com.ar\/tienda\/wp-content\/uploads\/2025\/07\/sin-titulo-21-21514a23c5787d569316206472131575-1024-1024.jpg","type":"image\/jpeg"}],"twitter_card":"summary_large_image","schema":{"@context":"https:\/\/schema.org","@graph":[{"@type":"WebPage","@id":"https:\/\/tomasostore.com.ar\/tienda\/producto\/esfera-con-cascabel-primera-infancia-duravit-669\/","url":"https:\/\/tomasostore.com.ar\/tienda\/producto\/esfera-con-cascabel-primera-infancia-duravit-669\/","name":"Esfera Con Cascabel Primera Infancia Duravit 669 - Tomaso Store","isPartOf":{"@id":"https:\/\/tomasostore.com.ar\/tienda\/#website"},"primaryImageOfPage":{"@id":"https:\/\/tomasostore.com.ar\/tienda\/producto\/esfera-con-cascabel-primera-infancia-duravit-669\/#primaryimage"},"image":{"@id":"https:\/\/tomasostore.com.ar\/tienda\/producto\/esfera-con-cascabel-primera-infancia-duravit-669\/#primaryimage"},"thumbnailUrl":"https:\/\/tomasostore.com.ar\/tienda\/wp-content\/uploads\/2025\/07\/sin-titulo-21-21514a23c5787d569316206472131575-1024-1024.jpg","datePublished":"2025-07-19T13:28:17+00:00","dateModified":"2025-07-29T15:46:51+00:00","breadcrumb":{"@id":"https:\/\/tomasostore.com.ar\/tienda\/producto\/esfera-con-cascabel-primera-infancia-duravit-669\/#breadcrumb"},"inLanguage":"es","potentialAction":[{"@type":"ReadAction","target":["https:\/\/tomasostore.com.ar\/tienda\/producto\/esfera-con-cascabel-primera-infancia-duravit-669\/"]}]},{"@type":"ImageObject","inLanguage":"es","@id":"https:\/\/tomasostore.com.ar\/tienda\/producto\/esfera-con-cascabel-primera-infancia-duravit-669\/#primaryimage","url":"https:\/\/tomasostore.com.ar\/tienda\/wp-content\/uploads\/2025\/07\/sin-titulo-21-21514a23c5787d569316206472131575-1024-1024.jpg","contentUrl":"https:\/\/tomasostore.com.ar\/tienda\/wp-content\/uploads\/2025\/07\/sin-titulo-21-21514a23c5787d569316206472131575-1024-1024.jpg","width":500,"height":500},{"@type":"BreadcrumbList","@id":"https:\/\/tomasostore.com.ar\/tienda\/producto\/esfera-con-cascabel-primera-infancia-duravit-669\/#breadcrumb","itemListElement":[{"@type":"ListItem","position":1,"name":"Portada","item":"https:\/\/tomasostore.com.ar\/tienda\/"},{"@type":"ListItem","position":2,"name":"Tienda","item":"https:\/\/tomasostore.com.ar\/tienda\/tienda\/"},{"@type":"ListItem","position":3,"name":"Esfera Con Cascabel Primera Infancia Duravit 669"}]},{"@type":"WebSite","@id":"https:\/\/tomasostore.com.ar\/tienda\/#website","url":"https:\/\/tomasostore.com.ar\/tienda\/","name":"Tomaso Store","description":"Compr\u00e1s online, recib\u00eds en mano. Desde Hernando, llevando confianza a tu casa. Productos con garant\u00eda.","potentialAction":[{"@type":"SearchAction","target":{"@type":"EntryPoint","urlTemplate":"https:\/\/tomasostore.com.ar\/tienda\/?s={search_term_string}"},"query-input":{"@type":"PropertyValueSpecification","valueRequired":true,"valueName":"search_term_string"}}],"inLanguage":"es"}]}},"_links":{"self":[{"href":"https:\/\/tomasostore.com.ar\/tienda\/wp-json\/wp\/v2\/product\/5176","targetHints":{"allow":["GET"]}}],"collection":[{"href":"https:\/\/tomasostore.com.ar\/tienda\/wp-json\/wp\/v2\/product"}],"about":[{"href":"https:\/\/tomasostore.com.ar\/tienda\/wp-json\/wp\/v2\/types\/product"}],"replies":[{"embeddable":true,"href":"https:\/\/tomasostore.com.ar\/tienda\/wp-json\/wp\/v2\/comments?post=5176"}],"version-history":[{"count":2,"href":"https:\/\/tomasostore.com.ar\/tienda\/wp-json\/wp\/v2\/product\/5176\/revisions"}],"predecessor-version":[{"id":32011,"href":"https:\/\/tomasostore.com.ar\/tienda\/wp-json\/wp\/v2\/product\/5176\/revisions\/32011"}],"wp:featuredmedia":[{"embeddable":true,"href":"https:\/\/tomasostore.com.ar\/tienda\/wp-json\/wp\/v2\/media\/22838"}],"wp:attachment":[{"href":"https:\/\/tomasostore.com.ar\/tienda\/wp-json\/wp\/v2\/media?parent=5176"}],"wp:term":[{"taxonomy":"product_brand","embeddable":true,"href":"https:\/\/tomasostore.com.ar\/tienda\/wp-json\/wp\/v2\/product_brand?post=5176"},{"taxonomy":"product_cat","embeddable":true,"href":"https:\/\/tomasostore.com.ar\/tienda\/wp-json\/wp\/v2\/product_cat?post=5176"},{"taxonomy":"product_tag","embeddable":true,"href":"https:\/\/tomasostore.com.ar\/tienda\/wp-json\/wp\/v2\/product_tag?post=5176"}],"curies":[{"name":"wp","href":"https:\/\/api.w.org\/{rel}","templated":true}]}}