{"id":489,"date":"2025-07-19T11:04:38","date_gmt":"2025-07-19T14:04:38","guid":{"rendered":"https:\/\/tomasostore.com.ar\/tienda\/?post_type=product&#038;p=489"},"modified":"2025-07-29T12:17:56","modified_gmt":"2025-07-29T15:17:56","slug":"lego-friends-excursion-de-vacaciones-41726","status":"publish","type":"product","link":"https:\/\/tomasostore.com.ar\/tienda\/producto\/lego-friends-excursion-de-vacaciones-41726\/","title":{"rendered":"Lego Friends Excursi\u00f3n De Vacaciones 41726"},"content":{"rendered":"<p>Lego Friends Excursi\u00f3n de Vacaciones 41726 Toda la diversi\u00f3n de las acampadas para ni\u00f1as a partir de 4 a\u00f1os: Inicia a tu peque en el mundo de la construcci\u00f3n con LEGO de la mano del set de juguetes para construir LEGO Friends Excursi\u00f3n de Vacaciones, con un coche y una caravana 2 minipersonajes: Este divertido regalo basado en una excursi\u00f3n incluye 2 personajes de LEGO\u00ae Friends (la amante de la naturaleza Autumn y la chica de ciudad Aliya) y una caravana construible con techo desmontable Est\u00edmulos para el juego creativo: Este set LEGO Friends de acampada cuenta con accesorios, entre ellos una c\u00e1mara, una hoguera y nubes de az\u00facar, que permitir\u00e1n a las ni\u00f1as interpretar diferentes historias cada vez que jueguen Edad recomendada: +4 a\u00f1os 87 piezas *Los precios de \u00e9ste sitio web son exclusivos para compras online, y no necesariamente coinciden con los precios en el local. LAS FOTOS E IM\u00c1GENES SON A MODO ILUSTRATIVO INTENTANDO REFLEJAR LO M\u00c1S REAL POSIBLE SUS CARACTER\u00cdSTICAS Y PUEDEN VARIAR SEG\u00daN DECISI\u00d3N DEL FABRICANTE. DADA LA DIVERSIDAD DE PANTALLAS NO PODEMOS GARANTIZARLE QUE EN TODAS VEA LOS MISMOS COLORES.<\/p>\n","protected":false},"excerpt":{"rendered":"<p>Lego Friends Excursi\u00f3n de Vacaciones 41726 Toda la diversi\u00f3n de las acampadas para ni\u00f1as a partir de 4 a\u00f1os: Inicia a tu peque en el mundo de la construcci\u00f3n con LEGO de la mano del set de juguetes para construir LEGO Friends Excursi\u00f3n de Vacaciones, con un coche y una caravana 2 minipersonajes: Este divertido [&hellip;]<\/p>\n","protected":false},"featured_media":25971,"comment_status":"open","ping_status":"closed","template":"","meta":[],"product_brand":[397],"product_cat":[650],"product_tag":[651],"class_list":{"0":"post-489","1":"product","2":"type-product","3":"status-publish","4":"has-post-thumbnail","6":"product_brand-exem-trading","7":"product_cat-juegos-y-juguetes-ladrillos-y-bloques","8":"product_tag-juegos-y-juguetes-ladrillos-y-bloques","10":"first","11":"instock","12":"shipping-taxable","13":"purchasable","14":"product-type-simple"},"yoast_head":"<!-- This site is optimized with the Yoast SEO plugin v27.4 - https:\/\/yoast.com\/product\/yoast-seo-wordpress\/ -->\n<title>Lego Friends Excursi\u00f3n De Vacaciones 41726 - Tomaso Store<\/title>\n<meta name=\"robots\" content=\"index, follow, max-snippet:-1, max-image-preview:large, max-video-preview:-1\" \/>\n<link rel=\"canonical\" href=\"https:\/\/tomasostore.com.ar\/tienda\/producto\/lego-friends-excursion-de-vacaciones-41726\/\" \/>\n<meta property=\"og:locale\" content=\"es_ES\" \/>\n<meta property=\"og:type\" content=\"article\" \/>\n<meta property=\"og:title\" content=\"Lego Friends Excursi\u00f3n De Vacaciones 41726 - Tomaso Store\" \/>\n<meta property=\"og:description\" content=\"Lego Friends Excursi\u00f3n de Vacaciones 41726 Toda la diversi\u00f3n de las acampadas para ni\u00f1as a partir de 4 a\u00f1os: Inicia a tu peque en el mundo de la construcci\u00f3n con LEGO de la mano del set de juguetes para construir LEGO Friends Excursi\u00f3n de Vacaciones, con un coche y una caravana 2 minipersonajes: Este divertido [&hellip;]\" \/>\n<meta property=\"og:url\" content=\"https:\/\/tomasostore.com.ar\/tienda\/producto\/lego-friends-excursion-de-vacaciones-41726\/\" \/>\n<meta property=\"og:site_name\" content=\"Tomaso Store\" \/>\n<meta property=\"article:modified_time\" content=\"2025-07-29T15:17:56+00:00\" \/>\n<meta name=\"twitter:card\" content=\"summary_large_image\" \/>\n<meta name=\"twitter:label1\" content=\"Tiempo de lectura\" \/>\n\t<meta name=\"twitter:data1\" content=\"1 minuto\" \/>\n<script type=\"application\/ld+json\" class=\"yoast-schema-graph\">{\"@context\":\"https:\\\/\\\/schema.org\",\"@graph\":[{\"@type\":\"WebPage\",\"@id\":\"https:\\\/\\\/tomasostore.com.ar\\\/tienda\\\/producto\\\/lego-friends-excursion-de-vacaciones-41726\\\/\",\"url\":\"https:\\\/\\\/tomasostore.com.ar\\\/tienda\\\/producto\\\/lego-friends-excursion-de-vacaciones-41726\\\/\",\"name\":\"Lego Friends Excursi\u00f3n De Vacaciones 41726 - Tomaso Store\",\"isPartOf\":{\"@id\":\"https:\\\/\\\/tomasostore.com.ar\\\/tienda\\\/#website\"},\"primaryImageOfPage\":{\"@id\":\"https:\\\/\\\/tomasostore.com.ar\\\/tienda\\\/producto\\\/lego-friends-excursion-de-vacaciones-41726\\\/#primaryimage\"},\"image\":{\"@id\":\"https:\\\/\\\/tomasostore.com.ar\\\/tienda\\\/producto\\\/lego-friends-excursion-de-vacaciones-41726\\\/#primaryimage\"},\"thumbnailUrl\":\"https:\\\/\\\/tomasostore.com.ar\\\/tienda\\\/wp-content\\\/uploads\\\/2025\\\/07\\\/diseno-sin-titulo-2024-01-03t120409-883-b99ac7d3293495cd0917042943098276-1024-1024.png\",\"datePublished\":\"2025-07-19T14:04:38+00:00\",\"dateModified\":\"2025-07-29T15:17:56+00:00\",\"breadcrumb\":{\"@id\":\"https:\\\/\\\/tomasostore.com.ar\\\/tienda\\\/producto\\\/lego-friends-excursion-de-vacaciones-41726\\\/#breadcrumb\"},\"inLanguage\":\"es\",\"potentialAction\":[{\"@type\":\"ReadAction\",\"target\":[\"https:\\\/\\\/tomasostore.com.ar\\\/tienda\\\/producto\\\/lego-friends-excursion-de-vacaciones-41726\\\/\"]}]},{\"@type\":\"ImageObject\",\"inLanguage\":\"es\",\"@id\":\"https:\\\/\\\/tomasostore.com.ar\\\/tienda\\\/producto\\\/lego-friends-excursion-de-vacaciones-41726\\\/#primaryimage\",\"url\":\"https:\\\/\\\/tomasostore.com.ar\\\/tienda\\\/wp-content\\\/uploads\\\/2025\\\/07\\\/diseno-sin-titulo-2024-01-03t120409-883-b99ac7d3293495cd0917042943098276-1024-1024.png\",\"contentUrl\":\"https:\\\/\\\/tomasostore.com.ar\\\/tienda\\\/wp-content\\\/uploads\\\/2025\\\/07\\\/diseno-sin-titulo-2024-01-03t120409-883-b99ac7d3293495cd0917042943098276-1024-1024.png\",\"width\":1024,\"height\":1024},{\"@type\":\"BreadcrumbList\",\"@id\":\"https:\\\/\\\/tomasostore.com.ar\\\/tienda\\\/producto\\\/lego-friends-excursion-de-vacaciones-41726\\\/#breadcrumb\",\"itemListElement\":[{\"@type\":\"ListItem\",\"position\":1,\"name\":\"Portada\",\"item\":\"https:\\\/\\\/tomasostore.com.ar\\\/tienda\\\/\"},{\"@type\":\"ListItem\",\"position\":2,\"name\":\"Tienda\",\"item\":\"https:\\\/\\\/tomasostore.com.ar\\\/tienda\\\/tienda\\\/\"},{\"@type\":\"ListItem\",\"position\":3,\"name\":\"Lego Friends Excursi\u00f3n De Vacaciones 41726\"}]},{\"@type\":\"WebSite\",\"@id\":\"https:\\\/\\\/tomasostore.com.ar\\\/tienda\\\/#website\",\"url\":\"https:\\\/\\\/tomasostore.com.ar\\\/tienda\\\/\",\"name\":\"Tomaso Store\",\"description\":\"Compr\u00e1s online, recib\u00eds en mano. Desde Hernando, llevando confianza a tu casa. Productos con garant\u00eda.\",\"potentialAction\":[{\"@type\":\"SearchAction\",\"target\":{\"@type\":\"EntryPoint\",\"urlTemplate\":\"https:\\\/\\\/tomasostore.com.ar\\\/tienda\\\/?s={search_term_string}\"},\"query-input\":{\"@type\":\"PropertyValueSpecification\",\"valueRequired\":true,\"valueName\":\"search_term_string\"}}],\"inLanguage\":\"es\"}]}<\/script>\n<!-- \/ Yoast SEO plugin. -->","yoast_head_json":{"title":"Lego Friends Excursi\u00f3n De Vacaciones 41726 - Tomaso Store","robots":{"index":"index","follow":"follow","max-snippet":"max-snippet:-1","max-image-preview":"max-image-preview:large","max-video-preview":"max-video-preview:-1"},"canonical":"https:\/\/tomasostore.com.ar\/tienda\/producto\/lego-friends-excursion-de-vacaciones-41726\/","og_locale":"es_ES","og_type":"article","og_title":"Lego Friends Excursi\u00f3n De Vacaciones 41726 - Tomaso Store","og_description":"Lego Friends Excursi\u00f3n de Vacaciones 41726 Toda la diversi\u00f3n de las acampadas para ni\u00f1as a partir de 4 a\u00f1os: Inicia a tu peque en el mundo de la construcci\u00f3n con LEGO de la mano del set de juguetes para construir LEGO Friends Excursi\u00f3n de Vacaciones, con un coche y una caravana 2 minipersonajes: Este divertido [&hellip;]","og_url":"https:\/\/tomasostore.com.ar\/tienda\/producto\/lego-friends-excursion-de-vacaciones-41726\/","og_site_name":"Tomaso Store","article_modified_time":"2025-07-29T15:17:56+00:00","twitter_card":"summary_large_image","twitter_misc":{"Tiempo de lectura":"1 minuto"},"schema":{"@context":"https:\/\/schema.org","@graph":[{"@type":"WebPage","@id":"https:\/\/tomasostore.com.ar\/tienda\/producto\/lego-friends-excursion-de-vacaciones-41726\/","url":"https:\/\/tomasostore.com.ar\/tienda\/producto\/lego-friends-excursion-de-vacaciones-41726\/","name":"Lego Friends Excursi\u00f3n De Vacaciones 41726 - Tomaso Store","isPartOf":{"@id":"https:\/\/tomasostore.com.ar\/tienda\/#website"},"primaryImageOfPage":{"@id":"https:\/\/tomasostore.com.ar\/tienda\/producto\/lego-friends-excursion-de-vacaciones-41726\/#primaryimage"},"image":{"@id":"https:\/\/tomasostore.com.ar\/tienda\/producto\/lego-friends-excursion-de-vacaciones-41726\/#primaryimage"},"thumbnailUrl":"https:\/\/tomasostore.com.ar\/tienda\/wp-content\/uploads\/2025\/07\/diseno-sin-titulo-2024-01-03t120409-883-b99ac7d3293495cd0917042943098276-1024-1024.png","datePublished":"2025-07-19T14:04:38+00:00","dateModified":"2025-07-29T15:17:56+00:00","breadcrumb":{"@id":"https:\/\/tomasostore.com.ar\/tienda\/producto\/lego-friends-excursion-de-vacaciones-41726\/#breadcrumb"},"inLanguage":"es","potentialAction":[{"@type":"ReadAction","target":["https:\/\/tomasostore.com.ar\/tienda\/producto\/lego-friends-excursion-de-vacaciones-41726\/"]}]},{"@type":"ImageObject","inLanguage":"es","@id":"https:\/\/tomasostore.com.ar\/tienda\/producto\/lego-friends-excursion-de-vacaciones-41726\/#primaryimage","url":"https:\/\/tomasostore.com.ar\/tienda\/wp-content\/uploads\/2025\/07\/diseno-sin-titulo-2024-01-03t120409-883-b99ac7d3293495cd0917042943098276-1024-1024.png","contentUrl":"https:\/\/tomasostore.com.ar\/tienda\/wp-content\/uploads\/2025\/07\/diseno-sin-titulo-2024-01-03t120409-883-b99ac7d3293495cd0917042943098276-1024-1024.png","width":1024,"height":1024},{"@type":"BreadcrumbList","@id":"https:\/\/tomasostore.com.ar\/tienda\/producto\/lego-friends-excursion-de-vacaciones-41726\/#breadcrumb","itemListElement":[{"@type":"ListItem","position":1,"name":"Portada","item":"https:\/\/tomasostore.com.ar\/tienda\/"},{"@type":"ListItem","position":2,"name":"Tienda","item":"https:\/\/tomasostore.com.ar\/tienda\/tienda\/"},{"@type":"ListItem","position":3,"name":"Lego Friends Excursi\u00f3n De Vacaciones 41726"}]},{"@type":"WebSite","@id":"https:\/\/tomasostore.com.ar\/tienda\/#website","url":"https:\/\/tomasostore.com.ar\/tienda\/","name":"Tomaso Store","description":"Compr\u00e1s online, recib\u00eds en mano. Desde Hernando, llevando confianza a tu casa. Productos con garant\u00eda.","potentialAction":[{"@type":"SearchAction","target":{"@type":"EntryPoint","urlTemplate":"https:\/\/tomasostore.com.ar\/tienda\/?s={search_term_string}"},"query-input":{"@type":"PropertyValueSpecification","valueRequired":true,"valueName":"search_term_string"}}],"inLanguage":"es"}]}},"_links":{"self":[{"href":"https:\/\/tomasostore.com.ar\/tienda\/wp-json\/wp\/v2\/product\/489","targetHints":{"allow":["GET"]}}],"collection":[{"href":"https:\/\/tomasostore.com.ar\/tienda\/wp-json\/wp\/v2\/product"}],"about":[{"href":"https:\/\/tomasostore.com.ar\/tienda\/wp-json\/wp\/v2\/types\/product"}],"replies":[{"embeddable":true,"href":"https:\/\/tomasostore.com.ar\/tienda\/wp-json\/wp\/v2\/comments?post=489"}],"version-history":[{"count":1,"href":"https:\/\/tomasostore.com.ar\/tienda\/wp-json\/wp\/v2\/product\/489\/revisions"}],"predecessor-version":[{"id":25972,"href":"https:\/\/tomasostore.com.ar\/tienda\/wp-json\/wp\/v2\/product\/489\/revisions\/25972"}],"wp:featuredmedia":[{"embeddable":true,"href":"https:\/\/tomasostore.com.ar\/tienda\/wp-json\/wp\/v2\/media\/25971"}],"wp:attachment":[{"href":"https:\/\/tomasostore.com.ar\/tienda\/wp-json\/wp\/v2\/media?parent=489"}],"wp:term":[{"taxonomy":"product_brand","embeddable":true,"href":"https:\/\/tomasostore.com.ar\/tienda\/wp-json\/wp\/v2\/product_brand?post=489"},{"taxonomy":"product_cat","embeddable":true,"href":"https:\/\/tomasostore.com.ar\/tienda\/wp-json\/wp\/v2\/product_cat?post=489"},{"taxonomy":"product_tag","embeddable":true,"href":"https:\/\/tomasostore.com.ar\/tienda\/wp-json\/wp\/v2\/product_tag?post=489"}],"curies":[{"name":"wp","href":"https:\/\/api.w.org\/{rel}","templated":true}]}}