{"id":482,"date":"2025-07-19T11:04:35","date_gmt":"2025-07-19T14:04:35","guid":{"rendered":"https:\/\/tomasostore.com.ar\/tienda\/?post_type=product&#038;p=482"},"modified":"2025-07-29T12:17:56","modified_gmt":"2025-07-29T15:17:56","slug":"lego-spidey-en-el-faro-del-duende-verde-10790","status":"publish","type":"product","link":"https:\/\/tomasostore.com.ar\/tienda\/producto\/lego-spidey-en-el-faro-del-duende-verde-10790\/","title":{"rendered":"Lego Spidey En El Faro Del Duende Verde 10790"},"content":{"rendered":"<p>Lego Spidey en el Faro del Duende Verde 10790 Desde la cueva subterr\u00e1nea hasta la calabaza situada en lo alto del faro, el set LEGO\u00ae Marvel Equipo Spidey en el Faro del Duende Verde (10790) est\u00e1 lleno de acci\u00f3n dise\u00f1ada para ni\u00f1os y ni\u00f1as a partir de 4 a\u00f1os. Un tesoro, trampas y batallas de superh\u00e9roes El set incluye 4 minifiguras (Miles Morales, Fantasma, Sandman y el Duende Verde), un barco pirata naufragado, una v\u00eda por la que transportar el tesoro robado, una cueva que sirve de c\u00e1rcel, la base del Duende Verde en el faro y numerosos accesorios. El ladrillo para principiantes dar\u00e1 a los ni\u00f1os la confianza suficiente para construir y reconfigurar el set, guiados por sencillas instrucciones en forma de colorida historia visual, y la app LEGO Builder les ofrecer\u00e1 a\u00fan m\u00e1s diversi\u00f3n con intuitivas herramientas para visualizar el modelo mientras construyen.<\/p>\n","protected":false},"excerpt":{"rendered":"<p>Lego Spidey en el Faro del Duende Verde 10790 Desde la cueva subterr\u00e1nea hasta la calabaza situada en lo alto del faro, el set LEGO\u00ae Marvel Equipo Spidey en el Faro del Duende Verde (10790) est\u00e1 lleno de acci\u00f3n dise\u00f1ada para ni\u00f1os y ni\u00f1as a partir de 4 a\u00f1os. Un tesoro, trampas y batallas de [&hellip;]<\/p>\n","protected":false},"featured_media":25967,"comment_status":"open","ping_status":"closed","template":"","meta":[],"product_brand":[397],"product_cat":[650],"product_tag":[651],"class_list":{"0":"post-482","1":"product","2":"type-product","3":"status-publish","4":"has-post-thumbnail","6":"product_brand-exem-trading","7":"product_cat-juegos-y-juguetes-ladrillos-y-bloques","8":"product_tag-juegos-y-juguetes-ladrillos-y-bloques","10":"first","11":"instock","12":"shipping-taxable","13":"purchasable","14":"product-type-simple"},"yoast_head":"<!-- This site is optimized with the Yoast SEO plugin v27.4 - https:\/\/yoast.com\/product\/yoast-seo-wordpress\/ -->\n<title>Lego Spidey En El Faro Del Duende Verde 10790 - Tomaso Store<\/title>\n<meta name=\"robots\" content=\"index, follow, max-snippet:-1, max-image-preview:large, max-video-preview:-1\" \/>\n<link rel=\"canonical\" href=\"https:\/\/tomasostore.com.ar\/tienda\/producto\/lego-spidey-en-el-faro-del-duende-verde-10790\/\" \/>\n<meta property=\"og:locale\" content=\"es_ES\" \/>\n<meta property=\"og:type\" content=\"article\" \/>\n<meta property=\"og:title\" content=\"Lego Spidey En El Faro Del Duende Verde 10790 - Tomaso Store\" \/>\n<meta property=\"og:description\" content=\"Lego Spidey en el Faro del Duende Verde 10790 Desde la cueva subterr\u00e1nea hasta la calabaza situada en lo alto del faro, el set LEGO\u00ae Marvel Equipo Spidey en el Faro del Duende Verde (10790) est\u00e1 lleno de acci\u00f3n dise\u00f1ada para ni\u00f1os y ni\u00f1as a partir de 4 a\u00f1os. Un tesoro, trampas y batallas de [&hellip;]\" \/>\n<meta property=\"og:url\" content=\"https:\/\/tomasostore.com.ar\/tienda\/producto\/lego-spidey-en-el-faro-del-duende-verde-10790\/\" \/>\n<meta property=\"og:site_name\" content=\"Tomaso Store\" \/>\n<meta property=\"article:modified_time\" content=\"2025-07-29T15:17:56+00:00\" \/>\n<meta property=\"og:image\" content=\"https:\/\/tomasostore.com.ar\/tienda\/wp-content\/uploads\/2025\/07\/lego-1-6131e9ddf0b3bd390317042954495538-1024-1024.png\" \/>\n\t<meta property=\"og:image:width\" content=\"1024\" \/>\n\t<meta property=\"og:image:height\" content=\"1024\" \/>\n\t<meta property=\"og:image:type\" content=\"image\/png\" \/>\n<meta name=\"twitter:card\" content=\"summary_large_image\" \/>\n<meta name=\"twitter:label1\" content=\"Tiempo de lectura\" \/>\n\t<meta name=\"twitter:data1\" content=\"1 minuto\" \/>\n<script type=\"application\/ld+json\" class=\"yoast-schema-graph\">{\"@context\":\"https:\\\/\\\/schema.org\",\"@graph\":[{\"@type\":\"WebPage\",\"@id\":\"https:\\\/\\\/tomasostore.com.ar\\\/tienda\\\/producto\\\/lego-spidey-en-el-faro-del-duende-verde-10790\\\/\",\"url\":\"https:\\\/\\\/tomasostore.com.ar\\\/tienda\\\/producto\\\/lego-spidey-en-el-faro-del-duende-verde-10790\\\/\",\"name\":\"Lego Spidey En El Faro Del Duende Verde 10790 - Tomaso Store\",\"isPartOf\":{\"@id\":\"https:\\\/\\\/tomasostore.com.ar\\\/tienda\\\/#website\"},\"primaryImageOfPage\":{\"@id\":\"https:\\\/\\\/tomasostore.com.ar\\\/tienda\\\/producto\\\/lego-spidey-en-el-faro-del-duende-verde-10790\\\/#primaryimage\"},\"image\":{\"@id\":\"https:\\\/\\\/tomasostore.com.ar\\\/tienda\\\/producto\\\/lego-spidey-en-el-faro-del-duende-verde-10790\\\/#primaryimage\"},\"thumbnailUrl\":\"https:\\\/\\\/tomasostore.com.ar\\\/tienda\\\/wp-content\\\/uploads\\\/2025\\\/07\\\/lego-1-6131e9ddf0b3bd390317042954495538-1024-1024.png\",\"datePublished\":\"2025-07-19T14:04:35+00:00\",\"dateModified\":\"2025-07-29T15:17:56+00:00\",\"breadcrumb\":{\"@id\":\"https:\\\/\\\/tomasostore.com.ar\\\/tienda\\\/producto\\\/lego-spidey-en-el-faro-del-duende-verde-10790\\\/#breadcrumb\"},\"inLanguage\":\"es\",\"potentialAction\":[{\"@type\":\"ReadAction\",\"target\":[\"https:\\\/\\\/tomasostore.com.ar\\\/tienda\\\/producto\\\/lego-spidey-en-el-faro-del-duende-verde-10790\\\/\"]}]},{\"@type\":\"ImageObject\",\"inLanguage\":\"es\",\"@id\":\"https:\\\/\\\/tomasostore.com.ar\\\/tienda\\\/producto\\\/lego-spidey-en-el-faro-del-duende-verde-10790\\\/#primaryimage\",\"url\":\"https:\\\/\\\/tomasostore.com.ar\\\/tienda\\\/wp-content\\\/uploads\\\/2025\\\/07\\\/lego-1-6131e9ddf0b3bd390317042954495538-1024-1024.png\",\"contentUrl\":\"https:\\\/\\\/tomasostore.com.ar\\\/tienda\\\/wp-content\\\/uploads\\\/2025\\\/07\\\/lego-1-6131e9ddf0b3bd390317042954495538-1024-1024.png\",\"width\":1024,\"height\":1024},{\"@type\":\"BreadcrumbList\",\"@id\":\"https:\\\/\\\/tomasostore.com.ar\\\/tienda\\\/producto\\\/lego-spidey-en-el-faro-del-duende-verde-10790\\\/#breadcrumb\",\"itemListElement\":[{\"@type\":\"ListItem\",\"position\":1,\"name\":\"Portada\",\"item\":\"https:\\\/\\\/tomasostore.com.ar\\\/tienda\\\/\"},{\"@type\":\"ListItem\",\"position\":2,\"name\":\"Tienda\",\"item\":\"https:\\\/\\\/tomasostore.com.ar\\\/tienda\\\/tienda\\\/\"},{\"@type\":\"ListItem\",\"position\":3,\"name\":\"Lego Spidey En El Faro Del Duende Verde 10790\"}]},{\"@type\":\"WebSite\",\"@id\":\"https:\\\/\\\/tomasostore.com.ar\\\/tienda\\\/#website\",\"url\":\"https:\\\/\\\/tomasostore.com.ar\\\/tienda\\\/\",\"name\":\"Tomaso Store\",\"description\":\"Compr\u00e1s online, recib\u00eds en mano. Desde Hernando, llevando confianza a tu casa. Productos con garant\u00eda.\",\"potentialAction\":[{\"@type\":\"SearchAction\",\"target\":{\"@type\":\"EntryPoint\",\"urlTemplate\":\"https:\\\/\\\/tomasostore.com.ar\\\/tienda\\\/?s={search_term_string}\"},\"query-input\":{\"@type\":\"PropertyValueSpecification\",\"valueRequired\":true,\"valueName\":\"search_term_string\"}}],\"inLanguage\":\"es\"}]}<\/script>\n<!-- \/ Yoast SEO plugin. -->","yoast_head_json":{"title":"Lego Spidey En El Faro Del Duende Verde 10790 - Tomaso Store","robots":{"index":"index","follow":"follow","max-snippet":"max-snippet:-1","max-image-preview":"max-image-preview:large","max-video-preview":"max-video-preview:-1"},"canonical":"https:\/\/tomasostore.com.ar\/tienda\/producto\/lego-spidey-en-el-faro-del-duende-verde-10790\/","og_locale":"es_ES","og_type":"article","og_title":"Lego Spidey En El Faro Del Duende Verde 10790 - Tomaso Store","og_description":"Lego Spidey en el Faro del Duende Verde 10790 Desde la cueva subterr\u00e1nea hasta la calabaza situada en lo alto del faro, el set LEGO\u00ae Marvel Equipo Spidey en el Faro del Duende Verde (10790) est\u00e1 lleno de acci\u00f3n dise\u00f1ada para ni\u00f1os y ni\u00f1as a partir de 4 a\u00f1os. Un tesoro, trampas y batallas de [&hellip;]","og_url":"https:\/\/tomasostore.com.ar\/tienda\/producto\/lego-spidey-en-el-faro-del-duende-verde-10790\/","og_site_name":"Tomaso Store","article_modified_time":"2025-07-29T15:17:56+00:00","og_image":[{"width":1024,"height":1024,"url":"https:\/\/tomasostore.com.ar\/tienda\/wp-content\/uploads\/2025\/07\/lego-1-6131e9ddf0b3bd390317042954495538-1024-1024.png","type":"image\/png"}],"twitter_card":"summary_large_image","twitter_misc":{"Tiempo de lectura":"1 minuto"},"schema":{"@context":"https:\/\/schema.org","@graph":[{"@type":"WebPage","@id":"https:\/\/tomasostore.com.ar\/tienda\/producto\/lego-spidey-en-el-faro-del-duende-verde-10790\/","url":"https:\/\/tomasostore.com.ar\/tienda\/producto\/lego-spidey-en-el-faro-del-duende-verde-10790\/","name":"Lego Spidey En El Faro Del Duende Verde 10790 - Tomaso Store","isPartOf":{"@id":"https:\/\/tomasostore.com.ar\/tienda\/#website"},"primaryImageOfPage":{"@id":"https:\/\/tomasostore.com.ar\/tienda\/producto\/lego-spidey-en-el-faro-del-duende-verde-10790\/#primaryimage"},"image":{"@id":"https:\/\/tomasostore.com.ar\/tienda\/producto\/lego-spidey-en-el-faro-del-duende-verde-10790\/#primaryimage"},"thumbnailUrl":"https:\/\/tomasostore.com.ar\/tienda\/wp-content\/uploads\/2025\/07\/lego-1-6131e9ddf0b3bd390317042954495538-1024-1024.png","datePublished":"2025-07-19T14:04:35+00:00","dateModified":"2025-07-29T15:17:56+00:00","breadcrumb":{"@id":"https:\/\/tomasostore.com.ar\/tienda\/producto\/lego-spidey-en-el-faro-del-duende-verde-10790\/#breadcrumb"},"inLanguage":"es","potentialAction":[{"@type":"ReadAction","target":["https:\/\/tomasostore.com.ar\/tienda\/producto\/lego-spidey-en-el-faro-del-duende-verde-10790\/"]}]},{"@type":"ImageObject","inLanguage":"es","@id":"https:\/\/tomasostore.com.ar\/tienda\/producto\/lego-spidey-en-el-faro-del-duende-verde-10790\/#primaryimage","url":"https:\/\/tomasostore.com.ar\/tienda\/wp-content\/uploads\/2025\/07\/lego-1-6131e9ddf0b3bd390317042954495538-1024-1024.png","contentUrl":"https:\/\/tomasostore.com.ar\/tienda\/wp-content\/uploads\/2025\/07\/lego-1-6131e9ddf0b3bd390317042954495538-1024-1024.png","width":1024,"height":1024},{"@type":"BreadcrumbList","@id":"https:\/\/tomasostore.com.ar\/tienda\/producto\/lego-spidey-en-el-faro-del-duende-verde-10790\/#breadcrumb","itemListElement":[{"@type":"ListItem","position":1,"name":"Portada","item":"https:\/\/tomasostore.com.ar\/tienda\/"},{"@type":"ListItem","position":2,"name":"Tienda","item":"https:\/\/tomasostore.com.ar\/tienda\/tienda\/"},{"@type":"ListItem","position":3,"name":"Lego Spidey En El Faro Del Duende Verde 10790"}]},{"@type":"WebSite","@id":"https:\/\/tomasostore.com.ar\/tienda\/#website","url":"https:\/\/tomasostore.com.ar\/tienda\/","name":"Tomaso Store","description":"Compr\u00e1s online, recib\u00eds en mano. Desde Hernando, llevando confianza a tu casa. Productos con garant\u00eda.","potentialAction":[{"@type":"SearchAction","target":{"@type":"EntryPoint","urlTemplate":"https:\/\/tomasostore.com.ar\/tienda\/?s={search_term_string}"},"query-input":{"@type":"PropertyValueSpecification","valueRequired":true,"valueName":"search_term_string"}}],"inLanguage":"es"}]}},"_links":{"self":[{"href":"https:\/\/tomasostore.com.ar\/tienda\/wp-json\/wp\/v2\/product\/482","targetHints":{"allow":["GET"]}}],"collection":[{"href":"https:\/\/tomasostore.com.ar\/tienda\/wp-json\/wp\/v2\/product"}],"about":[{"href":"https:\/\/tomasostore.com.ar\/tienda\/wp-json\/wp\/v2\/types\/product"}],"replies":[{"embeddable":true,"href":"https:\/\/tomasostore.com.ar\/tienda\/wp-json\/wp\/v2\/comments?post=482"}],"version-history":[{"count":2,"href":"https:\/\/tomasostore.com.ar\/tienda\/wp-json\/wp\/v2\/product\/482\/revisions"}],"predecessor-version":[{"id":33458,"href":"https:\/\/tomasostore.com.ar\/tienda\/wp-json\/wp\/v2\/product\/482\/revisions\/33458"}],"wp:featuredmedia":[{"embeddable":true,"href":"https:\/\/tomasostore.com.ar\/tienda\/wp-json\/wp\/v2\/media\/25967"}],"wp:attachment":[{"href":"https:\/\/tomasostore.com.ar\/tienda\/wp-json\/wp\/v2\/media?parent=482"}],"wp:term":[{"taxonomy":"product_brand","embeddable":true,"href":"https:\/\/tomasostore.com.ar\/tienda\/wp-json\/wp\/v2\/product_brand?post=482"},{"taxonomy":"product_cat","embeddable":true,"href":"https:\/\/tomasostore.com.ar\/tienda\/wp-json\/wp\/v2\/product_cat?post=482"},{"taxonomy":"product_tag","embeddable":true,"href":"https:\/\/tomasostore.com.ar\/tienda\/wp-json\/wp\/v2\/product_tag?post=482"}],"curies":[{"name":"wp","href":"https:\/\/api.w.org\/{rel}","templated":true}]}}