{"id":447,"date":"2025-07-19T11:45:32","date_gmt":"2025-07-19T14:45:32","guid":{"rendered":"https:\/\/tomasostore.com.ar\/tienda\/?post_type=product&#038;p=447"},"modified":"2025-07-29T12:22:46","modified_gmt":"2025-07-29T15:22:46","slug":"auto-coleccion-welly-nex-surtidos-x-12-metal-escala-160-52020","status":"publish","type":"product","link":"https:\/\/tomasostore.com.ar\/tienda\/producto\/auto-coleccion-welly-nex-surtidos-x-12-metal-escala-160-52020\/","title":{"rendered":"Auto Colecci\u00f3n Welly Nex Surtidos X 12 Metal Escala 1:60 52020"},"content":{"rendered":"<p>Set Box de Regalo Welly con 12 autitos escala 1:64 ( 7 cms aprox ) en metal y pl\u00e1stico Audi R 8 Coup\u00e9 V10 Blanco Mercedes Benz AMG GT Rojo Porsche 911 Carrera 4S Amarillo Lamborghini Hurac\u00e1n Coup\u00e9 Amarillo Land Rover Defender Plata Mc Laren 675LT Verde Toyota Supra Rojo BMW M4 Verde Porsche Cayenne Turbo Blanco BMW X5 Blanco Mini Cooper Spaceman Azul Pagani Huayra Bord\u00f3 Edad Recomendada: + 3 a\u00f1os.<\/p>\n","protected":false},"excerpt":{"rendered":"<p>Set Box de Regalo Welly con 12 autitos escala 1:64 ( 7 cms aprox ) en metal y pl\u00e1stico Audi R 8 Coup\u00e9 V10 Blanco Mercedes Benz AMG GT Rojo Porsche 911 Carrera 4S Amarillo Lamborghini Hurac\u00e1n Coup\u00e9 Amarillo Land Rover Defender Plata Mc Laren 675LT Verde Toyota Supra Rojo BMW M4 Verde Porsche Cayenne [&hellip;]<\/p>\n","protected":false},"featured_media":29366,"comment_status":"open","ping_status":"closed","template":"","meta":[],"product_brand":[297],"product_cat":[660],"product_tag":[661],"class_list":{"0":"post-447","1":"product","2":"type-product","3":"status-publish","4":"has-post-thumbnail","6":"product_brand-lionels","7":"product_cat-vehiculos","8":"product_tag-vehiculos","10":"first","11":"instock","12":"sale","13":"shipping-taxable","14":"purchasable","15":"product-type-simple"},"yoast_head":"<!-- This site is optimized with the Yoast SEO plugin v27.3 - https:\/\/yoast.com\/product\/yoast-seo-wordpress\/ -->\n<title>Auto Colecci\u00f3n Welly Nex Surtidos X 12 Metal Escala 1:60 52020 - Tomaso Store<\/title>\n<meta name=\"robots\" content=\"index, follow, max-snippet:-1, max-image-preview:large, max-video-preview:-1\" \/>\n<link rel=\"canonical\" href=\"https:\/\/tomasostore.com.ar\/tienda\/producto\/auto-coleccion-welly-nex-surtidos-x-12-metal-escala-160-52020\/\" \/>\n<meta property=\"og:locale\" content=\"es_ES\" \/>\n<meta property=\"og:type\" content=\"article\" \/>\n<meta property=\"og:title\" content=\"Auto Colecci\u00f3n Welly Nex Surtidos X 12 Metal Escala 1:60 52020 - Tomaso Store\" \/>\n<meta property=\"og:description\" content=\"Set Box de Regalo Welly con 12 autitos escala 1:64 ( 7 cms aprox ) en metal y pl\u00e1stico Audi R 8 Coup\u00e9 V10 Blanco Mercedes Benz AMG GT Rojo Porsche 911 Carrera 4S Amarillo Lamborghini Hurac\u00e1n Coup\u00e9 Amarillo Land Rover Defender Plata Mc Laren 675LT Verde Toyota Supra Rojo BMW M4 Verde Porsche Cayenne [&hellip;]\" \/>\n<meta property=\"og:url\" content=\"https:\/\/tomasostore.com.ar\/tienda\/producto\/auto-coleccion-welly-nex-surtidos-x-12-metal-escala-160-52020\/\" \/>\n<meta property=\"og:site_name\" content=\"Tomaso Store\" \/>\n<meta property=\"article:modified_time\" content=\"2025-07-29T15:22:46+00:00\" \/>\n<meta property=\"og:image\" content=\"https:\/\/tomasostore.com.ar\/tienda\/wp-content\/uploads\/2025\/07\/image-2024-01-04t123551-098-ffb69994cc79786dbe17043830382853-1024-1024.jpg\" \/>\n\t<meta property=\"og:image:width\" content=\"1024\" \/>\n\t<meta property=\"og:image:height\" content=\"1024\" \/>\n\t<meta property=\"og:image:type\" content=\"image\/jpeg\" \/>\n<meta name=\"twitter:card\" content=\"summary_large_image\" \/>\n<script type=\"application\/ld+json\" class=\"yoast-schema-graph\">{\"@context\":\"https:\\\/\\\/schema.org\",\"@graph\":[{\"@type\":\"WebPage\",\"@id\":\"https:\\\/\\\/tomasostore.com.ar\\\/tienda\\\/producto\\\/auto-coleccion-welly-nex-surtidos-x-12-metal-escala-160-52020\\\/\",\"url\":\"https:\\\/\\\/tomasostore.com.ar\\\/tienda\\\/producto\\\/auto-coleccion-welly-nex-surtidos-x-12-metal-escala-160-52020\\\/\",\"name\":\"Auto Colecci\u00f3n Welly Nex Surtidos X 12 Metal Escala 1:60 52020 - Tomaso Store\",\"isPartOf\":{\"@id\":\"https:\\\/\\\/tomasostore.com.ar\\\/tienda\\\/#website\"},\"primaryImageOfPage\":{\"@id\":\"https:\\\/\\\/tomasostore.com.ar\\\/tienda\\\/producto\\\/auto-coleccion-welly-nex-surtidos-x-12-metal-escala-160-52020\\\/#primaryimage\"},\"image\":{\"@id\":\"https:\\\/\\\/tomasostore.com.ar\\\/tienda\\\/producto\\\/auto-coleccion-welly-nex-surtidos-x-12-metal-escala-160-52020\\\/#primaryimage\"},\"thumbnailUrl\":\"https:\\\/\\\/tomasostore.com.ar\\\/tienda\\\/wp-content\\\/uploads\\\/2025\\\/07\\\/image-2024-01-04t123551-098-ffb69994cc79786dbe17043830382853-1024-1024.jpg\",\"datePublished\":\"2025-07-19T14:45:32+00:00\",\"dateModified\":\"2025-07-29T15:22:46+00:00\",\"breadcrumb\":{\"@id\":\"https:\\\/\\\/tomasostore.com.ar\\\/tienda\\\/producto\\\/auto-coleccion-welly-nex-surtidos-x-12-metal-escala-160-52020\\\/#breadcrumb\"},\"inLanguage\":\"es\",\"potentialAction\":[{\"@type\":\"ReadAction\",\"target\":[\"https:\\\/\\\/tomasostore.com.ar\\\/tienda\\\/producto\\\/auto-coleccion-welly-nex-surtidos-x-12-metal-escala-160-52020\\\/\"]}]},{\"@type\":\"ImageObject\",\"inLanguage\":\"es\",\"@id\":\"https:\\\/\\\/tomasostore.com.ar\\\/tienda\\\/producto\\\/auto-coleccion-welly-nex-surtidos-x-12-metal-escala-160-52020\\\/#primaryimage\",\"url\":\"https:\\\/\\\/tomasostore.com.ar\\\/tienda\\\/wp-content\\\/uploads\\\/2025\\\/07\\\/image-2024-01-04t123551-098-ffb69994cc79786dbe17043830382853-1024-1024.jpg\",\"contentUrl\":\"https:\\\/\\\/tomasostore.com.ar\\\/tienda\\\/wp-content\\\/uploads\\\/2025\\\/07\\\/image-2024-01-04t123551-098-ffb69994cc79786dbe17043830382853-1024-1024.jpg\",\"width\":1024,\"height\":1024},{\"@type\":\"BreadcrumbList\",\"@id\":\"https:\\\/\\\/tomasostore.com.ar\\\/tienda\\\/producto\\\/auto-coleccion-welly-nex-surtidos-x-12-metal-escala-160-52020\\\/#breadcrumb\",\"itemListElement\":[{\"@type\":\"ListItem\",\"position\":1,\"name\":\"Portada\",\"item\":\"https:\\\/\\\/tomasostore.com.ar\\\/tienda\\\/\"},{\"@type\":\"ListItem\",\"position\":2,\"name\":\"Tienda\",\"item\":\"https:\\\/\\\/tomasostore.com.ar\\\/tienda\\\/tienda\\\/\"},{\"@type\":\"ListItem\",\"position\":3,\"name\":\"Auto Colecci\u00f3n Welly Nex Surtidos X 12 Metal Escala 1:60 52020\"}]},{\"@type\":\"WebSite\",\"@id\":\"https:\\\/\\\/tomasostore.com.ar\\\/tienda\\\/#website\",\"url\":\"https:\\\/\\\/tomasostore.com.ar\\\/tienda\\\/\",\"name\":\"Tomaso Store\",\"description\":\"Compr\u00e1s online, recib\u00eds en mano. Desde Hernando, llevando confianza a tu casa. Productos con garant\u00eda.\",\"potentialAction\":[{\"@type\":\"SearchAction\",\"target\":{\"@type\":\"EntryPoint\",\"urlTemplate\":\"https:\\\/\\\/tomasostore.com.ar\\\/tienda\\\/?s={search_term_string}\"},\"query-input\":{\"@type\":\"PropertyValueSpecification\",\"valueRequired\":true,\"valueName\":\"search_term_string\"}}],\"inLanguage\":\"es\"}]}<\/script>\n<!-- \/ Yoast SEO plugin. -->","yoast_head_json":{"title":"Auto Colecci\u00f3n Welly Nex Surtidos X 12 Metal Escala 1:60 52020 - Tomaso Store","robots":{"index":"index","follow":"follow","max-snippet":"max-snippet:-1","max-image-preview":"max-image-preview:large","max-video-preview":"max-video-preview:-1"},"canonical":"https:\/\/tomasostore.com.ar\/tienda\/producto\/auto-coleccion-welly-nex-surtidos-x-12-metal-escala-160-52020\/","og_locale":"es_ES","og_type":"article","og_title":"Auto Colecci\u00f3n Welly Nex Surtidos X 12 Metal Escala 1:60 52020 - Tomaso Store","og_description":"Set Box de Regalo Welly con 12 autitos escala 1:64 ( 7 cms aprox ) en metal y pl\u00e1stico Audi R 8 Coup\u00e9 V10 Blanco Mercedes Benz AMG GT Rojo Porsche 911 Carrera 4S Amarillo Lamborghini Hurac\u00e1n Coup\u00e9 Amarillo Land Rover Defender Plata Mc Laren 675LT Verde Toyota Supra Rojo BMW M4 Verde Porsche Cayenne [&hellip;]","og_url":"https:\/\/tomasostore.com.ar\/tienda\/producto\/auto-coleccion-welly-nex-surtidos-x-12-metal-escala-160-52020\/","og_site_name":"Tomaso Store","article_modified_time":"2025-07-29T15:22:46+00:00","og_image":[{"width":1024,"height":1024,"url":"https:\/\/tomasostore.com.ar\/tienda\/wp-content\/uploads\/2025\/07\/image-2024-01-04t123551-098-ffb69994cc79786dbe17043830382853-1024-1024.jpg","type":"image\/jpeg"}],"twitter_card":"summary_large_image","schema":{"@context":"https:\/\/schema.org","@graph":[{"@type":"WebPage","@id":"https:\/\/tomasostore.com.ar\/tienda\/producto\/auto-coleccion-welly-nex-surtidos-x-12-metal-escala-160-52020\/","url":"https:\/\/tomasostore.com.ar\/tienda\/producto\/auto-coleccion-welly-nex-surtidos-x-12-metal-escala-160-52020\/","name":"Auto Colecci\u00f3n Welly Nex Surtidos X 12 Metal Escala 1:60 52020 - Tomaso Store","isPartOf":{"@id":"https:\/\/tomasostore.com.ar\/tienda\/#website"},"primaryImageOfPage":{"@id":"https:\/\/tomasostore.com.ar\/tienda\/producto\/auto-coleccion-welly-nex-surtidos-x-12-metal-escala-160-52020\/#primaryimage"},"image":{"@id":"https:\/\/tomasostore.com.ar\/tienda\/producto\/auto-coleccion-welly-nex-surtidos-x-12-metal-escala-160-52020\/#primaryimage"},"thumbnailUrl":"https:\/\/tomasostore.com.ar\/tienda\/wp-content\/uploads\/2025\/07\/image-2024-01-04t123551-098-ffb69994cc79786dbe17043830382853-1024-1024.jpg","datePublished":"2025-07-19T14:45:32+00:00","dateModified":"2025-07-29T15:22:46+00:00","breadcrumb":{"@id":"https:\/\/tomasostore.com.ar\/tienda\/producto\/auto-coleccion-welly-nex-surtidos-x-12-metal-escala-160-52020\/#breadcrumb"},"inLanguage":"es","potentialAction":[{"@type":"ReadAction","target":["https:\/\/tomasostore.com.ar\/tienda\/producto\/auto-coleccion-welly-nex-surtidos-x-12-metal-escala-160-52020\/"]}]},{"@type":"ImageObject","inLanguage":"es","@id":"https:\/\/tomasostore.com.ar\/tienda\/producto\/auto-coleccion-welly-nex-surtidos-x-12-metal-escala-160-52020\/#primaryimage","url":"https:\/\/tomasostore.com.ar\/tienda\/wp-content\/uploads\/2025\/07\/image-2024-01-04t123551-098-ffb69994cc79786dbe17043830382853-1024-1024.jpg","contentUrl":"https:\/\/tomasostore.com.ar\/tienda\/wp-content\/uploads\/2025\/07\/image-2024-01-04t123551-098-ffb69994cc79786dbe17043830382853-1024-1024.jpg","width":1024,"height":1024},{"@type":"BreadcrumbList","@id":"https:\/\/tomasostore.com.ar\/tienda\/producto\/auto-coleccion-welly-nex-surtidos-x-12-metal-escala-160-52020\/#breadcrumb","itemListElement":[{"@type":"ListItem","position":1,"name":"Portada","item":"https:\/\/tomasostore.com.ar\/tienda\/"},{"@type":"ListItem","position":2,"name":"Tienda","item":"https:\/\/tomasostore.com.ar\/tienda\/tienda\/"},{"@type":"ListItem","position":3,"name":"Auto Colecci\u00f3n Welly Nex Surtidos X 12 Metal Escala 1:60 52020"}]},{"@type":"WebSite","@id":"https:\/\/tomasostore.com.ar\/tienda\/#website","url":"https:\/\/tomasostore.com.ar\/tienda\/","name":"Tomaso Store","description":"Compr\u00e1s online, recib\u00eds en mano. Desde Hernando, llevando confianza a tu casa. Productos con garant\u00eda.","potentialAction":[{"@type":"SearchAction","target":{"@type":"EntryPoint","urlTemplate":"https:\/\/tomasostore.com.ar\/tienda\/?s={search_term_string}"},"query-input":{"@type":"PropertyValueSpecification","valueRequired":true,"valueName":"search_term_string"}}],"inLanguage":"es"}]}},"_links":{"self":[{"href":"https:\/\/tomasostore.com.ar\/tienda\/wp-json\/wp\/v2\/product\/447","targetHints":{"allow":["GET"]}}],"collection":[{"href":"https:\/\/tomasostore.com.ar\/tienda\/wp-json\/wp\/v2\/product"}],"about":[{"href":"https:\/\/tomasostore.com.ar\/tienda\/wp-json\/wp\/v2\/types\/product"}],"replies":[{"embeddable":true,"href":"https:\/\/tomasostore.com.ar\/tienda\/wp-json\/wp\/v2\/comments?post=447"}],"version-history":[{"count":2,"href":"https:\/\/tomasostore.com.ar\/tienda\/wp-json\/wp\/v2\/product\/447\/revisions"}],"predecessor-version":[{"id":34995,"href":"https:\/\/tomasostore.com.ar\/tienda\/wp-json\/wp\/v2\/product\/447\/revisions\/34995"}],"wp:featuredmedia":[{"embeddable":true,"href":"https:\/\/tomasostore.com.ar\/tienda\/wp-json\/wp\/v2\/media\/29366"}],"wp:attachment":[{"href":"https:\/\/tomasostore.com.ar\/tienda\/wp-json\/wp\/v2\/media?parent=447"}],"wp:term":[{"taxonomy":"product_brand","embeddable":true,"href":"https:\/\/tomasostore.com.ar\/tienda\/wp-json\/wp\/v2\/product_brand?post=447"},{"taxonomy":"product_cat","embeddable":true,"href":"https:\/\/tomasostore.com.ar\/tienda\/wp-json\/wp\/v2\/product_cat?post=447"},{"taxonomy":"product_tag","embeddable":true,"href":"https:\/\/tomasostore.com.ar\/tienda\/wp-json\/wp\/v2\/product_tag?post=447"}],"curies":[{"name":"wp","href":"https:\/\/api.w.org\/{rel}","templated":true}]}}