{"id":236,"date":"2025-07-19T11:45:21","date_gmt":"2025-07-19T14:45:21","guid":{"rendered":"https:\/\/tomasostore.com.ar\/tienda\/?post_type=product&#038;p=236"},"modified":"2025-07-29T12:22:44","modified_gmt":"2025-07-29T15:22:44","slug":"cuatriciclo-de-metal-kawasaki-prairie-400-welly-escala-119","status":"publish","type":"product","link":"https:\/\/tomasostore.com.ar\/tienda\/producto\/cuatriciclo-de-metal-kawasaki-prairie-400-welly-escala-119\/","title":{"rendered":"Cuatriciclo De Metal Kawasaki Prairie 400 Welly Escala 1:19"},"content":{"rendered":"<p>Este modelo, a escala 1:19, es parte de una exclusiva l\u00ednea de autos de colecci\u00f3n, fabricados en metal con detalles pl\u00e1sticos que realzan su autenticidad. Dise\u00f1ado para ni\u00f1os mayores de 7 a\u00f1os y coleccionistas, este cuatriciclo representa la marca Kawasaki y el modelo Prairie, lanzado en 2020. Su carrocer\u00eda de metal garantiza durabilidad y resistencia, mientras que su dise\u00f1o incluye ruedas libres y detalles interiores que capturan la esencia del veh\u00edculo real.<\/p>\n","protected":false},"excerpt":{"rendered":"<p>Este modelo, a escala 1:19, es parte de una exclusiva l\u00ednea de autos de colecci\u00f3n, fabricados en metal con detalles pl\u00e1sticos que realzan su autenticidad. Dise\u00f1ado para ni\u00f1os mayores de 7 a\u00f1os y coleccionistas, este cuatriciclo representa la marca Kawasaki y el modelo Prairie, lanzado en 2020. Su carrocer\u00eda de metal garantiza durabilidad y resistencia, [&hellip;]<\/p>\n","protected":false},"featured_media":29348,"comment_status":"open","ping_status":"closed","template":"","meta":[],"product_brand":[297],"product_cat":[660],"product_tag":[661],"class_list":{"0":"post-236","1":"product","2":"type-product","3":"status-publish","4":"has-post-thumbnail","6":"product_brand-lionels","7":"product_cat-vehiculos","8":"product_tag-vehiculos","10":"first","11":"instock","12":"sale","13":"shipping-taxable","14":"purchasable","15":"product-type-simple"},"yoast_head":"<!-- This site is optimized with the Yoast SEO plugin v27.3 - https:\/\/yoast.com\/product\/yoast-seo-wordpress\/ -->\n<title>Cuatriciclo De Metal Kawasaki Prairie 400 Welly Escala 1:19 - Tomaso Store<\/title>\n<meta name=\"robots\" content=\"index, follow, max-snippet:-1, max-image-preview:large, max-video-preview:-1\" \/>\n<link rel=\"canonical\" href=\"https:\/\/tomasostore.com.ar\/tienda\/producto\/cuatriciclo-de-metal-kawasaki-prairie-400-welly-escala-119\/\" \/>\n<meta property=\"og:locale\" content=\"es_ES\" \/>\n<meta property=\"og:type\" content=\"article\" \/>\n<meta property=\"og:title\" content=\"Cuatriciclo De Metal Kawasaki Prairie 400 Welly Escala 1:19 - Tomaso Store\" \/>\n<meta property=\"og:description\" content=\"Este modelo, a escala 1:19, es parte de una exclusiva l\u00ednea de autos de colecci\u00f3n, fabricados en metal con detalles pl\u00e1sticos que realzan su autenticidad. Dise\u00f1ado para ni\u00f1os mayores de 7 a\u00f1os y coleccionistas, este cuatriciclo representa la marca Kawasaki y el modelo Prairie, lanzado en 2020. Su carrocer\u00eda de metal garantiza durabilidad y resistencia, [&hellip;]\" \/>\n<meta property=\"og:url\" content=\"https:\/\/tomasostore.com.ar\/tienda\/producto\/cuatriciclo-de-metal-kawasaki-prairie-400-welly-escala-119\/\" \/>\n<meta property=\"og:site_name\" content=\"Tomaso Store\" \/>\n<meta property=\"article:modified_time\" content=\"2025-07-29T15:22:44+00:00\" \/>\n<meta property=\"og:image\" content=\"https:\/\/tomasostore.com.ar\/tienda\/wp-content\/uploads\/2025\/07\/untitled-project-2024-01-10t191303-252-7677327cacf9a8749917049248440192-1024-1024.jpg\" \/>\n\t<meta property=\"og:image:width\" content=\"1024\" \/>\n\t<meta property=\"og:image:height\" content=\"1024\" \/>\n\t<meta property=\"og:image:type\" content=\"image\/jpeg\" \/>\n<meta name=\"twitter:card\" content=\"summary_large_image\" \/>\n<script type=\"application\/ld+json\" class=\"yoast-schema-graph\">{\"@context\":\"https:\\\/\\\/schema.org\",\"@graph\":[{\"@type\":\"WebPage\",\"@id\":\"https:\\\/\\\/tomasostore.com.ar\\\/tienda\\\/producto\\\/cuatriciclo-de-metal-kawasaki-prairie-400-welly-escala-119\\\/\",\"url\":\"https:\\\/\\\/tomasostore.com.ar\\\/tienda\\\/producto\\\/cuatriciclo-de-metal-kawasaki-prairie-400-welly-escala-119\\\/\",\"name\":\"Cuatriciclo De Metal Kawasaki Prairie 400 Welly Escala 1:19 - Tomaso Store\",\"isPartOf\":{\"@id\":\"https:\\\/\\\/tomasostore.com.ar\\\/tienda\\\/#website\"},\"primaryImageOfPage\":{\"@id\":\"https:\\\/\\\/tomasostore.com.ar\\\/tienda\\\/producto\\\/cuatriciclo-de-metal-kawasaki-prairie-400-welly-escala-119\\\/#primaryimage\"},\"image\":{\"@id\":\"https:\\\/\\\/tomasostore.com.ar\\\/tienda\\\/producto\\\/cuatriciclo-de-metal-kawasaki-prairie-400-welly-escala-119\\\/#primaryimage\"},\"thumbnailUrl\":\"https:\\\/\\\/tomasostore.com.ar\\\/tienda\\\/wp-content\\\/uploads\\\/2025\\\/07\\\/untitled-project-2024-01-10t191303-252-7677327cacf9a8749917049248440192-1024-1024.jpg\",\"datePublished\":\"2025-07-19T14:45:21+00:00\",\"dateModified\":\"2025-07-29T15:22:44+00:00\",\"breadcrumb\":{\"@id\":\"https:\\\/\\\/tomasostore.com.ar\\\/tienda\\\/producto\\\/cuatriciclo-de-metal-kawasaki-prairie-400-welly-escala-119\\\/#breadcrumb\"},\"inLanguage\":\"es\",\"potentialAction\":[{\"@type\":\"ReadAction\",\"target\":[\"https:\\\/\\\/tomasostore.com.ar\\\/tienda\\\/producto\\\/cuatriciclo-de-metal-kawasaki-prairie-400-welly-escala-119\\\/\"]}]},{\"@type\":\"ImageObject\",\"inLanguage\":\"es\",\"@id\":\"https:\\\/\\\/tomasostore.com.ar\\\/tienda\\\/producto\\\/cuatriciclo-de-metal-kawasaki-prairie-400-welly-escala-119\\\/#primaryimage\",\"url\":\"https:\\\/\\\/tomasostore.com.ar\\\/tienda\\\/wp-content\\\/uploads\\\/2025\\\/07\\\/untitled-project-2024-01-10t191303-252-7677327cacf9a8749917049248440192-1024-1024.jpg\",\"contentUrl\":\"https:\\\/\\\/tomasostore.com.ar\\\/tienda\\\/wp-content\\\/uploads\\\/2025\\\/07\\\/untitled-project-2024-01-10t191303-252-7677327cacf9a8749917049248440192-1024-1024.jpg\",\"width\":1024,\"height\":1024},{\"@type\":\"BreadcrumbList\",\"@id\":\"https:\\\/\\\/tomasostore.com.ar\\\/tienda\\\/producto\\\/cuatriciclo-de-metal-kawasaki-prairie-400-welly-escala-119\\\/#breadcrumb\",\"itemListElement\":[{\"@type\":\"ListItem\",\"position\":1,\"name\":\"Portada\",\"item\":\"https:\\\/\\\/tomasostore.com.ar\\\/tienda\\\/\"},{\"@type\":\"ListItem\",\"position\":2,\"name\":\"Tienda\",\"item\":\"https:\\\/\\\/tomasostore.com.ar\\\/tienda\\\/tienda\\\/\"},{\"@type\":\"ListItem\",\"position\":3,\"name\":\"Cuatriciclo De Metal Kawasaki Prairie 400 Welly Escala 1:19\"}]},{\"@type\":\"WebSite\",\"@id\":\"https:\\\/\\\/tomasostore.com.ar\\\/tienda\\\/#website\",\"url\":\"https:\\\/\\\/tomasostore.com.ar\\\/tienda\\\/\",\"name\":\"Tomaso Store\",\"description\":\"Compr\u00e1s online, recib\u00eds en mano. Desde Hernando, llevando confianza a tu casa. Productos con garant\u00eda.\",\"potentialAction\":[{\"@type\":\"SearchAction\",\"target\":{\"@type\":\"EntryPoint\",\"urlTemplate\":\"https:\\\/\\\/tomasostore.com.ar\\\/tienda\\\/?s={search_term_string}\"},\"query-input\":{\"@type\":\"PropertyValueSpecification\",\"valueRequired\":true,\"valueName\":\"search_term_string\"}}],\"inLanguage\":\"es\"}]}<\/script>\n<!-- \/ Yoast SEO plugin. -->","yoast_head_json":{"title":"Cuatriciclo De Metal Kawasaki Prairie 400 Welly Escala 1:19 - Tomaso Store","robots":{"index":"index","follow":"follow","max-snippet":"max-snippet:-1","max-image-preview":"max-image-preview:large","max-video-preview":"max-video-preview:-1"},"canonical":"https:\/\/tomasostore.com.ar\/tienda\/producto\/cuatriciclo-de-metal-kawasaki-prairie-400-welly-escala-119\/","og_locale":"es_ES","og_type":"article","og_title":"Cuatriciclo De Metal Kawasaki Prairie 400 Welly Escala 1:19 - Tomaso Store","og_description":"Este modelo, a escala 1:19, es parte de una exclusiva l\u00ednea de autos de colecci\u00f3n, fabricados en metal con detalles pl\u00e1sticos que realzan su autenticidad. Dise\u00f1ado para ni\u00f1os mayores de 7 a\u00f1os y coleccionistas, este cuatriciclo representa la marca Kawasaki y el modelo Prairie, lanzado en 2020. Su carrocer\u00eda de metal garantiza durabilidad y resistencia, [&hellip;]","og_url":"https:\/\/tomasostore.com.ar\/tienda\/producto\/cuatriciclo-de-metal-kawasaki-prairie-400-welly-escala-119\/","og_site_name":"Tomaso Store","article_modified_time":"2025-07-29T15:22:44+00:00","og_image":[{"width":1024,"height":1024,"url":"https:\/\/tomasostore.com.ar\/tienda\/wp-content\/uploads\/2025\/07\/untitled-project-2024-01-10t191303-252-7677327cacf9a8749917049248440192-1024-1024.jpg","type":"image\/jpeg"}],"twitter_card":"summary_large_image","schema":{"@context":"https:\/\/schema.org","@graph":[{"@type":"WebPage","@id":"https:\/\/tomasostore.com.ar\/tienda\/producto\/cuatriciclo-de-metal-kawasaki-prairie-400-welly-escala-119\/","url":"https:\/\/tomasostore.com.ar\/tienda\/producto\/cuatriciclo-de-metal-kawasaki-prairie-400-welly-escala-119\/","name":"Cuatriciclo De Metal Kawasaki Prairie 400 Welly Escala 1:19 - Tomaso Store","isPartOf":{"@id":"https:\/\/tomasostore.com.ar\/tienda\/#website"},"primaryImageOfPage":{"@id":"https:\/\/tomasostore.com.ar\/tienda\/producto\/cuatriciclo-de-metal-kawasaki-prairie-400-welly-escala-119\/#primaryimage"},"image":{"@id":"https:\/\/tomasostore.com.ar\/tienda\/producto\/cuatriciclo-de-metal-kawasaki-prairie-400-welly-escala-119\/#primaryimage"},"thumbnailUrl":"https:\/\/tomasostore.com.ar\/tienda\/wp-content\/uploads\/2025\/07\/untitled-project-2024-01-10t191303-252-7677327cacf9a8749917049248440192-1024-1024.jpg","datePublished":"2025-07-19T14:45:21+00:00","dateModified":"2025-07-29T15:22:44+00:00","breadcrumb":{"@id":"https:\/\/tomasostore.com.ar\/tienda\/producto\/cuatriciclo-de-metal-kawasaki-prairie-400-welly-escala-119\/#breadcrumb"},"inLanguage":"es","potentialAction":[{"@type":"ReadAction","target":["https:\/\/tomasostore.com.ar\/tienda\/producto\/cuatriciclo-de-metal-kawasaki-prairie-400-welly-escala-119\/"]}]},{"@type":"ImageObject","inLanguage":"es","@id":"https:\/\/tomasostore.com.ar\/tienda\/producto\/cuatriciclo-de-metal-kawasaki-prairie-400-welly-escala-119\/#primaryimage","url":"https:\/\/tomasostore.com.ar\/tienda\/wp-content\/uploads\/2025\/07\/untitled-project-2024-01-10t191303-252-7677327cacf9a8749917049248440192-1024-1024.jpg","contentUrl":"https:\/\/tomasostore.com.ar\/tienda\/wp-content\/uploads\/2025\/07\/untitled-project-2024-01-10t191303-252-7677327cacf9a8749917049248440192-1024-1024.jpg","width":1024,"height":1024},{"@type":"BreadcrumbList","@id":"https:\/\/tomasostore.com.ar\/tienda\/producto\/cuatriciclo-de-metal-kawasaki-prairie-400-welly-escala-119\/#breadcrumb","itemListElement":[{"@type":"ListItem","position":1,"name":"Portada","item":"https:\/\/tomasostore.com.ar\/tienda\/"},{"@type":"ListItem","position":2,"name":"Tienda","item":"https:\/\/tomasostore.com.ar\/tienda\/tienda\/"},{"@type":"ListItem","position":3,"name":"Cuatriciclo De Metal Kawasaki Prairie 400 Welly Escala 1:19"}]},{"@type":"WebSite","@id":"https:\/\/tomasostore.com.ar\/tienda\/#website","url":"https:\/\/tomasostore.com.ar\/tienda\/","name":"Tomaso Store","description":"Compr\u00e1s online, recib\u00eds en mano. Desde Hernando, llevando confianza a tu casa. Productos con garant\u00eda.","potentialAction":[{"@type":"SearchAction","target":{"@type":"EntryPoint","urlTemplate":"https:\/\/tomasostore.com.ar\/tienda\/?s={search_term_string}"},"query-input":{"@type":"PropertyValueSpecification","valueRequired":true,"valueName":"search_term_string"}}],"inLanguage":"es"}]}},"_links":{"self":[{"href":"https:\/\/tomasostore.com.ar\/tienda\/wp-json\/wp\/v2\/product\/236","targetHints":{"allow":["GET"]}}],"collection":[{"href":"https:\/\/tomasostore.com.ar\/tienda\/wp-json\/wp\/v2\/product"}],"about":[{"href":"https:\/\/tomasostore.com.ar\/tienda\/wp-json\/wp\/v2\/types\/product"}],"replies":[{"embeddable":true,"href":"https:\/\/tomasostore.com.ar\/tienda\/wp-json\/wp\/v2\/comments?post=236"}],"version-history":[{"count":2,"href":"https:\/\/tomasostore.com.ar\/tienda\/wp-json\/wp\/v2\/product\/236\/revisions"}],"predecessor-version":[{"id":34987,"href":"https:\/\/tomasostore.com.ar\/tienda\/wp-json\/wp\/v2\/product\/236\/revisions\/34987"}],"wp:featuredmedia":[{"embeddable":true,"href":"https:\/\/tomasostore.com.ar\/tienda\/wp-json\/wp\/v2\/media\/29348"}],"wp:attachment":[{"href":"https:\/\/tomasostore.com.ar\/tienda\/wp-json\/wp\/v2\/media?parent=236"}],"wp:term":[{"taxonomy":"product_brand","embeddable":true,"href":"https:\/\/tomasostore.com.ar\/tienda\/wp-json\/wp\/v2\/product_brand?post=236"},{"taxonomy":"product_cat","embeddable":true,"href":"https:\/\/tomasostore.com.ar\/tienda\/wp-json\/wp\/v2\/product_cat?post=236"},{"taxonomy":"product_tag","embeddable":true,"href":"https:\/\/tomasostore.com.ar\/tienda\/wp-json\/wp\/v2\/product_tag?post=236"}],"curies":[{"name":"wp","href":"https:\/\/api.w.org\/{rel}","templated":true}]}}