{"id":231,"date":"2025-07-19T10:04:26","date_gmt":"2025-07-19T13:04:26","guid":{"rendered":"https:\/\/tomasostore.com.ar\/tienda\/?post_type=product&#038;p=231"},"modified":"2025-07-29T12:09:13","modified_gmt":"2025-07-29T15:09:13","slug":"libro-abremente-en-accion-5-a-9-anos-catapulta","status":"publish","type":"product","link":"https:\/\/tomasostore.com.ar\/tienda\/producto\/libro-abremente-en-accion-5-a-9-anos-catapulta\/","title":{"rendered":"Libro Abremente En Accion 5 A 9 A\u00f1os Catapulta"},"content":{"rendered":"<p>Libro Abremente En Accion 5 A 9 A\u00f1os Catapulta El mundo Abremente crece con una nueva colecci\u00f3n: Abremente \u00a1En acci\u00f3n. Cuatro t\u00edtulos para lectores de 5 a 9 a\u00f1os con cientos de juegos y actividades que los invitan a poner manos a la obra para aprender y divertirse. Los ni\u00f1os y ni\u00f1as podr\u00e1n dibujar, pintar, recortar, plegar, imaginar, leer, resolver, descubrir, observar, inventar, buscar, deducir y experimentar.<\/p>\n","protected":false},"excerpt":{"rendered":"<p>Libro Abremente En Accion 5 A 9 A\u00f1os Catapulta El mundo Abremente crece con una nueva colecci\u00f3n: Abremente \u00a1En acci\u00f3n. Cuatro t\u00edtulos para lectores de 5 a 9 a\u00f1os con cientos de juegos y actividades que los invitan a poner manos a la obra para aprender y divertirse. Los ni\u00f1os y ni\u00f1as podr\u00e1n dibujar, pintar, [&hellip;]<\/p>\n","protected":false},"featured_media":20190,"comment_status":"open","ping_status":"closed","template":"","meta":[],"product_brand":[234],"product_cat":[630],"product_tag":[631],"class_list":{"0":"post-231","1":"product","2":"type-product","3":"status-publish","4":"has-post-thumbnail","6":"product_brand-catapulta","7":"product_cat-arte-y-libreria","8":"product_tag-arte-y-libreria","10":"first","11":"instock","12":"sale","13":"shipping-taxable","14":"purchasable","15":"product-type-simple"},"yoast_head":"<!-- This site is optimized with the Yoast SEO plugin v27.4 - https:\/\/yoast.com\/product\/yoast-seo-wordpress\/ -->\n<title>Libro Abremente En Accion 5 A 9 A\u00f1os Catapulta - Tomaso Store<\/title>\n<meta name=\"robots\" content=\"index, follow, max-snippet:-1, max-image-preview:large, max-video-preview:-1\" \/>\n<link rel=\"canonical\" href=\"https:\/\/tomasostore.com.ar\/tienda\/producto\/libro-abremente-en-accion-5-a-9-anos-catapulta\/\" \/>\n<meta property=\"og:locale\" content=\"es_ES\" \/>\n<meta property=\"og:type\" content=\"article\" \/>\n<meta property=\"og:title\" content=\"Libro Abremente En Accion 5 A 9 A\u00f1os Catapulta - Tomaso Store\" \/>\n<meta property=\"og:description\" content=\"Libro Abremente En Accion 5 A 9 A\u00f1os Catapulta El mundo Abremente crece con una nueva colecci\u00f3n: Abremente \u00a1En acci\u00f3n. Cuatro t\u00edtulos para lectores de 5 a 9 a\u00f1os con cientos de juegos y actividades que los invitan a poner manos a la obra para aprender y divertirse. Los ni\u00f1os y ni\u00f1as podr\u00e1n dibujar, pintar, [&hellip;]\" \/>\n<meta property=\"og:url\" content=\"https:\/\/tomasostore.com.ar\/tienda\/producto\/libro-abremente-en-accion-5-a-9-anos-catapulta\/\" \/>\n<meta property=\"og:site_name\" content=\"Tomaso Store\" \/>\n<meta property=\"article:modified_time\" content=\"2025-07-29T15:09:13+00:00\" \/>\n<meta property=\"og:image\" content=\"https:\/\/tomasostore.com.ar\/tienda\/wp-content\/uploads\/2025\/07\/catapulta-a4d2bbaa48e6d6f58117049772140172-1024-1024.png\" \/>\n\t<meta property=\"og:image:width\" content=\"1024\" \/>\n\t<meta property=\"og:image:height\" content=\"1024\" \/>\n\t<meta property=\"og:image:type\" content=\"image\/png\" \/>\n<meta name=\"twitter:card\" content=\"summary_large_image\" \/>\n<script type=\"application\/ld+json\" class=\"yoast-schema-graph\">{\"@context\":\"https:\\\/\\\/schema.org\",\"@graph\":[{\"@type\":\"WebPage\",\"@id\":\"https:\\\/\\\/tomasostore.com.ar\\\/tienda\\\/producto\\\/libro-abremente-en-accion-5-a-9-anos-catapulta\\\/\",\"url\":\"https:\\\/\\\/tomasostore.com.ar\\\/tienda\\\/producto\\\/libro-abremente-en-accion-5-a-9-anos-catapulta\\\/\",\"name\":\"Libro Abremente En Accion 5 A 9 A\u00f1os Catapulta - Tomaso Store\",\"isPartOf\":{\"@id\":\"https:\\\/\\\/tomasostore.com.ar\\\/tienda\\\/#website\"},\"primaryImageOfPage\":{\"@id\":\"https:\\\/\\\/tomasostore.com.ar\\\/tienda\\\/producto\\\/libro-abremente-en-accion-5-a-9-anos-catapulta\\\/#primaryimage\"},\"image\":{\"@id\":\"https:\\\/\\\/tomasostore.com.ar\\\/tienda\\\/producto\\\/libro-abremente-en-accion-5-a-9-anos-catapulta\\\/#primaryimage\"},\"thumbnailUrl\":\"https:\\\/\\\/tomasostore.com.ar\\\/tienda\\\/wp-content\\\/uploads\\\/2025\\\/07\\\/catapulta-a4d2bbaa48e6d6f58117049772140172-1024-1024.png\",\"datePublished\":\"2025-07-19T13:04:26+00:00\",\"dateModified\":\"2025-07-29T15:09:13+00:00\",\"breadcrumb\":{\"@id\":\"https:\\\/\\\/tomasostore.com.ar\\\/tienda\\\/producto\\\/libro-abremente-en-accion-5-a-9-anos-catapulta\\\/#breadcrumb\"},\"inLanguage\":\"es\",\"potentialAction\":[{\"@type\":\"ReadAction\",\"target\":[\"https:\\\/\\\/tomasostore.com.ar\\\/tienda\\\/producto\\\/libro-abremente-en-accion-5-a-9-anos-catapulta\\\/\"]}]},{\"@type\":\"ImageObject\",\"inLanguage\":\"es\",\"@id\":\"https:\\\/\\\/tomasostore.com.ar\\\/tienda\\\/producto\\\/libro-abremente-en-accion-5-a-9-anos-catapulta\\\/#primaryimage\",\"url\":\"https:\\\/\\\/tomasostore.com.ar\\\/tienda\\\/wp-content\\\/uploads\\\/2025\\\/07\\\/catapulta-a4d2bbaa48e6d6f58117049772140172-1024-1024.png\",\"contentUrl\":\"https:\\\/\\\/tomasostore.com.ar\\\/tienda\\\/wp-content\\\/uploads\\\/2025\\\/07\\\/catapulta-a4d2bbaa48e6d6f58117049772140172-1024-1024.png\",\"width\":1024,\"height\":1024},{\"@type\":\"BreadcrumbList\",\"@id\":\"https:\\\/\\\/tomasostore.com.ar\\\/tienda\\\/producto\\\/libro-abremente-en-accion-5-a-9-anos-catapulta\\\/#breadcrumb\",\"itemListElement\":[{\"@type\":\"ListItem\",\"position\":1,\"name\":\"Portada\",\"item\":\"https:\\\/\\\/tomasostore.com.ar\\\/tienda\\\/\"},{\"@type\":\"ListItem\",\"position\":2,\"name\":\"Tienda\",\"item\":\"https:\\\/\\\/tomasostore.com.ar\\\/tienda\\\/tienda\\\/\"},{\"@type\":\"ListItem\",\"position\":3,\"name\":\"Libro Abremente En Accion 5 A 9 A\u00f1os Catapulta\"}]},{\"@type\":\"WebSite\",\"@id\":\"https:\\\/\\\/tomasostore.com.ar\\\/tienda\\\/#website\",\"url\":\"https:\\\/\\\/tomasostore.com.ar\\\/tienda\\\/\",\"name\":\"Tomaso Store\",\"description\":\"Compr\u00e1s online, recib\u00eds en mano. Desde Hernando, llevando confianza a tu casa. Productos con garant\u00eda.\",\"potentialAction\":[{\"@type\":\"SearchAction\",\"target\":{\"@type\":\"EntryPoint\",\"urlTemplate\":\"https:\\\/\\\/tomasostore.com.ar\\\/tienda\\\/?s={search_term_string}\"},\"query-input\":{\"@type\":\"PropertyValueSpecification\",\"valueRequired\":true,\"valueName\":\"search_term_string\"}}],\"inLanguage\":\"es\"}]}<\/script>\n<!-- \/ Yoast SEO plugin. -->","yoast_head_json":{"title":"Libro Abremente En Accion 5 A 9 A\u00f1os Catapulta - Tomaso Store","robots":{"index":"index","follow":"follow","max-snippet":"max-snippet:-1","max-image-preview":"max-image-preview:large","max-video-preview":"max-video-preview:-1"},"canonical":"https:\/\/tomasostore.com.ar\/tienda\/producto\/libro-abremente-en-accion-5-a-9-anos-catapulta\/","og_locale":"es_ES","og_type":"article","og_title":"Libro Abremente En Accion 5 A 9 A\u00f1os Catapulta - Tomaso Store","og_description":"Libro Abremente En Accion 5 A 9 A\u00f1os Catapulta El mundo Abremente crece con una nueva colecci\u00f3n: Abremente \u00a1En acci\u00f3n. Cuatro t\u00edtulos para lectores de 5 a 9 a\u00f1os con cientos de juegos y actividades que los invitan a poner manos a la obra para aprender y divertirse. Los ni\u00f1os y ni\u00f1as podr\u00e1n dibujar, pintar, [&hellip;]","og_url":"https:\/\/tomasostore.com.ar\/tienda\/producto\/libro-abremente-en-accion-5-a-9-anos-catapulta\/","og_site_name":"Tomaso Store","article_modified_time":"2025-07-29T15:09:13+00:00","og_image":[{"width":1024,"height":1024,"url":"https:\/\/tomasostore.com.ar\/tienda\/wp-content\/uploads\/2025\/07\/catapulta-a4d2bbaa48e6d6f58117049772140172-1024-1024.png","type":"image\/png"}],"twitter_card":"summary_large_image","schema":{"@context":"https:\/\/schema.org","@graph":[{"@type":"WebPage","@id":"https:\/\/tomasostore.com.ar\/tienda\/producto\/libro-abremente-en-accion-5-a-9-anos-catapulta\/","url":"https:\/\/tomasostore.com.ar\/tienda\/producto\/libro-abremente-en-accion-5-a-9-anos-catapulta\/","name":"Libro Abremente En Accion 5 A 9 A\u00f1os Catapulta - Tomaso Store","isPartOf":{"@id":"https:\/\/tomasostore.com.ar\/tienda\/#website"},"primaryImageOfPage":{"@id":"https:\/\/tomasostore.com.ar\/tienda\/producto\/libro-abremente-en-accion-5-a-9-anos-catapulta\/#primaryimage"},"image":{"@id":"https:\/\/tomasostore.com.ar\/tienda\/producto\/libro-abremente-en-accion-5-a-9-anos-catapulta\/#primaryimage"},"thumbnailUrl":"https:\/\/tomasostore.com.ar\/tienda\/wp-content\/uploads\/2025\/07\/catapulta-a4d2bbaa48e6d6f58117049772140172-1024-1024.png","datePublished":"2025-07-19T13:04:26+00:00","dateModified":"2025-07-29T15:09:13+00:00","breadcrumb":{"@id":"https:\/\/tomasostore.com.ar\/tienda\/producto\/libro-abremente-en-accion-5-a-9-anos-catapulta\/#breadcrumb"},"inLanguage":"es","potentialAction":[{"@type":"ReadAction","target":["https:\/\/tomasostore.com.ar\/tienda\/producto\/libro-abremente-en-accion-5-a-9-anos-catapulta\/"]}]},{"@type":"ImageObject","inLanguage":"es","@id":"https:\/\/tomasostore.com.ar\/tienda\/producto\/libro-abremente-en-accion-5-a-9-anos-catapulta\/#primaryimage","url":"https:\/\/tomasostore.com.ar\/tienda\/wp-content\/uploads\/2025\/07\/catapulta-a4d2bbaa48e6d6f58117049772140172-1024-1024.png","contentUrl":"https:\/\/tomasostore.com.ar\/tienda\/wp-content\/uploads\/2025\/07\/catapulta-a4d2bbaa48e6d6f58117049772140172-1024-1024.png","width":1024,"height":1024},{"@type":"BreadcrumbList","@id":"https:\/\/tomasostore.com.ar\/tienda\/producto\/libro-abremente-en-accion-5-a-9-anos-catapulta\/#breadcrumb","itemListElement":[{"@type":"ListItem","position":1,"name":"Portada","item":"https:\/\/tomasostore.com.ar\/tienda\/"},{"@type":"ListItem","position":2,"name":"Tienda","item":"https:\/\/tomasostore.com.ar\/tienda\/tienda\/"},{"@type":"ListItem","position":3,"name":"Libro Abremente En Accion 5 A 9 A\u00f1os Catapulta"}]},{"@type":"WebSite","@id":"https:\/\/tomasostore.com.ar\/tienda\/#website","url":"https:\/\/tomasostore.com.ar\/tienda\/","name":"Tomaso Store","description":"Compr\u00e1s online, recib\u00eds en mano. Desde Hernando, llevando confianza a tu casa. Productos con garant\u00eda.","potentialAction":[{"@type":"SearchAction","target":{"@type":"EntryPoint","urlTemplate":"https:\/\/tomasostore.com.ar\/tienda\/?s={search_term_string}"},"query-input":{"@type":"PropertyValueSpecification","valueRequired":true,"valueName":"search_term_string"}}],"inLanguage":"es"}]}},"_links":{"self":[{"href":"https:\/\/tomasostore.com.ar\/tienda\/wp-json\/wp\/v2\/product\/231","targetHints":{"allow":["GET"]}}],"collection":[{"href":"https:\/\/tomasostore.com.ar\/tienda\/wp-json\/wp\/v2\/product"}],"about":[{"href":"https:\/\/tomasostore.com.ar\/tienda\/wp-json\/wp\/v2\/types\/product"}],"replies":[{"embeddable":true,"href":"https:\/\/tomasostore.com.ar\/tienda\/wp-json\/wp\/v2\/comments?post=231"}],"version-history":[{"count":2,"href":"https:\/\/tomasostore.com.ar\/tienda\/wp-json\/wp\/v2\/product\/231\/revisions"}],"predecessor-version":[{"id":30833,"href":"https:\/\/tomasostore.com.ar\/tienda\/wp-json\/wp\/v2\/product\/231\/revisions\/30833"}],"wp:featuredmedia":[{"embeddable":true,"href":"https:\/\/tomasostore.com.ar\/tienda\/wp-json\/wp\/v2\/media\/20190"}],"wp:attachment":[{"href":"https:\/\/tomasostore.com.ar\/tienda\/wp-json\/wp\/v2\/media?parent=231"}],"wp:term":[{"taxonomy":"product_brand","embeddable":true,"href":"https:\/\/tomasostore.com.ar\/tienda\/wp-json\/wp\/v2\/product_brand?post=231"},{"taxonomy":"product_cat","embeddable":true,"href":"https:\/\/tomasostore.com.ar\/tienda\/wp-json\/wp\/v2\/product_cat?post=231"},{"taxonomy":"product_tag","embeddable":true,"href":"https:\/\/tomasostore.com.ar\/tienda\/wp-json\/wp\/v2\/product_tag?post=231"}],"curies":[{"name":"wp","href":"https:\/\/api.w.org\/{rel}","templated":true}]}}