{"id":223,"date":"2025-07-19T11:24:52","date_gmt":"2025-07-19T14:24:52","guid":{"rendered":"https:\/\/tomasostore.com.ar\/tienda\/?post_type=product&#038;p=223"},"modified":"2025-07-29T12:20:25","modified_gmt":"2025-07-29T15:20:25","slug":"pinypon-figura-con-vehiculo-y-accesorios-7012713","status":"publish","type":"product","link":"https:\/\/tomasostore.com.ar\/tienda\/producto\/pinypon-figura-con-vehiculo-y-accesorios-7012713\/","title":{"rendered":"Pinypon Figura Con Vehiculo Y Accesorios 7012713"},"content":{"rendered":"<p>Mu\u00f1eca Vehiculo Con Accesorios Pinypon 7012713 Ad\u00e9ntrate en un universo de entretenimiento y creatividad con la mu\u00f1eca Pinypon Auto de Picnic. Este juguete proporciona horas de juego imaginativo. Edad m\u00ednima recomendada: 4 a\u00f1os.<\/p>\n","protected":false},"excerpt":{"rendered":"<p>Mu\u00f1eca Vehiculo Con Accesorios Pinypon 7012713 Ad\u00e9ntrate en un universo de entretenimiento y creatividad con la mu\u00f1eca Pinypon Auto de Picnic. Este juguete proporciona horas de juego imaginativo. Edad m\u00ednima recomendada: 4 a\u00f1os.<\/p>\n","protected":false},"featured_media":27675,"comment_status":"open","ping_status":"closed","template":"","meta":[],"product_brand":[110],"product_cat":[656],"product_tag":[657],"class_list":{"0":"post-223","1":"product","2":"type-product","3":"status-publish","4":"has-post-thumbnail","6":"product_brand-caffaro","7":"product_cat-munecas-y-bebotes","8":"product_tag-munecas-y-bebotes","10":"first","11":"instock","12":"sale","13":"shipping-taxable","14":"purchasable","15":"product-type-simple"},"yoast_head":"<!-- This site is optimized with the Yoast SEO plugin v27.5 - https:\/\/yoast.com\/product\/yoast-seo-wordpress\/ -->\n<title>Pinypon Figura Con Vehiculo Y Accesorios 7012713 - Tomaso Store<\/title>\n<meta name=\"robots\" content=\"index, follow, max-snippet:-1, max-image-preview:large, max-video-preview:-1\" \/>\n<link rel=\"canonical\" href=\"https:\/\/tomasostore.com.ar\/tienda\/producto\/pinypon-figura-con-vehiculo-y-accesorios-7012713\/\" \/>\n<meta property=\"og:locale\" content=\"es_ES\" \/>\n<meta property=\"og:type\" content=\"article\" \/>\n<meta property=\"og:title\" content=\"Pinypon Figura Con Vehiculo Y Accesorios 7012713 - Tomaso Store\" \/>\n<meta property=\"og:description\" content=\"Mu\u00f1eca Vehiculo Con Accesorios Pinypon 7012713 Ad\u00e9ntrate en un universo de entretenimiento y creatividad con la mu\u00f1eca Pinypon Auto de Picnic. Este juguete proporciona horas de juego imaginativo. Edad m\u00ednima recomendada: 4 a\u00f1os.\" \/>\n<meta property=\"og:url\" content=\"https:\/\/tomasostore.com.ar\/tienda\/producto\/pinypon-figura-con-vehiculo-y-accesorios-7012713\/\" \/>\n<meta property=\"og:site_name\" content=\"Tomaso Store\" \/>\n<meta property=\"article:modified_time\" content=\"2025-07-29T15:20:25+00:00\" \/>\n<meta property=\"og:image\" content=\"https:\/\/tomasostore.com.ar\/tienda\/wp-content\/uploads\/2025\/07\/diseno-sin-titulo-2024-01-11t123351-907-6025bf14b2a34c5d4217049873209161-1024-1024.png\" \/>\n\t<meta property=\"og:image:width\" content=\"1024\" \/>\n\t<meta property=\"og:image:height\" content=\"1024\" \/>\n\t<meta property=\"og:image:type\" content=\"image\/png\" \/>\n<meta name=\"twitter:card\" content=\"summary_large_image\" \/>\n<script type=\"application\/ld+json\" class=\"yoast-schema-graph\">{\"@context\":\"https:\\\/\\\/schema.org\",\"@graph\":[{\"@type\":\"WebPage\",\"@id\":\"https:\\\/\\\/tomasostore.com.ar\\\/tienda\\\/producto\\\/pinypon-figura-con-vehiculo-y-accesorios-7012713\\\/\",\"url\":\"https:\\\/\\\/tomasostore.com.ar\\\/tienda\\\/producto\\\/pinypon-figura-con-vehiculo-y-accesorios-7012713\\\/\",\"name\":\"Pinypon Figura Con Vehiculo Y Accesorios 7012713 - Tomaso Store\",\"isPartOf\":{\"@id\":\"https:\\\/\\\/tomasostore.com.ar\\\/tienda\\\/#website\"},\"primaryImageOfPage\":{\"@id\":\"https:\\\/\\\/tomasostore.com.ar\\\/tienda\\\/producto\\\/pinypon-figura-con-vehiculo-y-accesorios-7012713\\\/#primaryimage\"},\"image\":{\"@id\":\"https:\\\/\\\/tomasostore.com.ar\\\/tienda\\\/producto\\\/pinypon-figura-con-vehiculo-y-accesorios-7012713\\\/#primaryimage\"},\"thumbnailUrl\":\"https:\\\/\\\/tomasostore.com.ar\\\/tienda\\\/wp-content\\\/uploads\\\/2025\\\/07\\\/diseno-sin-titulo-2024-01-11t123351-907-6025bf14b2a34c5d4217049873209161-1024-1024.png\",\"datePublished\":\"2025-07-19T14:24:52+00:00\",\"dateModified\":\"2025-07-29T15:20:25+00:00\",\"breadcrumb\":{\"@id\":\"https:\\\/\\\/tomasostore.com.ar\\\/tienda\\\/producto\\\/pinypon-figura-con-vehiculo-y-accesorios-7012713\\\/#breadcrumb\"},\"inLanguage\":\"es\",\"potentialAction\":[{\"@type\":\"ReadAction\",\"target\":[\"https:\\\/\\\/tomasostore.com.ar\\\/tienda\\\/producto\\\/pinypon-figura-con-vehiculo-y-accesorios-7012713\\\/\"]}]},{\"@type\":\"ImageObject\",\"inLanguage\":\"es\",\"@id\":\"https:\\\/\\\/tomasostore.com.ar\\\/tienda\\\/producto\\\/pinypon-figura-con-vehiculo-y-accesorios-7012713\\\/#primaryimage\",\"url\":\"https:\\\/\\\/tomasostore.com.ar\\\/tienda\\\/wp-content\\\/uploads\\\/2025\\\/07\\\/diseno-sin-titulo-2024-01-11t123351-907-6025bf14b2a34c5d4217049873209161-1024-1024.png\",\"contentUrl\":\"https:\\\/\\\/tomasostore.com.ar\\\/tienda\\\/wp-content\\\/uploads\\\/2025\\\/07\\\/diseno-sin-titulo-2024-01-11t123351-907-6025bf14b2a34c5d4217049873209161-1024-1024.png\",\"width\":1024,\"height\":1024},{\"@type\":\"BreadcrumbList\",\"@id\":\"https:\\\/\\\/tomasostore.com.ar\\\/tienda\\\/producto\\\/pinypon-figura-con-vehiculo-y-accesorios-7012713\\\/#breadcrumb\",\"itemListElement\":[{\"@type\":\"ListItem\",\"position\":1,\"name\":\"Portada\",\"item\":\"https:\\\/\\\/tomasostore.com.ar\\\/tienda\\\/\"},{\"@type\":\"ListItem\",\"position\":2,\"name\":\"Tienda\",\"item\":\"https:\\\/\\\/tomasostore.com.ar\\\/tienda\\\/tienda\\\/\"},{\"@type\":\"ListItem\",\"position\":3,\"name\":\"Pinypon Figura Con Vehiculo Y Accesorios 7012713\"}]},{\"@type\":\"WebSite\",\"@id\":\"https:\\\/\\\/tomasostore.com.ar\\\/tienda\\\/#website\",\"url\":\"https:\\\/\\\/tomasostore.com.ar\\\/tienda\\\/\",\"name\":\"Tomaso Store\",\"description\":\"Compr\u00e1s online, recib\u00eds en mano. Desde Hernando, llevando confianza a tu casa. Productos con garant\u00eda.\",\"potentialAction\":[{\"@type\":\"SearchAction\",\"target\":{\"@type\":\"EntryPoint\",\"urlTemplate\":\"https:\\\/\\\/tomasostore.com.ar\\\/tienda\\\/?s={search_term_string}\"},\"query-input\":{\"@type\":\"PropertyValueSpecification\",\"valueRequired\":true,\"valueName\":\"search_term_string\"}}],\"inLanguage\":\"es\"}]}<\/script>\n<!-- \/ Yoast SEO plugin. -->","yoast_head_json":{"title":"Pinypon Figura Con Vehiculo Y Accesorios 7012713 - Tomaso Store","robots":{"index":"index","follow":"follow","max-snippet":"max-snippet:-1","max-image-preview":"max-image-preview:large","max-video-preview":"max-video-preview:-1"},"canonical":"https:\/\/tomasostore.com.ar\/tienda\/producto\/pinypon-figura-con-vehiculo-y-accesorios-7012713\/","og_locale":"es_ES","og_type":"article","og_title":"Pinypon Figura Con Vehiculo Y Accesorios 7012713 - Tomaso Store","og_description":"Mu\u00f1eca Vehiculo Con Accesorios Pinypon 7012713 Ad\u00e9ntrate en un universo de entretenimiento y creatividad con la mu\u00f1eca Pinypon Auto de Picnic. Este juguete proporciona horas de juego imaginativo. Edad m\u00ednima recomendada: 4 a\u00f1os.","og_url":"https:\/\/tomasostore.com.ar\/tienda\/producto\/pinypon-figura-con-vehiculo-y-accesorios-7012713\/","og_site_name":"Tomaso Store","article_modified_time":"2025-07-29T15:20:25+00:00","og_image":[{"width":1024,"height":1024,"url":"https:\/\/tomasostore.com.ar\/tienda\/wp-content\/uploads\/2025\/07\/diseno-sin-titulo-2024-01-11t123351-907-6025bf14b2a34c5d4217049873209161-1024-1024.png","type":"image\/png"}],"twitter_card":"summary_large_image","schema":{"@context":"https:\/\/schema.org","@graph":[{"@type":"WebPage","@id":"https:\/\/tomasostore.com.ar\/tienda\/producto\/pinypon-figura-con-vehiculo-y-accesorios-7012713\/","url":"https:\/\/tomasostore.com.ar\/tienda\/producto\/pinypon-figura-con-vehiculo-y-accesorios-7012713\/","name":"Pinypon Figura Con Vehiculo Y Accesorios 7012713 - Tomaso Store","isPartOf":{"@id":"https:\/\/tomasostore.com.ar\/tienda\/#website"},"primaryImageOfPage":{"@id":"https:\/\/tomasostore.com.ar\/tienda\/producto\/pinypon-figura-con-vehiculo-y-accesorios-7012713\/#primaryimage"},"image":{"@id":"https:\/\/tomasostore.com.ar\/tienda\/producto\/pinypon-figura-con-vehiculo-y-accesorios-7012713\/#primaryimage"},"thumbnailUrl":"https:\/\/tomasostore.com.ar\/tienda\/wp-content\/uploads\/2025\/07\/diseno-sin-titulo-2024-01-11t123351-907-6025bf14b2a34c5d4217049873209161-1024-1024.png","datePublished":"2025-07-19T14:24:52+00:00","dateModified":"2025-07-29T15:20:25+00:00","breadcrumb":{"@id":"https:\/\/tomasostore.com.ar\/tienda\/producto\/pinypon-figura-con-vehiculo-y-accesorios-7012713\/#breadcrumb"},"inLanguage":"es","potentialAction":[{"@type":"ReadAction","target":["https:\/\/tomasostore.com.ar\/tienda\/producto\/pinypon-figura-con-vehiculo-y-accesorios-7012713\/"]}]},{"@type":"ImageObject","inLanguage":"es","@id":"https:\/\/tomasostore.com.ar\/tienda\/producto\/pinypon-figura-con-vehiculo-y-accesorios-7012713\/#primaryimage","url":"https:\/\/tomasostore.com.ar\/tienda\/wp-content\/uploads\/2025\/07\/diseno-sin-titulo-2024-01-11t123351-907-6025bf14b2a34c5d4217049873209161-1024-1024.png","contentUrl":"https:\/\/tomasostore.com.ar\/tienda\/wp-content\/uploads\/2025\/07\/diseno-sin-titulo-2024-01-11t123351-907-6025bf14b2a34c5d4217049873209161-1024-1024.png","width":1024,"height":1024},{"@type":"BreadcrumbList","@id":"https:\/\/tomasostore.com.ar\/tienda\/producto\/pinypon-figura-con-vehiculo-y-accesorios-7012713\/#breadcrumb","itemListElement":[{"@type":"ListItem","position":1,"name":"Portada","item":"https:\/\/tomasostore.com.ar\/tienda\/"},{"@type":"ListItem","position":2,"name":"Tienda","item":"https:\/\/tomasostore.com.ar\/tienda\/tienda\/"},{"@type":"ListItem","position":3,"name":"Pinypon Figura Con Vehiculo Y Accesorios 7012713"}]},{"@type":"WebSite","@id":"https:\/\/tomasostore.com.ar\/tienda\/#website","url":"https:\/\/tomasostore.com.ar\/tienda\/","name":"Tomaso Store","description":"Compr\u00e1s online, recib\u00eds en mano. Desde Hernando, llevando confianza a tu casa. Productos con garant\u00eda.","potentialAction":[{"@type":"SearchAction","target":{"@type":"EntryPoint","urlTemplate":"https:\/\/tomasostore.com.ar\/tienda\/?s={search_term_string}"},"query-input":{"@type":"PropertyValueSpecification","valueRequired":true,"valueName":"search_term_string"}}],"inLanguage":"es"}]}},"_links":{"self":[{"href":"https:\/\/tomasostore.com.ar\/tienda\/wp-json\/wp\/v2\/product\/223","targetHints":{"allow":["GET"]}}],"collection":[{"href":"https:\/\/tomasostore.com.ar\/tienda\/wp-json\/wp\/v2\/product"}],"about":[{"href":"https:\/\/tomasostore.com.ar\/tienda\/wp-json\/wp\/v2\/types\/product"}],"replies":[{"embeddable":true,"href":"https:\/\/tomasostore.com.ar\/tienda\/wp-json\/wp\/v2\/comments?post=223"}],"version-history":[{"count":2,"href":"https:\/\/tomasostore.com.ar\/tienda\/wp-json\/wp\/v2\/product\/223\/revisions"}],"predecessor-version":[{"id":34228,"href":"https:\/\/tomasostore.com.ar\/tienda\/wp-json\/wp\/v2\/product\/223\/revisions\/34228"}],"wp:featuredmedia":[{"embeddable":true,"href":"https:\/\/tomasostore.com.ar\/tienda\/wp-json\/wp\/v2\/media\/27675"}],"wp:attachment":[{"href":"https:\/\/tomasostore.com.ar\/tienda\/wp-json\/wp\/v2\/media?parent=223"}],"wp:term":[{"taxonomy":"product_brand","embeddable":true,"href":"https:\/\/tomasostore.com.ar\/tienda\/wp-json\/wp\/v2\/product_brand?post=223"},{"taxonomy":"product_cat","embeddable":true,"href":"https:\/\/tomasostore.com.ar\/tienda\/wp-json\/wp\/v2\/product_cat?post=223"},{"taxonomy":"product_tag","embeddable":true,"href":"https:\/\/tomasostore.com.ar\/tienda\/wp-json\/wp\/v2\/product_tag?post=223"}],"curies":[{"name":"wp","href":"https:\/\/api.w.org\/{rel}","templated":true}]}}