{"id":197,"date":"2025-07-19T11:00:48","date_gmt":"2025-07-19T14:00:48","guid":{"rendered":"https:\/\/tomasostore.com.ar\/tienda\/?post_type=product&#038;p=197"},"modified":"2025-07-29T12:17:30","modified_gmt":"2025-07-29T15:17:30","slug":"pistola-dart-zone-storm-squad-quickshot-blaster-61086-wabro","status":"publish","type":"product","link":"https:\/\/tomasostore.com.ar\/tienda\/producto\/pistola-dart-zone-storm-squad-quickshot-blaster-61086-wabro\/","title":{"rendered":"Pistola Dart Zone Storm Squad Quickshot Blaster 61086 Wabro"},"content":{"rendered":"<p>Pistola Dart Zone Storm Squad Quickshot Blaster 61086 Wabro El Dart Zone\u00ae Storm Squad puede disparar cuatro flechas de espuma hasta una distancia de 25 mts. Este blaster de tiro r\u00e1pido es s\u00faper efectivo en cualquier pelea de flechas. El tambor giratorio contiene 4 flechas que disparan de forma precisa.<\/p>\n","protected":false},"excerpt":{"rendered":"<p>Pistola Dart Zone Storm Squad Quickshot Blaster 61086 Wabro El Dart Zone\u00ae Storm Squad puede disparar cuatro flechas de espuma hasta una distancia de 25 mts. Este blaster de tiro r\u00e1pido es s\u00faper efectivo en cualquier pelea de flechas. El tambor giratorio contiene 4 flechas que disparan de forma precisa.<\/p>\n","protected":false},"featured_media":25632,"comment_status":"open","ping_status":"closed","template":"","meta":[],"product_brand":[44],"product_cat":[648],"product_tag":[649],"class_list":{"0":"post-197","1":"product","2":"type-product","3":"status-publish","4":"has-post-thumbnail","6":"product_brand-wabro","7":"product_cat-juegos-y-juguetes","8":"product_tag-juegos-y-juguetes","10":"first","11":"instock","12":"sale","13":"shipping-taxable","14":"purchasable","15":"product-type-simple"},"yoast_head":"<!-- This site is optimized with the Yoast SEO plugin v27.4 - https:\/\/yoast.com\/product\/yoast-seo-wordpress\/ -->\n<title>Pistola Dart Zone Storm Squad Quickshot Blaster 61086 Wabro - Tomaso Store<\/title>\n<meta name=\"robots\" content=\"index, follow, max-snippet:-1, max-image-preview:large, max-video-preview:-1\" \/>\n<link rel=\"canonical\" href=\"https:\/\/tomasostore.com.ar\/tienda\/producto\/pistola-dart-zone-storm-squad-quickshot-blaster-61086-wabro\/\" \/>\n<meta property=\"og:locale\" content=\"es_ES\" \/>\n<meta property=\"og:type\" content=\"article\" \/>\n<meta property=\"og:title\" content=\"Pistola Dart Zone Storm Squad Quickshot Blaster 61086 Wabro - Tomaso Store\" \/>\n<meta property=\"og:description\" content=\"Pistola Dart Zone Storm Squad Quickshot Blaster 61086 Wabro El Dart Zone\u00ae Storm Squad puede disparar cuatro flechas de espuma hasta una distancia de 25 mts. Este blaster de tiro r\u00e1pido es s\u00faper efectivo en cualquier pelea de flechas. El tambor giratorio contiene 4 flechas que disparan de forma precisa.\" \/>\n<meta property=\"og:url\" content=\"https:\/\/tomasostore.com.ar\/tienda\/producto\/pistola-dart-zone-storm-squad-quickshot-blaster-61086-wabro\/\" \/>\n<meta property=\"og:site_name\" content=\"Tomaso Store\" \/>\n<meta property=\"article:modified_time\" content=\"2025-07-29T15:17:30+00:00\" \/>\n<meta property=\"og:image\" content=\"https:\/\/tomasostore.com.ar\/tienda\/wp-content\/uploads\/2025\/07\/libro-11-334033508f454bed5417049971700876-1024-1024.png\" \/>\n\t<meta property=\"og:image:width\" content=\"1024\" \/>\n\t<meta property=\"og:image:height\" content=\"1024\" \/>\n\t<meta property=\"og:image:type\" content=\"image\/png\" \/>\n<meta name=\"twitter:card\" content=\"summary_large_image\" \/>\n<script type=\"application\/ld+json\" class=\"yoast-schema-graph\">{\"@context\":\"https:\\\/\\\/schema.org\",\"@graph\":[{\"@type\":\"WebPage\",\"@id\":\"https:\\\/\\\/tomasostore.com.ar\\\/tienda\\\/producto\\\/pistola-dart-zone-storm-squad-quickshot-blaster-61086-wabro\\\/\",\"url\":\"https:\\\/\\\/tomasostore.com.ar\\\/tienda\\\/producto\\\/pistola-dart-zone-storm-squad-quickshot-blaster-61086-wabro\\\/\",\"name\":\"Pistola Dart Zone Storm Squad Quickshot Blaster 61086 Wabro - Tomaso Store\",\"isPartOf\":{\"@id\":\"https:\\\/\\\/tomasostore.com.ar\\\/tienda\\\/#website\"},\"primaryImageOfPage\":{\"@id\":\"https:\\\/\\\/tomasostore.com.ar\\\/tienda\\\/producto\\\/pistola-dart-zone-storm-squad-quickshot-blaster-61086-wabro\\\/#primaryimage\"},\"image\":{\"@id\":\"https:\\\/\\\/tomasostore.com.ar\\\/tienda\\\/producto\\\/pistola-dart-zone-storm-squad-quickshot-blaster-61086-wabro\\\/#primaryimage\"},\"thumbnailUrl\":\"https:\\\/\\\/tomasostore.com.ar\\\/tienda\\\/wp-content\\\/uploads\\\/2025\\\/07\\\/libro-11-334033508f454bed5417049971700876-1024-1024.png\",\"datePublished\":\"2025-07-19T14:00:48+00:00\",\"dateModified\":\"2025-07-29T15:17:30+00:00\",\"breadcrumb\":{\"@id\":\"https:\\\/\\\/tomasostore.com.ar\\\/tienda\\\/producto\\\/pistola-dart-zone-storm-squad-quickshot-blaster-61086-wabro\\\/#breadcrumb\"},\"inLanguage\":\"es\",\"potentialAction\":[{\"@type\":\"ReadAction\",\"target\":[\"https:\\\/\\\/tomasostore.com.ar\\\/tienda\\\/producto\\\/pistola-dart-zone-storm-squad-quickshot-blaster-61086-wabro\\\/\"]}]},{\"@type\":\"ImageObject\",\"inLanguage\":\"es\",\"@id\":\"https:\\\/\\\/tomasostore.com.ar\\\/tienda\\\/producto\\\/pistola-dart-zone-storm-squad-quickshot-blaster-61086-wabro\\\/#primaryimage\",\"url\":\"https:\\\/\\\/tomasostore.com.ar\\\/tienda\\\/wp-content\\\/uploads\\\/2025\\\/07\\\/libro-11-334033508f454bed5417049971700876-1024-1024.png\",\"contentUrl\":\"https:\\\/\\\/tomasostore.com.ar\\\/tienda\\\/wp-content\\\/uploads\\\/2025\\\/07\\\/libro-11-334033508f454bed5417049971700876-1024-1024.png\",\"width\":1024,\"height\":1024},{\"@type\":\"BreadcrumbList\",\"@id\":\"https:\\\/\\\/tomasostore.com.ar\\\/tienda\\\/producto\\\/pistola-dart-zone-storm-squad-quickshot-blaster-61086-wabro\\\/#breadcrumb\",\"itemListElement\":[{\"@type\":\"ListItem\",\"position\":1,\"name\":\"Portada\",\"item\":\"https:\\\/\\\/tomasostore.com.ar\\\/tienda\\\/\"},{\"@type\":\"ListItem\",\"position\":2,\"name\":\"Tienda\",\"item\":\"https:\\\/\\\/tomasostore.com.ar\\\/tienda\\\/tienda\\\/\"},{\"@type\":\"ListItem\",\"position\":3,\"name\":\"Pistola Dart Zone Storm Squad Quickshot Blaster 61086 Wabro\"}]},{\"@type\":\"WebSite\",\"@id\":\"https:\\\/\\\/tomasostore.com.ar\\\/tienda\\\/#website\",\"url\":\"https:\\\/\\\/tomasostore.com.ar\\\/tienda\\\/\",\"name\":\"Tomaso Store\",\"description\":\"Compr\u00e1s online, recib\u00eds en mano. Desde Hernando, llevando confianza a tu casa. Productos con garant\u00eda.\",\"potentialAction\":[{\"@type\":\"SearchAction\",\"target\":{\"@type\":\"EntryPoint\",\"urlTemplate\":\"https:\\\/\\\/tomasostore.com.ar\\\/tienda\\\/?s={search_term_string}\"},\"query-input\":{\"@type\":\"PropertyValueSpecification\",\"valueRequired\":true,\"valueName\":\"search_term_string\"}}],\"inLanguage\":\"es\"}]}<\/script>\n<!-- \/ Yoast SEO plugin. -->","yoast_head_json":{"title":"Pistola Dart Zone Storm Squad Quickshot Blaster 61086 Wabro - Tomaso Store","robots":{"index":"index","follow":"follow","max-snippet":"max-snippet:-1","max-image-preview":"max-image-preview:large","max-video-preview":"max-video-preview:-1"},"canonical":"https:\/\/tomasostore.com.ar\/tienda\/producto\/pistola-dart-zone-storm-squad-quickshot-blaster-61086-wabro\/","og_locale":"es_ES","og_type":"article","og_title":"Pistola Dart Zone Storm Squad Quickshot Blaster 61086 Wabro - Tomaso Store","og_description":"Pistola Dart Zone Storm Squad Quickshot Blaster 61086 Wabro El Dart Zone\u00ae Storm Squad puede disparar cuatro flechas de espuma hasta una distancia de 25 mts. Este blaster de tiro r\u00e1pido es s\u00faper efectivo en cualquier pelea de flechas. El tambor giratorio contiene 4 flechas que disparan de forma precisa.","og_url":"https:\/\/tomasostore.com.ar\/tienda\/producto\/pistola-dart-zone-storm-squad-quickshot-blaster-61086-wabro\/","og_site_name":"Tomaso Store","article_modified_time":"2025-07-29T15:17:30+00:00","og_image":[{"width":1024,"height":1024,"url":"https:\/\/tomasostore.com.ar\/tienda\/wp-content\/uploads\/2025\/07\/libro-11-334033508f454bed5417049971700876-1024-1024.png","type":"image\/png"}],"twitter_card":"summary_large_image","schema":{"@context":"https:\/\/schema.org","@graph":[{"@type":"WebPage","@id":"https:\/\/tomasostore.com.ar\/tienda\/producto\/pistola-dart-zone-storm-squad-quickshot-blaster-61086-wabro\/","url":"https:\/\/tomasostore.com.ar\/tienda\/producto\/pistola-dart-zone-storm-squad-quickshot-blaster-61086-wabro\/","name":"Pistola Dart Zone Storm Squad Quickshot Blaster 61086 Wabro - Tomaso Store","isPartOf":{"@id":"https:\/\/tomasostore.com.ar\/tienda\/#website"},"primaryImageOfPage":{"@id":"https:\/\/tomasostore.com.ar\/tienda\/producto\/pistola-dart-zone-storm-squad-quickshot-blaster-61086-wabro\/#primaryimage"},"image":{"@id":"https:\/\/tomasostore.com.ar\/tienda\/producto\/pistola-dart-zone-storm-squad-quickshot-blaster-61086-wabro\/#primaryimage"},"thumbnailUrl":"https:\/\/tomasostore.com.ar\/tienda\/wp-content\/uploads\/2025\/07\/libro-11-334033508f454bed5417049971700876-1024-1024.png","datePublished":"2025-07-19T14:00:48+00:00","dateModified":"2025-07-29T15:17:30+00:00","breadcrumb":{"@id":"https:\/\/tomasostore.com.ar\/tienda\/producto\/pistola-dart-zone-storm-squad-quickshot-blaster-61086-wabro\/#breadcrumb"},"inLanguage":"es","potentialAction":[{"@type":"ReadAction","target":["https:\/\/tomasostore.com.ar\/tienda\/producto\/pistola-dart-zone-storm-squad-quickshot-blaster-61086-wabro\/"]}]},{"@type":"ImageObject","inLanguage":"es","@id":"https:\/\/tomasostore.com.ar\/tienda\/producto\/pistola-dart-zone-storm-squad-quickshot-blaster-61086-wabro\/#primaryimage","url":"https:\/\/tomasostore.com.ar\/tienda\/wp-content\/uploads\/2025\/07\/libro-11-334033508f454bed5417049971700876-1024-1024.png","contentUrl":"https:\/\/tomasostore.com.ar\/tienda\/wp-content\/uploads\/2025\/07\/libro-11-334033508f454bed5417049971700876-1024-1024.png","width":1024,"height":1024},{"@type":"BreadcrumbList","@id":"https:\/\/tomasostore.com.ar\/tienda\/producto\/pistola-dart-zone-storm-squad-quickshot-blaster-61086-wabro\/#breadcrumb","itemListElement":[{"@type":"ListItem","position":1,"name":"Portada","item":"https:\/\/tomasostore.com.ar\/tienda\/"},{"@type":"ListItem","position":2,"name":"Tienda","item":"https:\/\/tomasostore.com.ar\/tienda\/tienda\/"},{"@type":"ListItem","position":3,"name":"Pistola Dart Zone Storm Squad Quickshot Blaster 61086 Wabro"}]},{"@type":"WebSite","@id":"https:\/\/tomasostore.com.ar\/tienda\/#website","url":"https:\/\/tomasostore.com.ar\/tienda\/","name":"Tomaso Store","description":"Compr\u00e1s online, recib\u00eds en mano. Desde Hernando, llevando confianza a tu casa. Productos con garant\u00eda.","potentialAction":[{"@type":"SearchAction","target":{"@type":"EntryPoint","urlTemplate":"https:\/\/tomasostore.com.ar\/tienda\/?s={search_term_string}"},"query-input":{"@type":"PropertyValueSpecification","valueRequired":true,"valueName":"search_term_string"}}],"inLanguage":"es"}]}},"_links":{"self":[{"href":"https:\/\/tomasostore.com.ar\/tienda\/wp-json\/wp\/v2\/product\/197","targetHints":{"allow":["GET"]}}],"collection":[{"href":"https:\/\/tomasostore.com.ar\/tienda\/wp-json\/wp\/v2\/product"}],"about":[{"href":"https:\/\/tomasostore.com.ar\/tienda\/wp-json\/wp\/v2\/types\/product"}],"replies":[{"embeddable":true,"href":"https:\/\/tomasostore.com.ar\/tienda\/wp-json\/wp\/v2\/comments?post=197"}],"version-history":[{"count":2,"href":"https:\/\/tomasostore.com.ar\/tienda\/wp-json\/wp\/v2\/product\/197\/revisions"}],"predecessor-version":[{"id":33311,"href":"https:\/\/tomasostore.com.ar\/tienda\/wp-json\/wp\/v2\/product\/197\/revisions\/33311"}],"wp:featuredmedia":[{"embeddable":true,"href":"https:\/\/tomasostore.com.ar\/tienda\/wp-json\/wp\/v2\/media\/25632"}],"wp:attachment":[{"href":"https:\/\/tomasostore.com.ar\/tienda\/wp-json\/wp\/v2\/media?parent=197"}],"wp:term":[{"taxonomy":"product_brand","embeddable":true,"href":"https:\/\/tomasostore.com.ar\/tienda\/wp-json\/wp\/v2\/product_brand?post=197"},{"taxonomy":"product_cat","embeddable":true,"href":"https:\/\/tomasostore.com.ar\/tienda\/wp-json\/wp\/v2\/product_cat?post=197"},{"taxonomy":"product_tag","embeddable":true,"href":"https:\/\/tomasostore.com.ar\/tienda\/wp-json\/wp\/v2\/product_tag?post=197"}],"curies":[{"name":"wp","href":"https:\/\/api.w.org\/{rel}","templated":true}]}}