{"id":1531,"date":"2025-07-19T10:22:34","date_gmt":"2025-07-19T13:22:34","guid":{"rendered":"https:\/\/tomasostore.com.ar\/tienda\/?post_type=product&#038;p=1531"},"modified":"2025-07-29T12:12:11","modified_gmt":"2025-07-29T15:12:11","slug":"magnific-encastre-my-rainbow-arco-iris-de-madera-2345","status":"publish","type":"product","link":"https:\/\/tomasostore.com.ar\/tienda\/producto\/magnific-encastre-my-rainbow-arco-iris-de-madera-2345\/","title":{"rendered":"Magnific Encastre My Rainbow Arco Iris De Madera 2345"},"content":{"rendered":"<p>My Rainbow juego de encastre arco iris de madera MAGNIFIC MAS QUE UN JUGUETE. Es un juguete did\u00e1ctico de madera que dar\u00e1 a tus hijos horas interminables de diversi\u00f3n imaginativa y creativa. La mano de obra de alta calidad garantiza la durabilidad para resistir el juego en\u00e9rgico en casa o en el entorno escolar.<\/p>\n","protected":false},"excerpt":{"rendered":"<p>My Rainbow juego de encastre arco iris de madera MAGNIFIC MAS QUE UN JUGUETE. Es un juguete did\u00e1ctico de madera que dar\u00e1 a tus hijos horas interminables de diversi\u00f3n imaginativa y creativa. La mano de obra de alta calidad garantiza la durabilidad para resistir el juego en\u00e9rgico en casa o en el entorno escolar.<\/p>\n","protected":false},"featured_media":22069,"comment_status":"open","ping_status":"closed","template":"","meta":[],"product_brand":[111],"product_cat":[634],"product_tag":[635],"class_list":{"0":"post-1531","1":"product","2":"type-product","3":"status-publish","4":"has-post-thumbnail","6":"product_brand-la-kobra","7":"product_cat-bebes","8":"product_tag-bebes","10":"first","11":"instock","12":"sale","13":"shipping-taxable","14":"purchasable","15":"product-type-simple"},"yoast_head":"<!-- This site is optimized with the Yoast SEO plugin v27.5 - https:\/\/yoast.com\/product\/yoast-seo-wordpress\/ -->\n<title>Magnific Encastre My Rainbow Arco Iris De Madera 2345 - Tomaso Store<\/title>\n<meta name=\"robots\" content=\"index, follow, max-snippet:-1, max-image-preview:large, max-video-preview:-1\" \/>\n<link rel=\"canonical\" href=\"https:\/\/tomasostore.com.ar\/tienda\/producto\/magnific-encastre-my-rainbow-arco-iris-de-madera-2345\/\" \/>\n<meta property=\"og:locale\" content=\"es_ES\" \/>\n<meta property=\"og:type\" content=\"article\" \/>\n<meta property=\"og:title\" content=\"Magnific Encastre My Rainbow Arco Iris De Madera 2345 - Tomaso Store\" \/>\n<meta property=\"og:description\" content=\"My Rainbow juego de encastre arco iris de madera MAGNIFIC MAS QUE UN JUGUETE. Es un juguete did\u00e1ctico de madera que dar\u00e1 a tus hijos horas interminables de diversi\u00f3n imaginativa y creativa. La mano de obra de alta calidad garantiza la durabilidad para resistir el juego en\u00e9rgico en casa o en el entorno escolar.\" \/>\n<meta property=\"og:url\" content=\"https:\/\/tomasostore.com.ar\/tienda\/producto\/magnific-encastre-my-rainbow-arco-iris-de-madera-2345\/\" \/>\n<meta property=\"og:site_name\" content=\"Tomaso Store\" \/>\n<meta property=\"article:modified_time\" content=\"2025-07-29T15:12:11+00:00\" \/>\n<meta property=\"og:image\" content=\"https:\/\/tomasostore.com.ar\/tienda\/wp-content\/uploads\/2025\/07\/tote-25-.jpg\" \/>\n\t<meta property=\"og:image:width\" content=\"1080\" \/>\n\t<meta property=\"og:image:height\" content=\"1080\" \/>\n\t<meta property=\"og:image:type\" content=\"image\/jpeg\" \/>\n<meta name=\"twitter:card\" content=\"summary_large_image\" \/>\n<script type=\"application\/ld+json\" class=\"yoast-schema-graph\">{\"@context\":\"https:\\\/\\\/schema.org\",\"@graph\":[{\"@type\":\"WebPage\",\"@id\":\"https:\\\/\\\/tomasostore.com.ar\\\/tienda\\\/producto\\\/magnific-encastre-my-rainbow-arco-iris-de-madera-2345\\\/\",\"url\":\"https:\\\/\\\/tomasostore.com.ar\\\/tienda\\\/producto\\\/magnific-encastre-my-rainbow-arco-iris-de-madera-2345\\\/\",\"name\":\"Magnific Encastre My Rainbow Arco Iris De Madera 2345 - Tomaso Store\",\"isPartOf\":{\"@id\":\"https:\\\/\\\/tomasostore.com.ar\\\/tienda\\\/#website\"},\"primaryImageOfPage\":{\"@id\":\"https:\\\/\\\/tomasostore.com.ar\\\/tienda\\\/producto\\\/magnific-encastre-my-rainbow-arco-iris-de-madera-2345\\\/#primaryimage\"},\"image\":{\"@id\":\"https:\\\/\\\/tomasostore.com.ar\\\/tienda\\\/producto\\\/magnific-encastre-my-rainbow-arco-iris-de-madera-2345\\\/#primaryimage\"},\"thumbnailUrl\":\"https:\\\/\\\/tomasostore.com.ar\\\/tienda\\\/wp-content\\\/uploads\\\/2025\\\/07\\\/tote-25-.jpg\",\"datePublished\":\"2025-07-19T13:22:34+00:00\",\"dateModified\":\"2025-07-29T15:12:11+00:00\",\"breadcrumb\":{\"@id\":\"https:\\\/\\\/tomasostore.com.ar\\\/tienda\\\/producto\\\/magnific-encastre-my-rainbow-arco-iris-de-madera-2345\\\/#breadcrumb\"},\"inLanguage\":\"es\",\"potentialAction\":[{\"@type\":\"ReadAction\",\"target\":[\"https:\\\/\\\/tomasostore.com.ar\\\/tienda\\\/producto\\\/magnific-encastre-my-rainbow-arco-iris-de-madera-2345\\\/\"]}]},{\"@type\":\"ImageObject\",\"inLanguage\":\"es\",\"@id\":\"https:\\\/\\\/tomasostore.com.ar\\\/tienda\\\/producto\\\/magnific-encastre-my-rainbow-arco-iris-de-madera-2345\\\/#primaryimage\",\"url\":\"https:\\\/\\\/tomasostore.com.ar\\\/tienda\\\/wp-content\\\/uploads\\\/2025\\\/07\\\/tote-25-.jpg\",\"contentUrl\":\"https:\\\/\\\/tomasostore.com.ar\\\/tienda\\\/wp-content\\\/uploads\\\/2025\\\/07\\\/tote-25-.jpg\",\"width\":1080,\"height\":1080},{\"@type\":\"BreadcrumbList\",\"@id\":\"https:\\\/\\\/tomasostore.com.ar\\\/tienda\\\/producto\\\/magnific-encastre-my-rainbow-arco-iris-de-madera-2345\\\/#breadcrumb\",\"itemListElement\":[{\"@type\":\"ListItem\",\"position\":1,\"name\":\"Portada\",\"item\":\"https:\\\/\\\/tomasostore.com.ar\\\/tienda\\\/\"},{\"@type\":\"ListItem\",\"position\":2,\"name\":\"Tienda\",\"item\":\"https:\\\/\\\/tomasostore.com.ar\\\/tienda\\\/tienda\\\/\"},{\"@type\":\"ListItem\",\"position\":3,\"name\":\"Magnific Encastre My Rainbow Arco Iris De Madera 2345\"}]},{\"@type\":\"WebSite\",\"@id\":\"https:\\\/\\\/tomasostore.com.ar\\\/tienda\\\/#website\",\"url\":\"https:\\\/\\\/tomasostore.com.ar\\\/tienda\\\/\",\"name\":\"Tomaso Store\",\"description\":\"Compr\u00e1s online, recib\u00eds en mano. Desde Hernando, llevando confianza a tu casa. Productos con garant\u00eda.\",\"potentialAction\":[{\"@type\":\"SearchAction\",\"target\":{\"@type\":\"EntryPoint\",\"urlTemplate\":\"https:\\\/\\\/tomasostore.com.ar\\\/tienda\\\/?s={search_term_string}\"},\"query-input\":{\"@type\":\"PropertyValueSpecification\",\"valueRequired\":true,\"valueName\":\"search_term_string\"}}],\"inLanguage\":\"es\"}]}<\/script>\n<!-- \/ Yoast SEO plugin. -->","yoast_head_json":{"title":"Magnific Encastre My Rainbow Arco Iris De Madera 2345 - Tomaso Store","robots":{"index":"index","follow":"follow","max-snippet":"max-snippet:-1","max-image-preview":"max-image-preview:large","max-video-preview":"max-video-preview:-1"},"canonical":"https:\/\/tomasostore.com.ar\/tienda\/producto\/magnific-encastre-my-rainbow-arco-iris-de-madera-2345\/","og_locale":"es_ES","og_type":"article","og_title":"Magnific Encastre My Rainbow Arco Iris De Madera 2345 - Tomaso Store","og_description":"My Rainbow juego de encastre arco iris de madera MAGNIFIC MAS QUE UN JUGUETE. Es un juguete did\u00e1ctico de madera que dar\u00e1 a tus hijos horas interminables de diversi\u00f3n imaginativa y creativa. La mano de obra de alta calidad garantiza la durabilidad para resistir el juego en\u00e9rgico en casa o en el entorno escolar.","og_url":"https:\/\/tomasostore.com.ar\/tienda\/producto\/magnific-encastre-my-rainbow-arco-iris-de-madera-2345\/","og_site_name":"Tomaso Store","article_modified_time":"2025-07-29T15:12:11+00:00","og_image":[{"width":1080,"height":1080,"url":"https:\/\/tomasostore.com.ar\/tienda\/wp-content\/uploads\/2025\/07\/tote-25-.jpg","type":"image\/jpeg"}],"twitter_card":"summary_large_image","schema":{"@context":"https:\/\/schema.org","@graph":[{"@type":"WebPage","@id":"https:\/\/tomasostore.com.ar\/tienda\/producto\/magnific-encastre-my-rainbow-arco-iris-de-madera-2345\/","url":"https:\/\/tomasostore.com.ar\/tienda\/producto\/magnific-encastre-my-rainbow-arco-iris-de-madera-2345\/","name":"Magnific Encastre My Rainbow Arco Iris De Madera 2345 - Tomaso Store","isPartOf":{"@id":"https:\/\/tomasostore.com.ar\/tienda\/#website"},"primaryImageOfPage":{"@id":"https:\/\/tomasostore.com.ar\/tienda\/producto\/magnific-encastre-my-rainbow-arco-iris-de-madera-2345\/#primaryimage"},"image":{"@id":"https:\/\/tomasostore.com.ar\/tienda\/producto\/magnific-encastre-my-rainbow-arco-iris-de-madera-2345\/#primaryimage"},"thumbnailUrl":"https:\/\/tomasostore.com.ar\/tienda\/wp-content\/uploads\/2025\/07\/tote-25-.jpg","datePublished":"2025-07-19T13:22:34+00:00","dateModified":"2025-07-29T15:12:11+00:00","breadcrumb":{"@id":"https:\/\/tomasostore.com.ar\/tienda\/producto\/magnific-encastre-my-rainbow-arco-iris-de-madera-2345\/#breadcrumb"},"inLanguage":"es","potentialAction":[{"@type":"ReadAction","target":["https:\/\/tomasostore.com.ar\/tienda\/producto\/magnific-encastre-my-rainbow-arco-iris-de-madera-2345\/"]}]},{"@type":"ImageObject","inLanguage":"es","@id":"https:\/\/tomasostore.com.ar\/tienda\/producto\/magnific-encastre-my-rainbow-arco-iris-de-madera-2345\/#primaryimage","url":"https:\/\/tomasostore.com.ar\/tienda\/wp-content\/uploads\/2025\/07\/tote-25-.jpg","contentUrl":"https:\/\/tomasostore.com.ar\/tienda\/wp-content\/uploads\/2025\/07\/tote-25-.jpg","width":1080,"height":1080},{"@type":"BreadcrumbList","@id":"https:\/\/tomasostore.com.ar\/tienda\/producto\/magnific-encastre-my-rainbow-arco-iris-de-madera-2345\/#breadcrumb","itemListElement":[{"@type":"ListItem","position":1,"name":"Portada","item":"https:\/\/tomasostore.com.ar\/tienda\/"},{"@type":"ListItem","position":2,"name":"Tienda","item":"https:\/\/tomasostore.com.ar\/tienda\/tienda\/"},{"@type":"ListItem","position":3,"name":"Magnific Encastre My Rainbow Arco Iris De Madera 2345"}]},{"@type":"WebSite","@id":"https:\/\/tomasostore.com.ar\/tienda\/#website","url":"https:\/\/tomasostore.com.ar\/tienda\/","name":"Tomaso Store","description":"Compr\u00e1s online, recib\u00eds en mano. Desde Hernando, llevando confianza a tu casa. Productos con garant\u00eda.","potentialAction":[{"@type":"SearchAction","target":{"@type":"EntryPoint","urlTemplate":"https:\/\/tomasostore.com.ar\/tienda\/?s={search_term_string}"},"query-input":{"@type":"PropertyValueSpecification","valueRequired":true,"valueName":"search_term_string"}}],"inLanguage":"es"}]}},"_links":{"self":[{"href":"https:\/\/tomasostore.com.ar\/tienda\/wp-json\/wp\/v2\/product\/1531","targetHints":{"allow":["GET"]}}],"collection":[{"href":"https:\/\/tomasostore.com.ar\/tienda\/wp-json\/wp\/v2\/product"}],"about":[{"href":"https:\/\/tomasostore.com.ar\/tienda\/wp-json\/wp\/v2\/types\/product"}],"replies":[{"embeddable":true,"href":"https:\/\/tomasostore.com.ar\/tienda\/wp-json\/wp\/v2\/comments?post=1531"}],"version-history":[{"count":2,"href":"https:\/\/tomasostore.com.ar\/tienda\/wp-json\/wp\/v2\/product\/1531\/revisions"}],"predecessor-version":[{"id":31662,"href":"https:\/\/tomasostore.com.ar\/tienda\/wp-json\/wp\/v2\/product\/1531\/revisions\/31662"}],"wp:featuredmedia":[{"embeddable":true,"href":"https:\/\/tomasostore.com.ar\/tienda\/wp-json\/wp\/v2\/media\/22069"}],"wp:attachment":[{"href":"https:\/\/tomasostore.com.ar\/tienda\/wp-json\/wp\/v2\/media?parent=1531"}],"wp:term":[{"taxonomy":"product_brand","embeddable":true,"href":"https:\/\/tomasostore.com.ar\/tienda\/wp-json\/wp\/v2\/product_brand?post=1531"},{"taxonomy":"product_cat","embeddable":true,"href":"https:\/\/tomasostore.com.ar\/tienda\/wp-json\/wp\/v2\/product_cat?post=1531"},{"taxonomy":"product_tag","embeddable":true,"href":"https:\/\/tomasostore.com.ar\/tienda\/wp-json\/wp\/v2\/product_tag?post=1531"}],"curies":[{"name":"wp","href":"https:\/\/api.w.org\/{rel}","templated":true}]}}