{"id":1298,"date":"2025-07-19T10:22:31","date_gmt":"2025-07-19T13:22:31","guid":{"rendered":"https:\/\/tomasostore.com.ar\/tienda\/?post_type=product&#038;p=1298"},"modified":"2025-07-29T12:12:10","modified_gmt":"2025-07-29T15:12:10","slug":"manta-antigolpes-plegable-grande-isakito-ik0397","status":"publish","type":"product","link":"https:\/\/tomasostore.com.ar\/tienda\/producto\/manta-antigolpes-plegable-grande-isakito-ik0397\/","title":{"rendered":"Manta Antigolpes Plegable Grande Isakito Ik0397"},"content":{"rendered":"<p>MANTA DE ESPUMA XPE Nueva alfombra anti golpe de espuma de polietileno con dise\u00f1o reversible (viene con ambos dise\u00f1os, uno de cada lado de la manta) no pasa el frio es espuma de polietileno, resistente al agua y f\u00e1cil de limpiar. Medidas abierta: 1. 60 cm x 1.<\/p>\n","protected":false},"excerpt":{"rendered":"<p>MANTA DE ESPUMA XPE Nueva alfombra anti golpe de espuma de polietileno con dise\u00f1o reversible (viene con ambos dise\u00f1os, uno de cada lado de la manta) no pasa el frio es espuma de polietileno, resistente al agua y f\u00e1cil de limpiar. Medidas abierta: 1. 60 cm x 1.<\/p>\n","protected":false},"featured_media":22055,"comment_status":"open","ping_status":"closed","template":"","meta":[],"product_brand":[46],"product_cat":[634],"product_tag":[635],"class_list":{"0":"post-1298","1":"product","2":"type-product","3":"status-publish","4":"has-post-thumbnail","6":"product_brand-isakito","7":"product_cat-bebes","8":"product_tag-bebes","10":"first","11":"instock","12":"sale","13":"shipping-taxable","14":"purchasable","15":"product-type-simple"},"yoast_head":"<!-- This site is optimized with the Yoast SEO plugin v27.5 - https:\/\/yoast.com\/product\/yoast-seo-wordpress\/ -->\n<title>Manta Antigolpes Plegable Grande Isakito Ik0397 - Tomaso Store<\/title>\n<meta name=\"robots\" content=\"index, follow, max-snippet:-1, max-image-preview:large, max-video-preview:-1\" \/>\n<link rel=\"canonical\" href=\"https:\/\/tomasostore.com.ar\/tienda\/producto\/manta-antigolpes-plegable-grande-isakito-ik0397\/\" \/>\n<meta property=\"og:locale\" content=\"es_ES\" \/>\n<meta property=\"og:type\" content=\"article\" \/>\n<meta property=\"og:title\" content=\"Manta Antigolpes Plegable Grande Isakito Ik0397 - Tomaso Store\" \/>\n<meta property=\"og:description\" content=\"MANTA DE ESPUMA XPE Nueva alfombra anti golpe de espuma de polietileno con dise\u00f1o reversible (viene con ambos dise\u00f1os, uno de cada lado de la manta) no pasa el frio es espuma de polietileno, resistente al agua y f\u00e1cil de limpiar. Medidas abierta: 1. 60 cm x 1.\" \/>\n<meta property=\"og:url\" content=\"https:\/\/tomasostore.com.ar\/tienda\/producto\/manta-antigolpes-plegable-grande-isakito-ik0397\/\" \/>\n<meta property=\"og:site_name\" content=\"Tomaso Store\" \/>\n<meta property=\"article:modified_time\" content=\"2025-07-29T15:12:10+00:00\" \/>\n<meta property=\"og:image\" content=\"https:\/\/tomasostore.com.ar\/tienda\/wp-content\/uploads\/2025\/07\/Diseno-sin-titulo-2-95-.jpg\" \/>\n\t<meta property=\"og:image:width\" content=\"1080\" \/>\n\t<meta property=\"og:image:height\" content=\"1080\" \/>\n\t<meta property=\"og:image:type\" content=\"image\/jpeg\" \/>\n<meta name=\"twitter:card\" content=\"summary_large_image\" \/>\n<script type=\"application\/ld+json\" class=\"yoast-schema-graph\">{\"@context\":\"https:\\\/\\\/schema.org\",\"@graph\":[{\"@type\":\"WebPage\",\"@id\":\"https:\\\/\\\/tomasostore.com.ar\\\/tienda\\\/producto\\\/manta-antigolpes-plegable-grande-isakito-ik0397\\\/\",\"url\":\"https:\\\/\\\/tomasostore.com.ar\\\/tienda\\\/producto\\\/manta-antigolpes-plegable-grande-isakito-ik0397\\\/\",\"name\":\"Manta Antigolpes Plegable Grande Isakito Ik0397 - Tomaso Store\",\"isPartOf\":{\"@id\":\"https:\\\/\\\/tomasostore.com.ar\\\/tienda\\\/#website\"},\"primaryImageOfPage\":{\"@id\":\"https:\\\/\\\/tomasostore.com.ar\\\/tienda\\\/producto\\\/manta-antigolpes-plegable-grande-isakito-ik0397\\\/#primaryimage\"},\"image\":{\"@id\":\"https:\\\/\\\/tomasostore.com.ar\\\/tienda\\\/producto\\\/manta-antigolpes-plegable-grande-isakito-ik0397\\\/#primaryimage\"},\"thumbnailUrl\":\"https:\\\/\\\/tomasostore.com.ar\\\/tienda\\\/wp-content\\\/uploads\\\/2025\\\/07\\\/Diseno-sin-titulo-2-95-.jpg\",\"datePublished\":\"2025-07-19T13:22:31+00:00\",\"dateModified\":\"2025-07-29T15:12:10+00:00\",\"breadcrumb\":{\"@id\":\"https:\\\/\\\/tomasostore.com.ar\\\/tienda\\\/producto\\\/manta-antigolpes-plegable-grande-isakito-ik0397\\\/#breadcrumb\"},\"inLanguage\":\"es\",\"potentialAction\":[{\"@type\":\"ReadAction\",\"target\":[\"https:\\\/\\\/tomasostore.com.ar\\\/tienda\\\/producto\\\/manta-antigolpes-plegable-grande-isakito-ik0397\\\/\"]}]},{\"@type\":\"ImageObject\",\"inLanguage\":\"es\",\"@id\":\"https:\\\/\\\/tomasostore.com.ar\\\/tienda\\\/producto\\\/manta-antigolpes-plegable-grande-isakito-ik0397\\\/#primaryimage\",\"url\":\"https:\\\/\\\/tomasostore.com.ar\\\/tienda\\\/wp-content\\\/uploads\\\/2025\\\/07\\\/Diseno-sin-titulo-2-95-.jpg\",\"contentUrl\":\"https:\\\/\\\/tomasostore.com.ar\\\/tienda\\\/wp-content\\\/uploads\\\/2025\\\/07\\\/Diseno-sin-titulo-2-95-.jpg\",\"width\":1080,\"height\":1080},{\"@type\":\"BreadcrumbList\",\"@id\":\"https:\\\/\\\/tomasostore.com.ar\\\/tienda\\\/producto\\\/manta-antigolpes-plegable-grande-isakito-ik0397\\\/#breadcrumb\",\"itemListElement\":[{\"@type\":\"ListItem\",\"position\":1,\"name\":\"Portada\",\"item\":\"https:\\\/\\\/tomasostore.com.ar\\\/tienda\\\/\"},{\"@type\":\"ListItem\",\"position\":2,\"name\":\"Tienda\",\"item\":\"https:\\\/\\\/tomasostore.com.ar\\\/tienda\\\/tienda\\\/\"},{\"@type\":\"ListItem\",\"position\":3,\"name\":\"Manta Antigolpes Plegable Grande Isakito Ik0397\"}]},{\"@type\":\"WebSite\",\"@id\":\"https:\\\/\\\/tomasostore.com.ar\\\/tienda\\\/#website\",\"url\":\"https:\\\/\\\/tomasostore.com.ar\\\/tienda\\\/\",\"name\":\"Tomaso Store\",\"description\":\"Compr\u00e1s online, recib\u00eds en mano. Desde Hernando, llevando confianza a tu casa. Productos con garant\u00eda.\",\"potentialAction\":[{\"@type\":\"SearchAction\",\"target\":{\"@type\":\"EntryPoint\",\"urlTemplate\":\"https:\\\/\\\/tomasostore.com.ar\\\/tienda\\\/?s={search_term_string}\"},\"query-input\":{\"@type\":\"PropertyValueSpecification\",\"valueRequired\":true,\"valueName\":\"search_term_string\"}}],\"inLanguage\":\"es\"}]}<\/script>\n<!-- \/ Yoast SEO plugin. -->","yoast_head_json":{"title":"Manta Antigolpes Plegable Grande Isakito Ik0397 - Tomaso Store","robots":{"index":"index","follow":"follow","max-snippet":"max-snippet:-1","max-image-preview":"max-image-preview:large","max-video-preview":"max-video-preview:-1"},"canonical":"https:\/\/tomasostore.com.ar\/tienda\/producto\/manta-antigolpes-plegable-grande-isakito-ik0397\/","og_locale":"es_ES","og_type":"article","og_title":"Manta Antigolpes Plegable Grande Isakito Ik0397 - Tomaso Store","og_description":"MANTA DE ESPUMA XPE Nueva alfombra anti golpe de espuma de polietileno con dise\u00f1o reversible (viene con ambos dise\u00f1os, uno de cada lado de la manta) no pasa el frio es espuma de polietileno, resistente al agua y f\u00e1cil de limpiar. Medidas abierta: 1. 60 cm x 1.","og_url":"https:\/\/tomasostore.com.ar\/tienda\/producto\/manta-antigolpes-plegable-grande-isakito-ik0397\/","og_site_name":"Tomaso Store","article_modified_time":"2025-07-29T15:12:10+00:00","og_image":[{"width":1080,"height":1080,"url":"https:\/\/tomasostore.com.ar\/tienda\/wp-content\/uploads\/2025\/07\/Diseno-sin-titulo-2-95-.jpg","type":"image\/jpeg"}],"twitter_card":"summary_large_image","schema":{"@context":"https:\/\/schema.org","@graph":[{"@type":"WebPage","@id":"https:\/\/tomasostore.com.ar\/tienda\/producto\/manta-antigolpes-plegable-grande-isakito-ik0397\/","url":"https:\/\/tomasostore.com.ar\/tienda\/producto\/manta-antigolpes-plegable-grande-isakito-ik0397\/","name":"Manta Antigolpes Plegable Grande Isakito Ik0397 - Tomaso Store","isPartOf":{"@id":"https:\/\/tomasostore.com.ar\/tienda\/#website"},"primaryImageOfPage":{"@id":"https:\/\/tomasostore.com.ar\/tienda\/producto\/manta-antigolpes-plegable-grande-isakito-ik0397\/#primaryimage"},"image":{"@id":"https:\/\/tomasostore.com.ar\/tienda\/producto\/manta-antigolpes-plegable-grande-isakito-ik0397\/#primaryimage"},"thumbnailUrl":"https:\/\/tomasostore.com.ar\/tienda\/wp-content\/uploads\/2025\/07\/Diseno-sin-titulo-2-95-.jpg","datePublished":"2025-07-19T13:22:31+00:00","dateModified":"2025-07-29T15:12:10+00:00","breadcrumb":{"@id":"https:\/\/tomasostore.com.ar\/tienda\/producto\/manta-antigolpes-plegable-grande-isakito-ik0397\/#breadcrumb"},"inLanguage":"es","potentialAction":[{"@type":"ReadAction","target":["https:\/\/tomasostore.com.ar\/tienda\/producto\/manta-antigolpes-plegable-grande-isakito-ik0397\/"]}]},{"@type":"ImageObject","inLanguage":"es","@id":"https:\/\/tomasostore.com.ar\/tienda\/producto\/manta-antigolpes-plegable-grande-isakito-ik0397\/#primaryimage","url":"https:\/\/tomasostore.com.ar\/tienda\/wp-content\/uploads\/2025\/07\/Diseno-sin-titulo-2-95-.jpg","contentUrl":"https:\/\/tomasostore.com.ar\/tienda\/wp-content\/uploads\/2025\/07\/Diseno-sin-titulo-2-95-.jpg","width":1080,"height":1080},{"@type":"BreadcrumbList","@id":"https:\/\/tomasostore.com.ar\/tienda\/producto\/manta-antigolpes-plegable-grande-isakito-ik0397\/#breadcrumb","itemListElement":[{"@type":"ListItem","position":1,"name":"Portada","item":"https:\/\/tomasostore.com.ar\/tienda\/"},{"@type":"ListItem","position":2,"name":"Tienda","item":"https:\/\/tomasostore.com.ar\/tienda\/tienda\/"},{"@type":"ListItem","position":3,"name":"Manta Antigolpes Plegable Grande Isakito Ik0397"}]},{"@type":"WebSite","@id":"https:\/\/tomasostore.com.ar\/tienda\/#website","url":"https:\/\/tomasostore.com.ar\/tienda\/","name":"Tomaso Store","description":"Compr\u00e1s online, recib\u00eds en mano. Desde Hernando, llevando confianza a tu casa. Productos con garant\u00eda.","potentialAction":[{"@type":"SearchAction","target":{"@type":"EntryPoint","urlTemplate":"https:\/\/tomasostore.com.ar\/tienda\/?s={search_term_string}"},"query-input":{"@type":"PropertyValueSpecification","valueRequired":true,"valueName":"search_term_string"}}],"inLanguage":"es"}]}},"_links":{"self":[{"href":"https:\/\/tomasostore.com.ar\/tienda\/wp-json\/wp\/v2\/product\/1298","targetHints":{"allow":["GET"]}}],"collection":[{"href":"https:\/\/tomasostore.com.ar\/tienda\/wp-json\/wp\/v2\/product"}],"about":[{"href":"https:\/\/tomasostore.com.ar\/tienda\/wp-json\/wp\/v2\/types\/product"}],"replies":[{"embeddable":true,"href":"https:\/\/tomasostore.com.ar\/tienda\/wp-json\/wp\/v2\/comments?post=1298"}],"version-history":[{"count":2,"href":"https:\/\/tomasostore.com.ar\/tienda\/wp-json\/wp\/v2\/product\/1298\/revisions"}],"predecessor-version":[{"id":31655,"href":"https:\/\/tomasostore.com.ar\/tienda\/wp-json\/wp\/v2\/product\/1298\/revisions\/31655"}],"wp:featuredmedia":[{"embeddable":true,"href":"https:\/\/tomasostore.com.ar\/tienda\/wp-json\/wp\/v2\/media\/22055"}],"wp:attachment":[{"href":"https:\/\/tomasostore.com.ar\/tienda\/wp-json\/wp\/v2\/media?parent=1298"}],"wp:term":[{"taxonomy":"product_brand","embeddable":true,"href":"https:\/\/tomasostore.com.ar\/tienda\/wp-json\/wp\/v2\/product_brand?post=1298"},{"taxonomy":"product_cat","embeddable":true,"href":"https:\/\/tomasostore.com.ar\/tienda\/wp-json\/wp\/v2\/product_cat?post=1298"},{"taxonomy":"product_tag","embeddable":true,"href":"https:\/\/tomasostore.com.ar\/tienda\/wp-json\/wp\/v2\/product_tag?post=1298"}],"curies":[{"name":"wp","href":"https:\/\/api.w.org\/{rel}","templated":true}]}}