{"id":11274,"date":"2025-07-19T11:11:43","date_gmt":"2025-07-19T14:11:43","guid":{"rendered":"https:\/\/tomasostore.com.ar\/tienda\/?post_type=product&#038;p=11274"},"modified":"2025-07-29T12:18:46","modified_gmt":"2025-07-29T15:18:46","slug":"lego-formula-1-moneygram-haas-team-vf-24-77250","status":"publish","type":"product","link":"https:\/\/tomasostore.com.ar\/tienda\/producto\/lego-formula-1-moneygram-haas-team-vf-24-77250\/","title":{"rendered":"Lego Formula 1 Moneygram Haas Team Vf-24 &#8211; 77250"},"content":{"rendered":"<p>El Coche de Carreras MoneyGram Haas F1\u00ae Team VF-24 LEGO\u00ae Speed Champions (77250) para ni\u00f1os y ni\u00f1as a partir de 10 a\u00f1os les permite disfrutar de la emoci\u00f3n de la F\u00f3rmula 1. Los peques y los coleccionistas de coches adultos pueden construir y exponer una maqueta de un coche de F1 que reproduce detalles de dise\u00f1o del modelo que compiti\u00f3 en la temporada 2024 de F\u00f3rmula 1. Este coche de carreras cuenta con habit\u00e1culo (al que accedes levantando el halo), aler\u00f3n trasero, suspensi\u00f3n de doble horquilla, pegatinas del patrocinador y neum\u00e1ticos traseros m\u00e1s anchos con la inscripci\u00f3n \u201cPirelli\u201d.<\/p>\n","protected":false},"excerpt":{"rendered":"<p>El Coche de Carreras MoneyGram Haas F1\u00ae Team VF-24 LEGO\u00ae Speed Champions (77250) para ni\u00f1os y ni\u00f1as a partir de 10 a\u00f1os les permite disfrutar de la emoci\u00f3n de la F\u00f3rmula 1. Los peques y los coleccionistas de coches adultos pueden construir y exponer una maqueta de un coche de F1 que reproduce detalles de [&hellip;]<\/p>\n","protected":false},"featured_media":26517,"comment_status":"open","ping_status":"closed","template":"","meta":[],"product_brand":[64],"product_cat":[650],"product_tag":[651],"class_list":{"0":"post-11274","1":"product","2":"type-product","3":"status-publish","4":"has-post-thumbnail","6":"product_brand-ladai-e-hijos-srl","7":"product_cat-juegos-y-juguetes-ladrillos-y-bloques","8":"product_tag-juegos-y-juguetes-ladrillos-y-bloques","10":"first","11":"instock","12":"shipping-taxable","13":"purchasable","14":"product-type-simple"},"yoast_head":"<!-- This site is optimized with the Yoast SEO plugin v27.4 - https:\/\/yoast.com\/product\/yoast-seo-wordpress\/ -->\n<title>Lego Formula 1 Moneygram Haas Team Vf-24 - 77250 - Tomaso Store<\/title>\n<meta name=\"robots\" content=\"index, follow, max-snippet:-1, max-image-preview:large, max-video-preview:-1\" \/>\n<link rel=\"canonical\" href=\"https:\/\/tomasostore.com.ar\/tienda\/producto\/lego-formula-1-moneygram-haas-team-vf-24-77250\/\" \/>\n<meta property=\"og:locale\" content=\"es_ES\" \/>\n<meta property=\"og:type\" content=\"article\" \/>\n<meta property=\"og:title\" content=\"Lego Formula 1 Moneygram Haas Team Vf-24 - 77250 - Tomaso Store\" \/>\n<meta property=\"og:description\" content=\"El Coche de Carreras MoneyGram Haas F1\u00ae Team VF-24 LEGO\u00ae Speed Champions (77250) para ni\u00f1os y ni\u00f1as a partir de 10 a\u00f1os les permite disfrutar de la emoci\u00f3n de la F\u00f3rmula 1. Los peques y los coleccionistas de coches adultos pueden construir y exponer una maqueta de un coche de F1 que reproduce detalles de [&hellip;]\" \/>\n<meta property=\"og:url\" content=\"https:\/\/tomasostore.com.ar\/tienda\/producto\/lego-formula-1-moneygram-haas-team-vf-24-77250\/\" \/>\n<meta property=\"og:site_name\" content=\"Tomaso Store\" \/>\n<meta property=\"article:modified_time\" content=\"2025-07-29T15:18:46+00:00\" \/>\n<meta property=\"og:image\" content=\"https:\/\/tomasostore.com.ar\/tienda\/wp-content\/uploads\/2025\/07\/2-12-.png\" \/>\n\t<meta property=\"og:image:width\" content=\"1080\" \/>\n\t<meta property=\"og:image:height\" content=\"1080\" \/>\n\t<meta property=\"og:image:type\" content=\"image\/png\" \/>\n<meta name=\"twitter:card\" content=\"summary_large_image\" \/>\n<meta name=\"twitter:label1\" content=\"Tiempo de lectura\" \/>\n\t<meta name=\"twitter:data1\" content=\"1 minuto\" \/>\n<script type=\"application\/ld+json\" class=\"yoast-schema-graph\">{\"@context\":\"https:\\\/\\\/schema.org\",\"@graph\":[{\"@type\":\"WebPage\",\"@id\":\"https:\\\/\\\/tomasostore.com.ar\\\/tienda\\\/producto\\\/lego-formula-1-moneygram-haas-team-vf-24-77250\\\/\",\"url\":\"https:\\\/\\\/tomasostore.com.ar\\\/tienda\\\/producto\\\/lego-formula-1-moneygram-haas-team-vf-24-77250\\\/\",\"name\":\"Lego Formula 1 Moneygram Haas Team Vf-24 - 77250 - Tomaso Store\",\"isPartOf\":{\"@id\":\"https:\\\/\\\/tomasostore.com.ar\\\/tienda\\\/#website\"},\"primaryImageOfPage\":{\"@id\":\"https:\\\/\\\/tomasostore.com.ar\\\/tienda\\\/producto\\\/lego-formula-1-moneygram-haas-team-vf-24-77250\\\/#primaryimage\"},\"image\":{\"@id\":\"https:\\\/\\\/tomasostore.com.ar\\\/tienda\\\/producto\\\/lego-formula-1-moneygram-haas-team-vf-24-77250\\\/#primaryimage\"},\"thumbnailUrl\":\"https:\\\/\\\/tomasostore.com.ar\\\/tienda\\\/wp-content\\\/uploads\\\/2025\\\/07\\\/2-12-.png\",\"datePublished\":\"2025-07-19T14:11:43+00:00\",\"dateModified\":\"2025-07-29T15:18:46+00:00\",\"breadcrumb\":{\"@id\":\"https:\\\/\\\/tomasostore.com.ar\\\/tienda\\\/producto\\\/lego-formula-1-moneygram-haas-team-vf-24-77250\\\/#breadcrumb\"},\"inLanguage\":\"es\",\"potentialAction\":[{\"@type\":\"ReadAction\",\"target\":[\"https:\\\/\\\/tomasostore.com.ar\\\/tienda\\\/producto\\\/lego-formula-1-moneygram-haas-team-vf-24-77250\\\/\"]}]},{\"@type\":\"ImageObject\",\"inLanguage\":\"es\",\"@id\":\"https:\\\/\\\/tomasostore.com.ar\\\/tienda\\\/producto\\\/lego-formula-1-moneygram-haas-team-vf-24-77250\\\/#primaryimage\",\"url\":\"https:\\\/\\\/tomasostore.com.ar\\\/tienda\\\/wp-content\\\/uploads\\\/2025\\\/07\\\/2-12-.png\",\"contentUrl\":\"https:\\\/\\\/tomasostore.com.ar\\\/tienda\\\/wp-content\\\/uploads\\\/2025\\\/07\\\/2-12-.png\",\"width\":1080,\"height\":1080},{\"@type\":\"BreadcrumbList\",\"@id\":\"https:\\\/\\\/tomasostore.com.ar\\\/tienda\\\/producto\\\/lego-formula-1-moneygram-haas-team-vf-24-77250\\\/#breadcrumb\",\"itemListElement\":[{\"@type\":\"ListItem\",\"position\":1,\"name\":\"Portada\",\"item\":\"https:\\\/\\\/tomasostore.com.ar\\\/tienda\\\/\"},{\"@type\":\"ListItem\",\"position\":2,\"name\":\"Tienda\",\"item\":\"https:\\\/\\\/tomasostore.com.ar\\\/tienda\\\/tienda\\\/\"},{\"@type\":\"ListItem\",\"position\":3,\"name\":\"Lego Formula 1 Moneygram Haas Team Vf-24 &#8211; 77250\"}]},{\"@type\":\"WebSite\",\"@id\":\"https:\\\/\\\/tomasostore.com.ar\\\/tienda\\\/#website\",\"url\":\"https:\\\/\\\/tomasostore.com.ar\\\/tienda\\\/\",\"name\":\"Tomaso Store\",\"description\":\"Compr\u00e1s online, recib\u00eds en mano. Desde Hernando, llevando confianza a tu casa. Productos con garant\u00eda.\",\"potentialAction\":[{\"@type\":\"SearchAction\",\"target\":{\"@type\":\"EntryPoint\",\"urlTemplate\":\"https:\\\/\\\/tomasostore.com.ar\\\/tienda\\\/?s={search_term_string}\"},\"query-input\":{\"@type\":\"PropertyValueSpecification\",\"valueRequired\":true,\"valueName\":\"search_term_string\"}}],\"inLanguage\":\"es\"}]}<\/script>\n<!-- \/ Yoast SEO plugin. -->","yoast_head_json":{"title":"Lego Formula 1 Moneygram Haas Team Vf-24 - 77250 - Tomaso Store","robots":{"index":"index","follow":"follow","max-snippet":"max-snippet:-1","max-image-preview":"max-image-preview:large","max-video-preview":"max-video-preview:-1"},"canonical":"https:\/\/tomasostore.com.ar\/tienda\/producto\/lego-formula-1-moneygram-haas-team-vf-24-77250\/","og_locale":"es_ES","og_type":"article","og_title":"Lego Formula 1 Moneygram Haas Team Vf-24 - 77250 - Tomaso Store","og_description":"El Coche de Carreras MoneyGram Haas F1\u00ae Team VF-24 LEGO\u00ae Speed Champions (77250) para ni\u00f1os y ni\u00f1as a partir de 10 a\u00f1os les permite disfrutar de la emoci\u00f3n de la F\u00f3rmula 1. Los peques y los coleccionistas de coches adultos pueden construir y exponer una maqueta de un coche de F1 que reproduce detalles de [&hellip;]","og_url":"https:\/\/tomasostore.com.ar\/tienda\/producto\/lego-formula-1-moneygram-haas-team-vf-24-77250\/","og_site_name":"Tomaso Store","article_modified_time":"2025-07-29T15:18:46+00:00","og_image":[{"width":1080,"height":1080,"url":"https:\/\/tomasostore.com.ar\/tienda\/wp-content\/uploads\/2025\/07\/2-12-.png","type":"image\/png"}],"twitter_card":"summary_large_image","twitter_misc":{"Tiempo de lectura":"1 minuto"},"schema":{"@context":"https:\/\/schema.org","@graph":[{"@type":"WebPage","@id":"https:\/\/tomasostore.com.ar\/tienda\/producto\/lego-formula-1-moneygram-haas-team-vf-24-77250\/","url":"https:\/\/tomasostore.com.ar\/tienda\/producto\/lego-formula-1-moneygram-haas-team-vf-24-77250\/","name":"Lego Formula 1 Moneygram Haas Team Vf-24 - 77250 - Tomaso Store","isPartOf":{"@id":"https:\/\/tomasostore.com.ar\/tienda\/#website"},"primaryImageOfPage":{"@id":"https:\/\/tomasostore.com.ar\/tienda\/producto\/lego-formula-1-moneygram-haas-team-vf-24-77250\/#primaryimage"},"image":{"@id":"https:\/\/tomasostore.com.ar\/tienda\/producto\/lego-formula-1-moneygram-haas-team-vf-24-77250\/#primaryimage"},"thumbnailUrl":"https:\/\/tomasostore.com.ar\/tienda\/wp-content\/uploads\/2025\/07\/2-12-.png","datePublished":"2025-07-19T14:11:43+00:00","dateModified":"2025-07-29T15:18:46+00:00","breadcrumb":{"@id":"https:\/\/tomasostore.com.ar\/tienda\/producto\/lego-formula-1-moneygram-haas-team-vf-24-77250\/#breadcrumb"},"inLanguage":"es","potentialAction":[{"@type":"ReadAction","target":["https:\/\/tomasostore.com.ar\/tienda\/producto\/lego-formula-1-moneygram-haas-team-vf-24-77250\/"]}]},{"@type":"ImageObject","inLanguage":"es","@id":"https:\/\/tomasostore.com.ar\/tienda\/producto\/lego-formula-1-moneygram-haas-team-vf-24-77250\/#primaryimage","url":"https:\/\/tomasostore.com.ar\/tienda\/wp-content\/uploads\/2025\/07\/2-12-.png","contentUrl":"https:\/\/tomasostore.com.ar\/tienda\/wp-content\/uploads\/2025\/07\/2-12-.png","width":1080,"height":1080},{"@type":"BreadcrumbList","@id":"https:\/\/tomasostore.com.ar\/tienda\/producto\/lego-formula-1-moneygram-haas-team-vf-24-77250\/#breadcrumb","itemListElement":[{"@type":"ListItem","position":1,"name":"Portada","item":"https:\/\/tomasostore.com.ar\/tienda\/"},{"@type":"ListItem","position":2,"name":"Tienda","item":"https:\/\/tomasostore.com.ar\/tienda\/tienda\/"},{"@type":"ListItem","position":3,"name":"Lego Formula 1 Moneygram Haas Team Vf-24 &#8211; 77250"}]},{"@type":"WebSite","@id":"https:\/\/tomasostore.com.ar\/tienda\/#website","url":"https:\/\/tomasostore.com.ar\/tienda\/","name":"Tomaso Store","description":"Compr\u00e1s online, recib\u00eds en mano. Desde Hernando, llevando confianza a tu casa. Productos con garant\u00eda.","potentialAction":[{"@type":"SearchAction","target":{"@type":"EntryPoint","urlTemplate":"https:\/\/tomasostore.com.ar\/tienda\/?s={search_term_string}"},"query-input":{"@type":"PropertyValueSpecification","valueRequired":true,"valueName":"search_term_string"}}],"inLanguage":"es"}]}},"_links":{"self":[{"href":"https:\/\/tomasostore.com.ar\/tienda\/wp-json\/wp\/v2\/product\/11274","targetHints":{"allow":["GET"]}}],"collection":[{"href":"https:\/\/tomasostore.com.ar\/tienda\/wp-json\/wp\/v2\/product"}],"about":[{"href":"https:\/\/tomasostore.com.ar\/tienda\/wp-json\/wp\/v2\/types\/product"}],"replies":[{"embeddable":true,"href":"https:\/\/tomasostore.com.ar\/tienda\/wp-json\/wp\/v2\/comments?post=11274"}],"version-history":[{"count":2,"href":"https:\/\/tomasostore.com.ar\/tienda\/wp-json\/wp\/v2\/product\/11274\/revisions"}],"predecessor-version":[{"id":33710,"href":"https:\/\/tomasostore.com.ar\/tienda\/wp-json\/wp\/v2\/product\/11274\/revisions\/33710"}],"wp:featuredmedia":[{"embeddable":true,"href":"https:\/\/tomasostore.com.ar\/tienda\/wp-json\/wp\/v2\/media\/26517"}],"wp:attachment":[{"href":"https:\/\/tomasostore.com.ar\/tienda\/wp-json\/wp\/v2\/media?parent=11274"}],"wp:term":[{"taxonomy":"product_brand","embeddable":true,"href":"https:\/\/tomasostore.com.ar\/tienda\/wp-json\/wp\/v2\/product_brand?post=11274"},{"taxonomy":"product_cat","embeddable":true,"href":"https:\/\/tomasostore.com.ar\/tienda\/wp-json\/wp\/v2\/product_cat?post=11274"},{"taxonomy":"product_tag","embeddable":true,"href":"https:\/\/tomasostore.com.ar\/tienda\/wp-json\/wp\/v2\/product_tag?post=11274"}],"curies":[{"name":"wp","href":"https:\/\/api.w.org\/{rel}","templated":true}]}}