{"id":108,"date":"2025-07-19T11:13:02","date_gmt":"2025-07-19T14:13:02","guid":{"rendered":"https:\/\/tomasostore.com.ar\/tienda\/?post_type=product&#038;p=108"},"modified":"2025-07-29T12:18:52","modified_gmt":"2025-07-29T15:18:52","slug":"hatchimals-alive-cochecito-2-huevos-19196","status":"publish","type":"product","link":"https:\/\/tomasostore.com.ar\/tienda\/producto\/hatchimals-alive-cochecito-2-huevos-19196\/","title":{"rendered":"Hatchimals Alive Cochecito + 2 Huevos 19196"},"content":{"rendered":"<p>Hatchimals Alive Cochecito + 2 Huevos 19196 Con tu amor y cuidado, los s\u00faper lindos personajes de Hatchimals Alive m\u00e1gicamente cobran vida de una manera completamente nueva. Sus huevos que se incuban solos eclosionan como huevos reales cuando se activan con agua. Este juego incluye dos coloridos huevos Hatchimals con dos personajes, un biber\u00f3n, dos chupetes y un cochecito.<\/p>\n","protected":false},"excerpt":{"rendered":"<p>Hatchimals Alive Cochecito + 2 Huevos 19196 Con tu amor y cuidado, los s\u00faper lindos personajes de Hatchimals Alive m\u00e1gicamente cobran vida de una manera completamente nueva. Sus huevos que se incuban solos eclosionan como huevos reales cuando se activan con agua. Este juego incluye dos coloridos huevos Hatchimals con dos personajes, un biber\u00f3n, dos [&hellip;]<\/p>\n","protected":false},"featured_media":26599,"comment_status":"open","ping_status":"closed","template":"","meta":[],"product_brand":[110],"product_cat":[648],"product_tag":[649],"class_list":{"0":"post-108","1":"product","2":"type-product","3":"status-publish","4":"has-post-thumbnail","6":"product_brand-caffaro","7":"product_cat-juegos-y-juguetes","8":"product_tag-juegos-y-juguetes","10":"first","11":"instock","12":"sale","13":"shipping-taxable","14":"purchasable","15":"product-type-simple"},"yoast_head":"<!-- This site is optimized with the Yoast SEO plugin v27.4 - https:\/\/yoast.com\/product\/yoast-seo-wordpress\/ -->\n<title>Hatchimals Alive Cochecito + 2 Huevos 19196 - Tomaso Store<\/title>\n<meta name=\"robots\" content=\"index, follow, max-snippet:-1, max-image-preview:large, max-video-preview:-1\" \/>\n<link rel=\"canonical\" href=\"https:\/\/tomasostore.com.ar\/tienda\/producto\/hatchimals-alive-cochecito-2-huevos-19196\/\" \/>\n<meta property=\"og:locale\" content=\"es_ES\" \/>\n<meta property=\"og:type\" content=\"article\" \/>\n<meta property=\"og:title\" content=\"Hatchimals Alive Cochecito + 2 Huevos 19196 - Tomaso Store\" \/>\n<meta property=\"og:description\" content=\"Hatchimals Alive Cochecito + 2 Huevos 19196 Con tu amor y cuidado, los s\u00faper lindos personajes de Hatchimals Alive m\u00e1gicamente cobran vida de una manera completamente nueva. Sus huevos que se incuban solos eclosionan como huevos reales cuando se activan con agua. Este juego incluye dos coloridos huevos Hatchimals con dos personajes, un biber\u00f3n, dos [&hellip;]\" \/>\n<meta property=\"og:url\" content=\"https:\/\/tomasostore.com.ar\/tienda\/producto\/hatchimals-alive-cochecito-2-huevos-19196\/\" \/>\n<meta property=\"og:site_name\" content=\"Tomaso Store\" \/>\n<meta property=\"article:modified_time\" content=\"2025-07-29T15:18:52+00:00\" \/>\n<meta property=\"og:image\" content=\"https:\/\/tomasostore.com.ar\/tienda\/wp-content\/uploads\/2025\/07\/diseno-sin-titulo-26-6b0e81091bb5e839fc17057758890071-1024-1024.png\" \/>\n\t<meta property=\"og:image:width\" content=\"1024\" \/>\n\t<meta property=\"og:image:height\" content=\"1024\" \/>\n\t<meta property=\"og:image:type\" content=\"image\/png\" \/>\n<meta name=\"twitter:card\" content=\"summary_large_image\" \/>\n<script type=\"application\/ld+json\" class=\"yoast-schema-graph\">{\"@context\":\"https:\\\/\\\/schema.org\",\"@graph\":[{\"@type\":\"WebPage\",\"@id\":\"https:\\\/\\\/tomasostore.com.ar\\\/tienda\\\/producto\\\/hatchimals-alive-cochecito-2-huevos-19196\\\/\",\"url\":\"https:\\\/\\\/tomasostore.com.ar\\\/tienda\\\/producto\\\/hatchimals-alive-cochecito-2-huevos-19196\\\/\",\"name\":\"Hatchimals Alive Cochecito + 2 Huevos 19196 - Tomaso Store\",\"isPartOf\":{\"@id\":\"https:\\\/\\\/tomasostore.com.ar\\\/tienda\\\/#website\"},\"primaryImageOfPage\":{\"@id\":\"https:\\\/\\\/tomasostore.com.ar\\\/tienda\\\/producto\\\/hatchimals-alive-cochecito-2-huevos-19196\\\/#primaryimage\"},\"image\":{\"@id\":\"https:\\\/\\\/tomasostore.com.ar\\\/tienda\\\/producto\\\/hatchimals-alive-cochecito-2-huevos-19196\\\/#primaryimage\"},\"thumbnailUrl\":\"https:\\\/\\\/tomasostore.com.ar\\\/tienda\\\/wp-content\\\/uploads\\\/2025\\\/07\\\/diseno-sin-titulo-26-6b0e81091bb5e839fc17057758890071-1024-1024.png\",\"datePublished\":\"2025-07-19T14:13:02+00:00\",\"dateModified\":\"2025-07-29T15:18:52+00:00\",\"breadcrumb\":{\"@id\":\"https:\\\/\\\/tomasostore.com.ar\\\/tienda\\\/producto\\\/hatchimals-alive-cochecito-2-huevos-19196\\\/#breadcrumb\"},\"inLanguage\":\"es\",\"potentialAction\":[{\"@type\":\"ReadAction\",\"target\":[\"https:\\\/\\\/tomasostore.com.ar\\\/tienda\\\/producto\\\/hatchimals-alive-cochecito-2-huevos-19196\\\/\"]}]},{\"@type\":\"ImageObject\",\"inLanguage\":\"es\",\"@id\":\"https:\\\/\\\/tomasostore.com.ar\\\/tienda\\\/producto\\\/hatchimals-alive-cochecito-2-huevos-19196\\\/#primaryimage\",\"url\":\"https:\\\/\\\/tomasostore.com.ar\\\/tienda\\\/wp-content\\\/uploads\\\/2025\\\/07\\\/diseno-sin-titulo-26-6b0e81091bb5e839fc17057758890071-1024-1024.png\",\"contentUrl\":\"https:\\\/\\\/tomasostore.com.ar\\\/tienda\\\/wp-content\\\/uploads\\\/2025\\\/07\\\/diseno-sin-titulo-26-6b0e81091bb5e839fc17057758890071-1024-1024.png\",\"width\":1024,\"height\":1024},{\"@type\":\"BreadcrumbList\",\"@id\":\"https:\\\/\\\/tomasostore.com.ar\\\/tienda\\\/producto\\\/hatchimals-alive-cochecito-2-huevos-19196\\\/#breadcrumb\",\"itemListElement\":[{\"@type\":\"ListItem\",\"position\":1,\"name\":\"Portada\",\"item\":\"https:\\\/\\\/tomasostore.com.ar\\\/tienda\\\/\"},{\"@type\":\"ListItem\",\"position\":2,\"name\":\"Tienda\",\"item\":\"https:\\\/\\\/tomasostore.com.ar\\\/tienda\\\/tienda\\\/\"},{\"@type\":\"ListItem\",\"position\":3,\"name\":\"Hatchimals Alive Cochecito + 2 Huevos 19196\"}]},{\"@type\":\"WebSite\",\"@id\":\"https:\\\/\\\/tomasostore.com.ar\\\/tienda\\\/#website\",\"url\":\"https:\\\/\\\/tomasostore.com.ar\\\/tienda\\\/\",\"name\":\"Tomaso Store\",\"description\":\"Compr\u00e1s online, recib\u00eds en mano. Desde Hernando, llevando confianza a tu casa. Productos con garant\u00eda.\",\"potentialAction\":[{\"@type\":\"SearchAction\",\"target\":{\"@type\":\"EntryPoint\",\"urlTemplate\":\"https:\\\/\\\/tomasostore.com.ar\\\/tienda\\\/?s={search_term_string}\"},\"query-input\":{\"@type\":\"PropertyValueSpecification\",\"valueRequired\":true,\"valueName\":\"search_term_string\"}}],\"inLanguage\":\"es\"}]}<\/script>\n<!-- \/ Yoast SEO plugin. -->","yoast_head_json":{"title":"Hatchimals Alive Cochecito + 2 Huevos 19196 - Tomaso Store","robots":{"index":"index","follow":"follow","max-snippet":"max-snippet:-1","max-image-preview":"max-image-preview:large","max-video-preview":"max-video-preview:-1"},"canonical":"https:\/\/tomasostore.com.ar\/tienda\/producto\/hatchimals-alive-cochecito-2-huevos-19196\/","og_locale":"es_ES","og_type":"article","og_title":"Hatchimals Alive Cochecito + 2 Huevos 19196 - Tomaso Store","og_description":"Hatchimals Alive Cochecito + 2 Huevos 19196 Con tu amor y cuidado, los s\u00faper lindos personajes de Hatchimals Alive m\u00e1gicamente cobran vida de una manera completamente nueva. Sus huevos que se incuban solos eclosionan como huevos reales cuando se activan con agua. Este juego incluye dos coloridos huevos Hatchimals con dos personajes, un biber\u00f3n, dos [&hellip;]","og_url":"https:\/\/tomasostore.com.ar\/tienda\/producto\/hatchimals-alive-cochecito-2-huevos-19196\/","og_site_name":"Tomaso Store","article_modified_time":"2025-07-29T15:18:52+00:00","og_image":[{"width":1024,"height":1024,"url":"https:\/\/tomasostore.com.ar\/tienda\/wp-content\/uploads\/2025\/07\/diseno-sin-titulo-26-6b0e81091bb5e839fc17057758890071-1024-1024.png","type":"image\/png"}],"twitter_card":"summary_large_image","schema":{"@context":"https:\/\/schema.org","@graph":[{"@type":"WebPage","@id":"https:\/\/tomasostore.com.ar\/tienda\/producto\/hatchimals-alive-cochecito-2-huevos-19196\/","url":"https:\/\/tomasostore.com.ar\/tienda\/producto\/hatchimals-alive-cochecito-2-huevos-19196\/","name":"Hatchimals Alive Cochecito + 2 Huevos 19196 - Tomaso Store","isPartOf":{"@id":"https:\/\/tomasostore.com.ar\/tienda\/#website"},"primaryImageOfPage":{"@id":"https:\/\/tomasostore.com.ar\/tienda\/producto\/hatchimals-alive-cochecito-2-huevos-19196\/#primaryimage"},"image":{"@id":"https:\/\/tomasostore.com.ar\/tienda\/producto\/hatchimals-alive-cochecito-2-huevos-19196\/#primaryimage"},"thumbnailUrl":"https:\/\/tomasostore.com.ar\/tienda\/wp-content\/uploads\/2025\/07\/diseno-sin-titulo-26-6b0e81091bb5e839fc17057758890071-1024-1024.png","datePublished":"2025-07-19T14:13:02+00:00","dateModified":"2025-07-29T15:18:52+00:00","breadcrumb":{"@id":"https:\/\/tomasostore.com.ar\/tienda\/producto\/hatchimals-alive-cochecito-2-huevos-19196\/#breadcrumb"},"inLanguage":"es","potentialAction":[{"@type":"ReadAction","target":["https:\/\/tomasostore.com.ar\/tienda\/producto\/hatchimals-alive-cochecito-2-huevos-19196\/"]}]},{"@type":"ImageObject","inLanguage":"es","@id":"https:\/\/tomasostore.com.ar\/tienda\/producto\/hatchimals-alive-cochecito-2-huevos-19196\/#primaryimage","url":"https:\/\/tomasostore.com.ar\/tienda\/wp-content\/uploads\/2025\/07\/diseno-sin-titulo-26-6b0e81091bb5e839fc17057758890071-1024-1024.png","contentUrl":"https:\/\/tomasostore.com.ar\/tienda\/wp-content\/uploads\/2025\/07\/diseno-sin-titulo-26-6b0e81091bb5e839fc17057758890071-1024-1024.png","width":1024,"height":1024},{"@type":"BreadcrumbList","@id":"https:\/\/tomasostore.com.ar\/tienda\/producto\/hatchimals-alive-cochecito-2-huevos-19196\/#breadcrumb","itemListElement":[{"@type":"ListItem","position":1,"name":"Portada","item":"https:\/\/tomasostore.com.ar\/tienda\/"},{"@type":"ListItem","position":2,"name":"Tienda","item":"https:\/\/tomasostore.com.ar\/tienda\/tienda\/"},{"@type":"ListItem","position":3,"name":"Hatchimals Alive Cochecito + 2 Huevos 19196"}]},{"@type":"WebSite","@id":"https:\/\/tomasostore.com.ar\/tienda\/#website","url":"https:\/\/tomasostore.com.ar\/tienda\/","name":"Tomaso Store","description":"Compr\u00e1s online, recib\u00eds en mano. Desde Hernando, llevando confianza a tu casa. Productos con garant\u00eda.","potentialAction":[{"@type":"SearchAction","target":{"@type":"EntryPoint","urlTemplate":"https:\/\/tomasostore.com.ar\/tienda\/?s={search_term_string}"},"query-input":{"@type":"PropertyValueSpecification","valueRequired":true,"valueName":"search_term_string"}}],"inLanguage":"es"}]}},"_links":{"self":[{"href":"https:\/\/tomasostore.com.ar\/tienda\/wp-json\/wp\/v2\/product\/108","targetHints":{"allow":["GET"]}}],"collection":[{"href":"https:\/\/tomasostore.com.ar\/tienda\/wp-json\/wp\/v2\/product"}],"about":[{"href":"https:\/\/tomasostore.com.ar\/tienda\/wp-json\/wp\/v2\/types\/product"}],"replies":[{"embeddable":true,"href":"https:\/\/tomasostore.com.ar\/tienda\/wp-json\/wp\/v2\/comments?post=108"}],"version-history":[{"count":2,"href":"https:\/\/tomasostore.com.ar\/tienda\/wp-json\/wp\/v2\/product\/108\/revisions"}],"predecessor-version":[{"id":33751,"href":"https:\/\/tomasostore.com.ar\/tienda\/wp-json\/wp\/v2\/product\/108\/revisions\/33751"}],"wp:featuredmedia":[{"embeddable":true,"href":"https:\/\/tomasostore.com.ar\/tienda\/wp-json\/wp\/v2\/media\/26599"}],"wp:attachment":[{"href":"https:\/\/tomasostore.com.ar\/tienda\/wp-json\/wp\/v2\/media?parent=108"}],"wp:term":[{"taxonomy":"product_brand","embeddable":true,"href":"https:\/\/tomasostore.com.ar\/tienda\/wp-json\/wp\/v2\/product_brand?post=108"},{"taxonomy":"product_cat","embeddable":true,"href":"https:\/\/tomasostore.com.ar\/tienda\/wp-json\/wp\/v2\/product_cat?post=108"},{"taxonomy":"product_tag","embeddable":true,"href":"https:\/\/tomasostore.com.ar\/tienda\/wp-json\/wp\/v2\/product_tag?post=108"}],"curies":[{"name":"wp","href":"https:\/\/api.w.org\/{rel}","templated":true}]}}